{"id":6819,"date":"2025-09-18T18:46:28","date_gmt":"2025-09-18T15:46:28","guid":{"rendered":"https:\/\/gursk.ro\/shop\/?post_type=product&#038;p=6819"},"modified":"2026-04-30T10:25:53","modified_gmt":"2026-04-30T07:25:53","slug":"bont-protetic-pa-mc-60","status":"publish","type":"product","link":"https:\/\/gursk.ro\/shop\/produs\/bont-protetic-pa-mc-60\/","title":{"rendered":"Bont protetic PA-MC-60 INVERTA\u00ae Deep Conical (Non-Hex, \u00d8 6 mm)"},"content":{"rendered":"<p><!--StartFragment --><\/p>\n<p class=\"pf0\"><span class=\"cf0\">Bontul<\/span> <span class=\"cf0\">protetic<\/span><span class=\"cf0\"><strong> PA-MC-60<\/strong> face <\/span><span class=\"cf0\">parte<\/span><span class=\"cf0\"> din <\/span><span class=\"cf0\">ecosistemul<\/span> <span class=\"cf0\">protetic<\/span><span class=\"cf0\"> Compact Conical (MC) <\/span><span class=\"cf0\">dezvoltat<\/span><span class=\"cf0\"> de Southern Implants <\/span><span class=\"cf0\">pentru<\/span> <span class=\"cf0\">implanturile<\/span><span class=\"cf0\"> cu <\/span><span class=\"cf0\">conexiune<\/span><span class=\"cf0\"> Deep Conical (DC). <\/span><span class=\"cf0\">Fiind<\/span><span class=\"cf0\"> un <\/span><strong><span class=\"cf0\">bont<\/span> <span class=\"cf0\">pasiv<\/span><span class=\"cf0\"> (non-hex), <\/span><span class=\"cf0\">permite<\/span> <span class=\"cf0\">orientarea<\/span> <span class=\"cf0\">liber<\/span><span class=\"cf1\">\u0103<\/span> <span class=\"cf1\">pe<\/span><span class=\"cf1\"> implant, <\/span><span class=\"cf1\">f\u0103r\u0103<\/span> <span class=\"cf1\">constr<\/span><span class=\"cf0\">\u00e2ngeri<\/span> <span class=\"cf0\">antirota<\/span><span class=\"cf1\">\u021bionale<\/span><span class=\"cf1\">, <\/span><span class=\"cf1\">ceea<\/span> <span class=\"cf1\">ce<\/span> <span class=\"cf0\">\u00eel<\/span><span class=\"cf0\"> face ideal <\/span><span class=\"cf0\">pentru<\/span> <span class=\"cf0\">restaur<\/span><span class=\"cf1\">\u0103ri<\/span><span class=\"cf1\"> multiple <\/span><span class=\"cf1\">\u0219i<\/span> <span class=\"cf1\">pun\u021bi<\/span> <span class=\"cf1\">pe<\/span> <span class=\"cf1\">implanturi<\/span><span class=\"cf1\">. <\/span><\/strong><span class=\"cf1\">Diametrul<\/span> <span class=\"cf1\">coronar<\/span> <span class=\"cf0\">\u00d8 6.0 mm <\/span><span class=\"cf0\">ofer<\/span><span class=\"cf1\">\u0103<\/span><span class=\"cf1\"> un <\/span><span class=\"cf1\">suport<\/span> <span class=\"cf1\">protetic<\/span> <span class=\"cf1\">extins<\/span><span class=\"cf1\">, <\/span><strong><span class=\"cf1\">recomandat<\/span> <span class=\"cf0\">\u00een<\/span><span class=\"cf0\"> special <\/span><span class=\"cf0\">pentru<\/span><span class=\"cf0\">: <\/span><span class=\"cf0\">zone <\/span><span class=\"cf0\">posterioare<\/span><span class=\"cf0\"> (<\/span><span class=\"cf0\">premolari<\/span> <span class=\"cf1\">\u0219i<\/span> <span class=\"cf1\">molari<\/span><span class=\"cf1\">), <\/span><span class=\"cf1\">restaur\u0103ri<\/span><span class=\"cf1\"> cu <\/span><span class=\"cf1\">volum<\/span> <span class=\"cf1\">coronar<\/span><span class=\"cf1\"> mare, <\/span><span class=\"cf1\">situa\u021bii<\/span><span class=\"cf1\"> cu <\/span><span class=\"cf1\">biotip<\/span><span class=\"cf1\"> gingival <\/span><span class=\"cf1\">gros<\/span><span class=\"cf1\">, <\/span><span class=\"cf1\">lucr\u0103ri<\/span> <span class=\"cf1\">protetice<\/span> <span class=\"cf1\">ce<\/span> <span class=\"cf1\">necesit\u0103<\/span> <span class=\"cf1\">paralelizare<\/span> <span class=\"cf1\">precis\u0103<\/span><span class=\"cf1\">.<\/span><\/strong><\/p>\n<p class=\"pf0\"><span class=\"cf1\">Conexiunea<\/span><span class=\"cf1\"> Deep Conical <\/span><span class=\"cf1\">asigur\u0103<\/span> <span class=\"cf1\">stabilitate<\/span> <span class=\"cf1\">mecanic\u0103<\/span> <span class=\"cf1\">superioar\u0103<\/span><span class=\"cf1\">, <\/span><span class=\"cf1\">etan\u0219are<\/span> <span class=\"cf1\">intern\u0103<\/span> <span class=\"cf1\">eficient\u0103<\/span> <span class=\"cf1\">\u0219i<\/span> <span class=\"cf1\">distribu\u021bie<\/span> <span class=\"cf1\">favorabil\u0103<\/span><span class=\"cf1\"> a <\/span><span class=\"cf1\">for\u021belor<\/span> <span class=\"cf1\">func\u021bionale<\/span><span class=\"cf1\">, <\/span><span class=\"cf1\">chiar<\/span> <span class=\"cf1\">\u0219i<\/span> <span class=\"cf0\">\u00een<\/span> <span class=\"cf0\">absen<\/span><span class=\"cf1\">\u021ba<\/span> <span class=\"cf1\">unui<\/span> <span class=\"cf1\">mecanism<\/span> <span class=\"cf1\">antirota\u021bional<\/span><span class=\"cf1\">. <\/span><span class=\"cf1\">Suprafa\u021ba<\/span> <span class=\"cf1\">polisat\u0103<\/span><span class=\"cf1\"> din titan medical <\/span><span class=\"cf1\">contribuie<\/span><span class=\"cf1\"> la <\/span><strong><span class=\"cf1\">reducerea<\/span> <span class=\"cf1\">reten\u021biei<\/span> <span class=\"cf1\">bacteriene<\/span><\/strong> <span class=\"cf1\">\u0219i<\/span><span class=\"cf1\"> la <\/span><span class=\"cf1\">men\u021binerea<\/span> <span class=\"cf1\">s\u0103n\u0103t\u0103\u021bii<\/span> <span class=\"cf1\">\u021besuturilor<\/span> <span class=\"cf1\">periimplantare<\/span><span class=\"cf1\">.<\/span><\/p>\n<p><!--StartFragment --><\/p>\n<h3 class=\"pf0\"><strong><span class=\"cf0\">Specifica<\/span><span class=\"cf1\">\u021bii<\/span> <span class=\"cf1\">cheie bont protetic PA-MC-60 INVERTA\u00ae Deep Conical (Non-Hex, \u00d8 6 mm):<\/span><\/strong><\/h3>\n<ul>\n<li class=\"pf0\"><span class=\"cf1\">Libertate <\/span><span class=\"cf1\">total\u0103<\/span><span class=\"cf1\"> de <\/span><span class=\"cf1\">orientare<\/span> <span class=\"cf1\">protetic\u0103<\/span><\/li>\n<li class=\"pf0\"><span class=\"cf1\">Ideal <\/span><span class=\"cf1\">pentru<\/span> <span class=\"cf1\">restaur\u0103ri<\/span> <span class=\"cf1\">pluridentare<\/span><\/li>\n<li class=\"pf0\"><span class=\"cf1\">Stabilitate<\/span> <span class=\"cf1\">conic\u0103<\/span> <span class=\"cf1\">f\u0103r\u0103<\/span><span class=\"cf1\"> hex<\/span><\/li>\n<li class=\"pf0\"><span class=\"cf1\">Suport<\/span> <span class=\"cf1\">protetic<\/span> <span class=\"cf1\">larg<\/span> <span class=\"cf0\">\u00d8 6.0 mm<\/span><\/li>\n<li class=\"pf0\"><span class=\"cf0\">Integrare<\/span> <span class=\"cf0\">complet<\/span><span class=\"cf1\">\u0103<\/span> <span class=\"cf0\">\u00een<\/span> <span class=\"cf0\">sistemul<\/span><span class=\"cf0\"> MC \/ DC<\/span><\/li>\n<\/ul>\n<h3 class=\"pf0\"><strong><span class=\"cf0\">Beneficii<\/span> <span class=\"cf0\">pentru<\/span> <span class=\"cf0\">medici:<\/span><\/strong><\/h3>\n<ul>\n<li class=\"pf0\"><span class=\"cf0\">Paralelizare<\/span> <span class=\"cf0\">facil<\/span><span class=\"cf1\">\u0103<\/span> <span class=\"cf0\">\u00een<\/span> <span class=\"cf0\">lucr<\/span><span class=\"cf1\">\u0103ri<\/span> <span class=\"cf1\">extinse<\/span><\/li>\n<li class=\"pf0\"><span class=\"cf1\">Flexibilitate<\/span> <span class=\"cf1\">maxim\u0103<\/span> <span class=\"cf0\">\u00een<\/span> <span class=\"cf0\">pozi<\/span><span class=\"cf1\">\u021bionare<\/span><\/li>\n<li class=\"pf0\"><span class=\"cf1\">Reducerea<\/span> <span class=\"cf1\">tensiunilor<\/span> <span class=\"cf1\">protetice<\/span><\/li>\n<li class=\"pf0\"><span class=\"cf1\">Control <\/span><span class=\"cf1\">predictibil<\/span><span class=\"cf1\"> al <\/span><span class=\"cf1\">restaur\u0103rii<\/span><span class=\"cf1\"> finale<\/span><\/li>\n<\/ul>\n<h3 class=\"pf0\"><strong><span class=\"cf1\">Beneficii<\/span> <span class=\"cf1\">pentru<\/span> <span class=\"cf1\">pacien\u021bi:<\/span><\/strong><\/h3>\n<ul>\n<li class=\"pf0\"><span class=\"cf1\">Restaur\u0103ri<\/span><span class=\"cf1\"> stabile <\/span><span class=\"cf1\">\u0219i<\/span> <span class=\"cf1\">confortabile<\/span><\/li>\n<li class=\"pf0\"><span class=\"cf1\">Func\u021bionalitate<\/span> <span class=\"cf1\">optim\u0103<\/span> <span class=\"cf0\">\u00een<\/span> <span class=\"cf0\">zonele<\/span> <span class=\"cf0\">posterioare<\/span><\/li>\n<li class=\"pf0\"><span class=\"cf0\">Estetic<\/span><span class=\"cf1\">\u0103<\/span> <span class=\"cf1\">\u0219i<\/span> <span class=\"cf1\">adaptare<\/span> <span class=\"cf1\">gingival\u0103<\/span> <span class=\"cf1\">corect\u0103<\/span><\/li>\n<li class=\"pf0\"><span class=\"cf1\">Durabilitate<\/span> <span class=\"cf1\">biomecanic\u0103<\/span> <span class=\"cf1\">pe<\/span><span class=\"cf1\"> termen lung<\/span><\/li>\n<\/ul>\n<p><!--EndFragment --><\/p>\n<p><!--EndFragment --><\/p>\n","protected":false},"excerpt":{"rendered":"<p><!--StartFragment --><\/p>\n<p class=\"pf0\"><span class=\"cf0\">PA-MC-60 <\/span><span class=\"cf0\">este<\/span><span class=\"cf0\"> un <\/span><span class=\"cf0\">bont<\/span> <span class=\"cf0\">protetic<\/span> <span class=\"cf0\">pasiv<\/span><span class=\"cf0\">, cu <\/span><span class=\"cf0\">diametrul<\/span><span class=\"cf0\"> de \u00d8 6.0 mm, <\/span><span class=\"cf0\">conceput<\/span> <span class=\"cf0\">pentru<\/span> <span class=\"cf0\">restaur<\/span><span class=\"cf1\">\u0103ri<\/span> <span class=\"cf1\">cimentate<\/span> <span class=\"cf1\">pe<\/span> <span class=\"cf1\">implanturile<\/span><span class=\"cf1\"> INVERTA<\/span><span class=\"cf0\">\u00ae \/ Deep Conical, <\/span><span class=\"cf0\">\u00een<\/span><span class=\"cf0\"> special <\/span><span class=\"cf0\">\u00een<\/span> <span class=\"cf0\">lucr<\/span><span class=\"cf1\">\u0103ri<\/span> <span class=\"cf1\">pluridentare<\/span> <span class=\"cf1\">sau<\/span> <span class=\"cf0\">\u00een<\/span> <span class=\"cf0\">cazurile<\/span><span class=\"cf0\"> care <\/span><span class=\"cf0\">necesit<\/span><span class=\"cf1\">\u0103<\/span><span class=\"cf1\"> un <\/span><span class=\"cf1\">suport<\/span> <span class=\"cf1\">protetic<\/span> <span class=\"cf1\">larg<\/span> <span class=\"cf1\">\u0219i<\/span><span class=\"cf1\"> libertate <\/span><span class=\"cf1\">total\u0103<\/span><span class=\"cf1\"> de <\/span><span class=\"cf1\">orientare<\/span><span class=\"cf1\">.<\/span><\/p>\n<p><!--EndFragment --><\/p>\n","protected":false},"featured_media":9818,"comment_status":"closed","ping_status":"closed","template":"","meta":{"_kad_blocks_custom_css":"","_kad_blocks_head_custom_js":"","_kad_blocks_body_custom_js":"","_kad_blocks_footer_custom_js":"","_kadence_starter_templates_imported_post":false,"_kad_post_transparent":"default","_kad_post_title":"","_kad_post_layout":"default","_kad_post_sidebar_id":"","_kad_post_content_style":"default","_kad_post_vertical_padding":"default","_kad_post_feature":"","_kad_post_feature_position":"","_kad_post_header":false,"_kad_post_footer":false,"_kad_post_classname":""},"product_brand":[482],"product_cat":[75,35],"product_tag":[470],"product_partner":[],"class_list":{"0":"post-6819","1":"product","2":"type-product","3":"status-publish","4":"has-post-thumbnail","6":"product_brand-southern-implants","7":"product_cat-bonturi-protetice","8":"product_cat-protetica-dentara","9":"product_tag-preorder","11":"first","12":"instock","13":"taxable","14":"shipping-taxable","15":"purchasable","16":"product-type-simple","17":"entry","18":"content-bg","19":"loop-entry"},"taxonomy_info":{"product_brand":[{"value":482,"label":"Southern Implants"}],"product_cat":[{"value":75,"label":"Bonturi protetice"},{"value":35,"label":"Protetic\u0103 dentar\u0103"}],"product_tag":[{"value":470,"label":"#preorder"}]},"featured_image_src_large":["https:\/\/gursk.ro\/shop\/wp-content\/uploads\/2025\/09\/Bont-protetic-PA-MC-60.png",720,720,false],"author_info":[],"comment_info":0,"_links":{"self":[{"href":"https:\/\/gursk.ro\/shop\/wp-json\/wp\/v2\/product\/6819","targetHints":{"allow":["GET"]}}],"collection":[{"href":"https:\/\/gursk.ro\/shop\/wp-json\/wp\/v2\/product"}],"about":[{"href":"https:\/\/gursk.ro\/shop\/wp-json\/wp\/v2\/types\/product"}],"replies":[{"embeddable":true,"href":"https:\/\/gursk.ro\/shop\/wp-json\/wp\/v2\/comments?post=6819"}],"version-history":[{"count":1,"href":"https:\/\/gursk.ro\/shop\/wp-json\/wp\/v2\/product\/6819\/revisions"}],"predecessor-version":[{"id":9817,"href":"https:\/\/gursk.ro\/shop\/wp-json\/wp\/v2\/product\/6819\/revisions\/9817"}],"wp:featuredmedia":[{"embeddable":true,"href":"https:\/\/gursk.ro\/shop\/wp-json\/wp\/v2\/media\/9818"}],"wp:attachment":[{"href":"https:\/\/gursk.ro\/shop\/wp-json\/wp\/v2\/media?parent=6819"}],"wp:term":[{"taxonomy":"product_brand","embeddable":true,"href":"https:\/\/gursk.ro\/shop\/wp-json\/wp\/v2\/product_brand?post=6819"},{"taxonomy":"product_cat","embeddable":true,"href":"https:\/\/gursk.ro\/shop\/wp-json\/wp\/v2\/product_cat?post=6819"},{"taxonomy":"product_tag","embeddable":true,"href":"https:\/\/gursk.ro\/shop\/wp-json\/wp\/v2\/product_tag?post=6819"},{"taxonomy":"product_partner","embeddable":true,"href":"https:\/\/gursk.ro\/shop\/wp-json\/wp\/v2\/product_partner?post=6819"}],"curies":[{"name":"wp","href":"https:\/\/api.w.org\/{rel}","templated":true}]}}