{"id":6313,"date":"2025-09-18T18:40:46","date_gmt":"2025-09-18T15:40:46","guid":{"rendered":"https:\/\/gursk.ro\/shop\/?post_type=product&#038;p=6313"},"modified":"2026-04-30T10:25:40","modified_gmt":"2026-04-30T07:25:40","slug":"instrument-i-zyg-di55","status":"publish","type":"product","link":"https:\/\/gursk.ro\/shop\/produs\/instrument-i-zyg-di55\/","title":{"rendered":"Instrument I-ZYG-DI55 de masurare a angulatiei implanturilor zigomatice"},"content":{"rendered":"<p><span class=\"cf0\"><!--StartFragment --><\/span><\/p>\n<p class=\"pf0\"><span class=\"cf0\">Instrument I-ZYG-DI55 de ma<\/span><span class=\"cf0\">surare a angulatiei implanturilor zigomatice<\/span><span class=\"cf0\"><!--EndFragment --> <span class=\"cf2\">este indispensabil <\/span><span class=\"cf1\">\u00een chirurgia zigomatic<\/span><span class=\"cf2\">\u0103 modern\u0103, ce permite <\/span><span class=\"cf1\">chirurgilor s<\/span><span class=\"cf2\">\u0103 men\u021bin\u0103 un control riguros asupra angula\u021biei implantului, s\u0103 minimizeze devia\u021biile \u0219i s\u0103 optimizeze rezultatele protetice \u0219i func\u021bionale.<\/span><\/span><\/p>\n<p><span class=\"cf1\" style=\"font-size: 1rem;\">\u00cen chirurgia zigomatic<\/span><span class=\"cf2\" style=\"font-size: 1rem;\">\u0103, <\/span><span class=\"cf1\" style=\"font-size: 1rem;\">\u00een special pentru implanturile cu platform<\/span><span class=\"cf2\" style=\"font-size: 1rem;\">\u0103 External Hex 55<\/span><span class=\"cf1\" style=\"font-size: 1rem;\">\u00b0 (ZYG-55\u00b0, ONC-55\u00b0, ZYGIN\u00ae \u00een anumite cazuri), <strong>orientarea corect<\/strong><\/span><span class=\"cf2\" style=\"font-size: 1rem;\"><strong>\u0103 a implantului<\/strong> este esen\u021bial\u0103 pentru atingerea unei emergen\u021be protetice <\/span><span class=\"cf1\" style=\"font-size: 1rem;\">\u00een arcad<\/span><span class=\"cf2\" style=\"font-size: 1rem;\">\u0103 \u0219i evitarea complica\u021biilor anatomice. <\/span><span class=\"cf2\">Cu un <strong>design calibrat pentru unghiul de 55<\/strong><\/span><span class=\"cf1\"><strong>\u00b0<\/strong>, <strong>I-ZYG-DI55 permite o evaluare intraoperatorie rapid<\/strong><\/span><strong><span class=\"cf2\">\u0103 a traiectului implantului <\/span><\/strong><span class=\"cf1\"><strong>\u00een raport cu planurile anatomice relevante<\/strong>: peretele lateral al maxilarului, creasta zigomatic<\/span><span class=\"cf2\">\u0103, spa\u021biul sinusului maxilar \u0219i punctul de emergen\u021b\u0103 protetic. <\/span><\/p>\n<p><span class=\"cf2\">Instrumentul este utilizat at<\/span><span class=\"cf1\">\u00e2t \u00een faza de preg<\/span><span class=\"cf2\">\u0103tire a osteotomiei, c<\/span><span class=\"cf1\">\u00e2t <\/span><span class=\"cf2\">\u0219i <\/span><span class=\"cf1\">\u00een verificarea final<\/span><span class=\"cf2\">\u0103 <\/span><span class=\"cf1\">\u00eenainte de inserarea implantului. <\/span><span class=\"cf1\">Fabricat din aliaje chirurgicale rezistente la sterilizare repetat<\/span><span class=\"cf2\">\u0103, instrumentul ofer\u0103 rigiditate mecanic\u0103, precizie dimensional\u0103 \u0219i durabilitate pe termen lung. Suprafa\u021ba finisat\u0103 faciliteaz\u0103 manevrarea sigur\u0103 <\/span><span class=\"cf1\">\u00een timpul interven<\/span><span class=\"cf2\">\u021biei, chiar \u0219i <\/span><span class=\"cf1\">\u00een condi<\/span><span class=\"cf2\">\u021bii de vizibilitate limitat\u0103. <\/span><span class=\"cf2\">I-ZYG-DI55\u00a0<\/span><\/p>\n<p>&nbsp;<\/p>\n<p><!--StartFragment --><\/p>\n<h3><strong><span class=\"cf0\">Specifica<\/span><span class=\"cf0\">\u021bii cheie pentru instrument I-ZYG-DI55 <!--StartFragment --><\/span><\/strong><span class=\"cf0\">de masurare a angulatiei implanturilor zigomatice:<\/span><\/h3>\n<h3 class=\"pf0\"><strong><span class=\"cf0\"><!--EndFragment --><\/span><\/strong><\/h3>\n<ul>\n<li class=\"pf0\"><span class=\"cf0\">Unghi calibrat pentru implanturi zigomatice 55<\/span><span class=\"cf1\">\u00b0<\/span><\/li>\n<li class=\"pf0\"><span class=\"cf1\">Permite<\/span> <span class=\"cf1\">verificarea<\/span> <span class=\"cf1\">traiectoriei<\/span> <span class=\"cf1\">\u00eenainte<\/span><span class=\"cf1\"> de <\/span><span class=\"cf1\">inserare<\/span><\/li>\n<li class=\"pf0\"><span class=\"cf1\">\u00cembun<\/span><span class=\"cf2\">\u0103t\u0103\u021be\u0219te<\/span> <span class=\"cf2\">predictibilitatea<\/span> <span class=\"cf2\">emergen\u021bei<\/span> <span class=\"cf2\">protetice<\/span><\/li>\n<li class=\"pf0\"><span class=\"cf2\">Rezisten\u021b\u0103<\/span> <span class=\"cf2\">ridicat\u0103<\/span><span class=\"cf2\"> la <\/span><span class=\"cf2\">coroziune<\/span> <span class=\"cf2\">\u0219i<\/span> <span class=\"cf2\">deformare<\/span><\/li>\n<\/ul>\n<h3 class=\"pf0\"><strong><span class=\"cf1\">Beneficii<\/span> <span class=\"cf1\">pentru<\/span> <span class=\"cf1\">medici:<\/span><\/strong><\/h3>\n<ul>\n<li class=\"pf0\"><span class=\"cf1\">Control <\/span><span class=\"cf1\">mai<\/span><span class=\"cf1\"> bun <\/span><span class=\"cf1\">asupra<\/span> <span class=\"cf1\">\u00eenclin<\/span><span class=\"cf2\">\u0103rii<\/span> <span class=\"cf2\">implantului<\/span><\/li>\n<li class=\"pf0\"><span class=\"cf2\">Reduce <\/span><span class=\"cf2\">riscul<\/span> <span class=\"cf2\">perfora\u021biilor<\/span> <span class=\"cf2\">nedorite<\/span> <span class=\"cf2\">sau<\/span> <span class=\"cf2\">devia\u021biilor<\/span><\/li>\n<li class=\"pf0\"><span class=\"cf2\">Simplific\u0103<\/span> <span class=\"cf2\">orientarea<\/span> <span class=\"cf1\">\u00een<\/span> <span class=\"cf1\">anatomii<\/span> <span class=\"cf1\">atipice<\/span><\/li>\n<li class=\"pf0\"><span class=\"cf1\">Cre<\/span><span class=\"cf2\">\u0219te<\/span> <span class=\"cf2\">precizia<\/span> <span class=\"cf2\">restaur\u0103rii<\/span> <span class=\"cf2\">protetice<\/span><span class=\"cf2\"> finale<\/span><\/li>\n<\/ul>\n<h3 class=\"pf0\"><strong><span class=\"cf1\">Beneficii<\/span> <span class=\"cf1\">pentru<\/span> <span class=\"cf1\">pacien<\/span><span class=\"cf2\">\u021bi:<\/span><\/strong><\/h3>\n<ul>\n<li class=\"pf0\"><span class=\"cf2\">Procedur\u0103<\/span> <span class=\"cf2\">chirurgical\u0103<\/span> <span class=\"cf2\">mai<\/span> <span class=\"cf2\">sigur\u0103<\/span><\/li>\n<li class=\"pf0\"><span class=\"cf2\">Pozi\u021bionare<\/span> <span class=\"cf2\">corect\u0103<\/span><span class=\"cf2\"> a <\/span><span class=\"cf2\">implantului<\/span><span class=\"cf2\">, cu impact direct <\/span><span class=\"cf2\">asupra<\/span> <span class=\"cf2\">func\u021biei<\/span> <span class=\"cf2\">\u0219i<\/span> <span class=\"cf2\">esteticii<\/span><\/li>\n<li class=\"pf0\"><span class=\"cf2\">Reducerea<\/span> <span class=\"cf2\">riscului<\/span><span class=\"cf2\"> de <\/span><span class=\"cf2\">complica\u021bii<\/span><\/li>\n<li class=\"pf0\"><span class=\"cf2\">Reabilitare<\/span> <span class=\"cf2\">final\u0103<\/span> <span class=\"cf2\">mai<\/span> <span class=\"cf2\">stabil\u0103<\/span> <span class=\"cf2\">\u0219i<\/span> <span class=\"cf2\">predictibil\u0103<\/span><\/li>\n<\/ul>\n<p><!--EndFragment --><\/p>\n<p><!--EndFragment --><\/p>\n","protected":false},"excerpt":{"rendered":"<p><!--StartFragment --><\/p>\n<p class=\"pf0\"><span class=\"cf0\">I-ZYG-DI55 este un instrument specializat pentru m<\/span><span class=\"cf0\">\u0103surarea \u0219i verificarea angula\u021biei de 55<\/span><span class=\"cf1\">\u00b0 <\/span><span class=\"cf1\">\u00een<\/span> <span class=\"cf1\">chirurgia<\/span> <span class=\"cf1\">implanturilor<\/span> <span class=\"cf1\">zigomatice<\/span><span class=\"cf1\">. <\/span><span class=\"cf1\">Ofer<\/span><span class=\"cf2\">\u0103<\/span> <span class=\"cf2\">orientare<\/span> <span class=\"cf2\">intraoperatorie<\/span> <span class=\"cf2\">precis\u0103<\/span> <span class=\"cf2\">\u0219i<\/span> <span class=\"cf2\">ajut\u0103<\/span> <span class=\"cf2\">chirurgul<\/span> <span class=\"cf2\">s\u0103<\/span> <span class=\"cf2\">controleze<\/span> <span class=\"cf2\">direc\u021bia<\/span><span class=\"cf2\">, <\/span><span class=\"cf1\">\u00eenclina<\/span><span class=\"cf2\">\u021bia<\/span> <span class=\"cf2\">\u0219i<\/span> <span class=\"cf2\">emergen\u021ba<\/span> <span class=\"cf2\">implanturilor<\/span> <span class=\"cf2\">zigomatice<\/span> <span class=\"cf1\">\u00een<\/span><span class=\"cf1\"> zone <\/span><span class=\"cf1\">anatomice<\/span> <span class=\"cf1\">dificile<\/span><span class=\"cf1\">.<\/span><\/p>\n<p><!--EndFragment --><\/p>\n","protected":false},"featured_media":8827,"comment_status":"closed","ping_status":"closed","template":"","meta":{"_kad_blocks_custom_css":"","_kad_blocks_head_custom_js":"","_kad_blocks_body_custom_js":"","_kad_blocks_footer_custom_js":"","_kadence_starter_templates_imported_post":false,"_kad_post_transparent":"default","_kad_post_title":"","_kad_post_layout":"default","_kad_post_sidebar_id":"","_kad_post_content_style":"default","_kad_post_vertical_padding":"default","_kad_post_feature":"","_kad_post_feature_position":"","_kad_post_header":false,"_kad_post_footer":false,"_kad_post_classname":""},"product_brand":[482],"product_cat":[438,439],"product_tag":[471],"product_partner":[],"class_list":{"0":"post-6313","1":"product","2":"type-product","3":"status-publish","4":"has-post-thumbnail","6":"product_brand-southern-implants","7":"product_cat-implanturi-southern-implants","8":"product_cat-implanturi-zigomatice","9":"product_tag-onrequest","11":"first","12":"instock","13":"taxable","14":"shipping-taxable","15":"product-type-simple","16":"entry","17":"content-bg","18":"loop-entry"},"taxonomy_info":{"product_brand":[{"value":482,"label":"Southern Implants"}],"product_cat":[{"value":438,"label":"Southern Implants"},{"value":439,"label":"Implanturi zigomatice"}],"product_tag":[{"value":471,"label":"#onrequest"}]},"featured_image_src_large":["https:\/\/gursk.ro\/shop\/wp-content\/uploads\/2025\/09\/Instrument-I-ZYG-DI55-determinare-a-angulatiei-pentru-implanturi-zigomatice-724x1024.png",724,1024,true],"author_info":[],"comment_info":0,"_links":{"self":[{"href":"https:\/\/gursk.ro\/shop\/wp-json\/wp\/v2\/product\/6313","targetHints":{"allow":["GET"]}}],"collection":[{"href":"https:\/\/gursk.ro\/shop\/wp-json\/wp\/v2\/product"}],"about":[{"href":"https:\/\/gursk.ro\/shop\/wp-json\/wp\/v2\/types\/product"}],"replies":[{"embeddable":true,"href":"https:\/\/gursk.ro\/shop\/wp-json\/wp\/v2\/comments?post=6313"}],"version-history":[{"count":1,"href":"https:\/\/gursk.ro\/shop\/wp-json\/wp\/v2\/product\/6313\/revisions"}],"predecessor-version":[{"id":8826,"href":"https:\/\/gursk.ro\/shop\/wp-json\/wp\/v2\/product\/6313\/revisions\/8826"}],"wp:featuredmedia":[{"embeddable":true,"href":"https:\/\/gursk.ro\/shop\/wp-json\/wp\/v2\/media\/8827"}],"wp:attachment":[{"href":"https:\/\/gursk.ro\/shop\/wp-json\/wp\/v2\/media?parent=6313"}],"wp:term":[{"taxonomy":"product_brand","embeddable":true,"href":"https:\/\/gursk.ro\/shop\/wp-json\/wp\/v2\/product_brand?post=6313"},{"taxonomy":"product_cat","embeddable":true,"href":"https:\/\/gursk.ro\/shop\/wp-json\/wp\/v2\/product_cat?post=6313"},{"taxonomy":"product_tag","embeddable":true,"href":"https:\/\/gursk.ro\/shop\/wp-json\/wp\/v2\/product_tag?post=6313"},{"taxonomy":"product_partner","embeddable":true,"href":"https:\/\/gursk.ro\/shop\/wp-json\/wp\/v2\/product_partner?post=6313"}],"curies":[{"name":"wp","href":"https:\/\/api.w.org\/{rel}","templated":true}]}}