{"id":6311,"date":"2025-09-18T18:40:46","date_gmt":"2025-09-18T15:40:46","guid":{"rendered":"https:\/\/gursk.ro\/shop\/?post_type=product&#038;p=6311"},"modified":"2026-04-30T10:25:40","modified_gmt":"2026-04-30T07:25:40","slug":"cutie-instrumente-chirurgicale-i-zyg-1","status":"publish","type":"product","link":"https:\/\/gursk.ro\/shop\/produs\/cutie-instrumente-chirurgicale-i-zyg-1\/","title":{"rendered":"Cutie instrumente chirurgicale I-ZYG-1 pentru implanturi zigomatice"},"content":{"rendered":"<p><!--StartFragment --><\/p>\n<p class=\"pf0\"><span class=\"cf0\">Cutie instrumente chirugicale I-ZYG-1 pentru implanturi zigomatice Southern Implants este<\/span> <strong><span class=\"cf0\">conceput<\/span><span class=\"cf1\">\u0103<\/span> <span class=\"cf1\">pentru d<span class=\"cf0\">epozitare<\/span><span class=\"cf0\">, transport, <\/span><span class=\"cf0\">sterilizare<\/span> <span class=\"cf0\">\u0219i<\/span> <span class=\"cf0\">organizare<\/span> <span class=\"cf0\">instrumente<\/span><span class=\"cf0\"> chirurgicale. <\/span><\/span><\/strong><span class=\"cf1\">Structura<\/span> <span class=\"cf1\">cutiei<\/span> <span class=\"cf1\">permite<\/span><span class=\"cf1\"> o <\/span><span class=\"cf1\">organizare<\/span> <span class=\"cf1\">ergonomic\u0103<\/span><span class=\"cf1\">, <\/span><strong><span class=\"cf1\">facilit<\/span><span class=\"cf0\">\u00e2nd<\/span> <span class=\"cf0\">accesul<\/span><span class=\"cf0\"> rapid la <\/span><span class=\"cf0\">instrumente<\/span> <span class=\"cf0\">\u00een<\/span> <span class=\"cf0\">timpul<\/span> <span class=\"cf0\">interven<\/span><span class=\"cf1\">\u021biilor<\/span> <span class=\"cf1\">chirurgicale<\/span><\/strong><span class=\"cf1\">, <\/span><span class=\"cf0\">\u00een<\/span><span class=\"cf0\"> special <\/span><span class=\"cf0\">\u00een<\/span> <span class=\"cf0\">cazuri<\/span> <span class=\"cf0\">complexe<\/span><span class=\"cf0\"> de <\/span><span class=\"cf0\">atrofie<\/span> <span class=\"cf0\">maxilar<\/span><span class=\"cf1\">\u0103<\/span> <span class=\"cf1\">sever\u0103<\/span> <span class=\"cf1\">sau<\/span> <span class=\"cf1\">reconstruc\u021bii<\/span><span class=\"cf1\"> cranio-<\/span><span class=\"cf1\">faciale<\/span><span class=\"cf1\">. <\/span><span class=\"cf1\">Compartimentarea<\/span> <span class=\"cf1\">intern\u0103<\/span> <span class=\"cf1\">este<\/span> <span class=\"cf1\">optimizat\u0103<\/span> <span class=\"cf1\">pentru<\/span> <span class=\"cf1\">men\u021binerea<\/span> <span class=\"cf1\">instrumentelor<\/span> <span class=\"cf0\">\u00een<\/span> <span class=\"cf0\">pozi<\/span><span class=\"cf1\">\u021bie<\/span> <span class=\"cf1\">fix\u0103<\/span><span class=\"cf1\">, <\/span><span class=\"cf1\">prevenind<\/span> <span class=\"cf1\">deteriorarea<\/span> <span class=\"cf1\">sau<\/span> <span class=\"cf1\">pierderea<\/span> <span class=\"cf1\">acestora<\/span><span class=\"cf1\">.<\/span><\/p>\n<p class=\"pf0\"><span class=\"cf1\">Fabricat\u0103<\/span><span class=\"cf1\"> din <\/span><span class=\"cf1\">materiale<\/span> <span class=\"cf1\">compatibile<\/span><span class=\"cf1\"> cu <\/span><span class=\"cf1\">sterilizarea<\/span> <span class=\"cf1\">repetat\u0103<\/span><span class=\"cf1\"> (<\/span><span class=\"cf1\">autoclav<\/span><span class=\"cf1\">), I-ZYG-1 <\/span><span class=\"cf1\">ofer\u0103<\/span> <span class=\"cf1\">durabilitate<\/span> <span class=\"cf1\">ridicat\u0103<\/span><span class=\"cf1\">, <\/span><span class=\"cf1\">rezisten\u021b\u0103<\/span><span class=\"cf1\"> la <\/span><span class=\"cf1\">coroziune<\/span> <span class=\"cf1\">\u0219i<\/span> <span class=\"cf1\">siguran\u021b\u0103<\/span> <span class=\"cf0\">\u00een<\/span> <span class=\"cf0\">utilizare<\/span> <span class=\"cf0\">clinic<\/span><span class=\"cf1\">\u0103<\/span><span class=\"cf1\">. <\/span><span class=\"cf1\">Capacul<\/span> <span class=\"cf1\">perforat<\/span> <span class=\"cf1\">permite<\/span><span class=\"cf1\"> o <\/span><span class=\"cf1\">circula\u021bie<\/span> <span class=\"cf1\">corect\u0103<\/span><span class=\"cf1\"> a <\/span><span class=\"cf1\">aburului<\/span> <span class=\"cf0\">\u00een<\/span> <span class=\"cf0\">timpul<\/span> <span class=\"cf0\">ciclurilor<\/span><span class=\"cf0\"> de <\/span><span class=\"cf0\">sterilizare<\/span><span class=\"cf0\">, <\/span><span class=\"cf0\">asigur\u00e2nd<\/span> <span class=\"cf0\">igienizarea<\/span> <span class=\"cf0\">complet<\/span><span class=\"cf1\">\u0103<\/span><span class=\"cf1\"> a <\/span><span class=\"cf1\">instrumentarului<\/span><span class=\"cf1\">. <\/span><span class=\"cf1\">Aceast\u0103<\/span><span class=\"cf1\"> cutie <\/span><span class=\"cf1\">este<\/span> <span class=\"cf1\">indispensabil\u0103<\/span> <span class=\"cf1\">pentru<\/span> <span class=\"cf1\">echipele<\/span> <span class=\"cf1\">chirurgicale<\/span> <span class=\"cf1\">ce<\/span> <span class=\"cf1\">utilizeaz\u0103<\/span> <span class=\"cf1\">sistemele<\/span> <span class=\"cf1\">zigomatice<\/span><span class=\"cf1\"> Southern Implants, <\/span><span class=\"cf1\">fiind<\/span> <span class=\"cf1\">adaptat\u0103<\/span><span class=\"cf1\"> exact la <\/span><span class=\"cf1\">lungimea<\/span> <span class=\"cf1\">\u0219i<\/span> la <span class=\"cf1\">tipul<\/span> <span class=\"cf1\">instrumentelor<\/span> <span class=\"cf1\">necesare<\/span> <span class=\"cf1\">inser\u0103rii<\/span> <span class=\"cf1\">implanturilor<\/span><span class=\"cf1\"> ZYG-55<\/span><span class=\"cf0\">\u00b0, <\/span><span class=\"cf0\">Zygan<\/span><span class=\"cf0\">\u00ae <\/span><span class=\"cf1\">\u0219i<\/span><span class=\"cf1\"> ZYGIN<\/span><span class=\"cf0\">\u00ae.<\/span><\/p>\n<p><!--StartFragment --><\/p>\n<p>&nbsp;<\/p>\n<h3 class=\"pf0\"><strong><span class=\"cf0\">Specifica<\/span><span class=\"cf0\">\u021bii cheie cutie instrumente chirurgicale I-ZYG-1 pentru implanturi zigomatice:<\/span><\/strong><\/h3>\n<ul>\n<li class=\"pf0\"><span class=\"cf0\">Organizare ergonomic\u0103 pentru proceduri complexe<\/span><\/li>\n<li class=\"pf0\"><span class=\"cf0\">100% compatibil\u0103 cu instrumentele de inser\u021bie zigomatic\u0103 (lungime extins\u0103)<\/span><\/li>\n<li class=\"pf0\"><span class=\"cf0\">Construc\u021bie robust\u0103 pentru utilizare repetat\u0103<\/span><\/li>\n<li class=\"pf0\"><span class=\"cf0\">Previne deteriorarea instrumentelor sensibile<\/span><\/li>\n<\/ul>\n<h3 class=\"pf0\"><strong><span class=\"cf1\">Beneficii<\/span> <span class=\"cf1\">pentru<\/span> <span class=\"cf1\">medici:<\/span><\/strong><\/h3>\n<ul>\n<li class=\"pf0\"><span class=\"cf1\">Acces<\/span><span class=\"cf1\"> rapid la <\/span><span class=\"cf1\">instrumentar<\/span> <span class=\"cf1\">\u00een<\/span> <span class=\"cf1\">timpul<\/span> <span class=\"cf1\">procedurii<\/span><\/li>\n<li class=\"pf0\"><span class=\"cf1\">Minimizeaz<\/span><span class=\"cf2\">\u0103<\/span> <span class=\"cf2\">riscul<\/span><span class=\"cf2\"> de <\/span><span class=\"cf2\">confuzie<\/span> <span class=\"cf2\">sau<\/span> <span class=\"cf2\">pierdere<\/span><span class=\"cf2\"> a <\/span><span class=\"cf2\">instrumentelor<\/span><\/li>\n<li class=\"pf0\"><span class=\"cf2\">Asigur\u0103<\/span><span class=\"cf2\"> flux chirurgical <\/span><span class=\"cf2\">eficient<\/span> <span class=\"cf2\">\u0219i<\/span> <span class=\"cf2\">sigur<\/span><\/li>\n<li class=\"pf0\"><span class=\"cf2\">Faciliteaz\u0103<\/span> <span class=\"cf2\">sterilizarea<\/span> <span class=\"cf2\">\u0219i<\/span> <span class=\"cf2\">preg\u0103tirea<\/span> <span class=\"cf2\">rapid\u0103<\/span> <span class=\"cf2\">pentru<\/span> <span class=\"cf2\">opera\u021bii<\/span><\/li>\n<\/ul>\n<h3 class=\"pf0\"><strong><span class=\"cf1\">Beneficii<\/span> <span class=\"cf1\">pentru<\/span> <span class=\"cf1\">pacien<\/span><span class=\"cf2\">\u021bi:<\/span><\/strong><\/h3>\n<ul>\n<li class=\"pf0\"><span class=\"cf2\">Siguran\u021b\u0103<\/span> <span class=\"cf2\">chirurgical\u0103<\/span> <span class=\"cf2\">crescut\u0103<\/span><\/li>\n<li class=\"pf0\"><span class=\"cf2\">Reducerea<\/span> <span class=\"cf2\">timpului<\/span><span class=\"cf2\"> operator <\/span><span class=\"cf2\">prin<\/span> <span class=\"cf2\">organizare<\/span> <span class=\"cf2\">eficient\u0103<\/span><\/li>\n<li class=\"pf0\"><span class=\"cf2\">Sterilitate<\/span> <span class=\"cf2\">garantat\u0103<\/span> <span class=\"cf1\">\u00een<\/span> <span class=\"cf1\">toate<\/span> <span class=\"cf1\">etapele<\/span> <span class=\"cf1\">interven<\/span><span class=\"cf2\">\u021biei<\/span><\/li>\n<\/ul>\n<p><!--EndFragment --><\/p>\n<p><!--EndFragment --><\/p>\n","protected":false},"excerpt":{"rendered":"<p><!--StartFragment --><\/p>\n<p class=\"pf0\"><span class=\"cf0\">I-ZYG-1 este cutia oficial<\/span><span class=\"cf0\">\u0103 pentru instrumentele chirugicale dedicate implanturilor zigomatice Southern Implants, conceput\u0103 pentru organizare eficient\u0103, sterilizare sigur\u0103 \u0219i acces rapid <\/span><span class=\"cf1\">\u00een<\/span> <span class=\"cf1\">timpul<\/span> <span class=\"cf1\">interven<\/span><span class=\"cf2\">\u021biilor<\/span> <span class=\"cf2\">chirurgicale<\/span><span class=\"cf2\">. <\/span><span class=\"cf2\">Asigur\u0103<\/span><span class=\"cf2\"> o <\/span><span class=\"cf2\">gestionare<\/span> <span class=\"cf2\">optim\u0103<\/span><span class=\"cf2\"> a <\/span><span class=\"cf2\">instrumentarului<\/span> <span class=\"cf1\">\u00een<\/span> <span class=\"cf1\">procedurile<\/span> <span class=\"cf1\">complexe<\/span><span class=\"cf1\"> de <\/span><span class=\"cf1\">implantare<\/span> <span class=\"cf1\">zigomatic<\/span><span class=\"cf2\">\u0103<\/span><span class=\"cf2\">.<\/span><\/p>\n<p><!--EndFragment --><\/p>\n","protected":false},"featured_media":8795,"comment_status":"closed","ping_status":"closed","template":"","meta":{"_kad_blocks_custom_css":"","_kad_blocks_head_custom_js":"","_kad_blocks_body_custom_js":"","_kad_blocks_footer_custom_js":"","_kadence_starter_templates_imported_post":false,"_kad_post_transparent":"default","_kad_post_title":"","_kad_post_layout":"default","_kad_post_sidebar_id":"","_kad_post_content_style":"default","_kad_post_vertical_padding":"default","_kad_post_feature":"","_kad_post_feature_position":"","_kad_post_header":false,"_kad_post_footer":false,"_kad_post_classname":""},"product_brand":[482],"product_cat":[438,439],"product_tag":[471],"product_partner":[],"class_list":{"0":"post-6311","1":"product","2":"type-product","3":"status-publish","4":"has-post-thumbnail","6":"product_brand-southern-implants","7":"product_cat-implanturi-southern-implants","8":"product_cat-implanturi-zigomatice","9":"product_tag-onrequest","11":"first","12":"instock","13":"taxable","14":"shipping-taxable","15":"product-type-simple","16":"entry","17":"content-bg","18":"loop-entry"},"taxonomy_info":{"product_brand":[{"value":482,"label":"Southern Implants"}],"product_cat":[{"value":438,"label":"Southern Implants"},{"value":439,"label":"Implanturi zigomatice"}],"product_tag":[{"value":471,"label":"#onrequest"}]},"featured_image_src_large":["https:\/\/gursk.ro\/shop\/wp-content\/uploads\/2025\/09\/Cutie-instrumente-chirurgicale-I-ZYG-1-pentru-implanturi-zigomatice-1024x768.jpg",1024,768,true],"author_info":[],"comment_info":0,"_links":{"self":[{"href":"https:\/\/gursk.ro\/shop\/wp-json\/wp\/v2\/product\/6311","targetHints":{"allow":["GET"]}}],"collection":[{"href":"https:\/\/gursk.ro\/shop\/wp-json\/wp\/v2\/product"}],"about":[{"href":"https:\/\/gursk.ro\/shop\/wp-json\/wp\/v2\/types\/product"}],"replies":[{"embeddable":true,"href":"https:\/\/gursk.ro\/shop\/wp-json\/wp\/v2\/comments?post=6311"}],"version-history":[{"count":1,"href":"https:\/\/gursk.ro\/shop\/wp-json\/wp\/v2\/product\/6311\/revisions"}],"predecessor-version":[{"id":8794,"href":"https:\/\/gursk.ro\/shop\/wp-json\/wp\/v2\/product\/6311\/revisions\/8794"}],"wp:featuredmedia":[{"embeddable":true,"href":"https:\/\/gursk.ro\/shop\/wp-json\/wp\/v2\/media\/8795"}],"wp:attachment":[{"href":"https:\/\/gursk.ro\/shop\/wp-json\/wp\/v2\/media?parent=6311"}],"wp:term":[{"taxonomy":"product_brand","embeddable":true,"href":"https:\/\/gursk.ro\/shop\/wp-json\/wp\/v2\/product_brand?post=6311"},{"taxonomy":"product_cat","embeddable":true,"href":"https:\/\/gursk.ro\/shop\/wp-json\/wp\/v2\/product_cat?post=6311"},{"taxonomy":"product_tag","embeddable":true,"href":"https:\/\/gursk.ro\/shop\/wp-json\/wp\/v2\/product_tag?post=6311"},{"taxonomy":"product_partner","embeddable":true,"href":"https:\/\/gursk.ro\/shop\/wp-json\/wp\/v2\/product_partner?post=6311"}],"curies":[{"name":"wp","href":"https:\/\/api.w.org\/{rel}","templated":true}]}}