{"id":6306,"date":"2025-09-18T18:40:45","date_gmt":"2025-09-18T15:40:45","guid":{"rendered":"https:\/\/gursk.ro\/shop\/?post_type=product&#038;p=6306"},"modified":"2026-04-30T10:25:40","modified_gmt":"2026-04-30T07:25:40","slug":"implanturi-zigomatice-onc-55","status":"publish","type":"product","link":"https:\/\/gursk.ro\/shop\/produs\/implanturi-zigomatice-onc-55\/","title":{"rendered":"Implanturi zigomatice ONC-55\u00b0, seria oncologic\u0103"},"content":{"rendered":"<p><!--StartFragment --><\/p>\n<p class=\"pf0\"><span class=\"cf0\">Aceste implanturi zigomatice ONC-55\u00b0 de la Southern Implants fac <\/span><span class=\"cf0\">parte<\/span> <span class=\"cf0\">dintr<\/span><span class=\"cf0\">-o <\/span><strong><span class=\"cf0\">serie<\/span><span class=\"cf0\"> special <\/span><span class=\"cf0\">proiectat<\/span><span class=\"cf1\">\u0103<\/span> <span class=\"cf1\">pentru<\/span> <span class=\"cf1\">reconstruc\u021bii<\/span><span class=\"cf1\"> cranio-<\/span><span class=\"cf1\">faciale<\/span><span class=\"cf1\"> post-<\/span><span class=\"cf1\">oncologice<\/span><span class=\"cf1\">, <\/span><span class=\"cf1\">defecte<\/span> <span class=\"cf1\">extinse<\/span><span class=\"cf1\"> ale <\/span><span class=\"cf1\">maxilarului<\/span><span class=\"cf1\"> superior <\/span><span class=\"cf1\">\u0219i<\/span> <span class=\"cf1\">cazuri<\/span> <span class=\"cf0\">\u00een<\/span><span class=\"cf0\"> care <\/span><span class=\"cf0\">suportul<\/span> <span class=\"cf0\">osos<\/span><span class=\"cf0\"> alveolar <\/span><span class=\"cf0\">este<\/span><span class=\"cf0\"> sever <\/span><span class=\"cf0\">compromis<\/span><\/strong><span class=\"cf0\"><strong>.<\/strong> <\/span><span class=\"cf0\">Aceste<\/span> <span class=\"cf0\">implanturi<\/span> <span class=\"cf0\">utilizeaz<\/span><span class=\"cf1\">\u0103<\/span><span class=\"cf1\"> o <\/span><strong><span class=\"cf1\">platform\u0103<\/span><\/strong><span class=\"cf1\"><strong> External Hex<\/strong>, <\/span><span class=\"cf1\">stabil\u0103<\/span> <span class=\"cf1\">\u0219i<\/span> <span class=\"cf1\">versatil\u0103<\/span><span class=\"cf1\">, <\/span><span class=\"cf1\">compatibil\u0103<\/span><span class=\"cf1\"> cu <\/span><span class=\"cf1\">componente<\/span> <span class=\"cf1\">protetice<\/span> <span class=\"cf1\">standardizate<\/span> <span class=\"cf1\">\u0219i<\/span><span class=\"cf1\"> cu <\/span><span class=\"cf1\">solu\u021biile<\/span><span class=\"cf1\"> MC\/AMC <\/span><span class=\"cf1\">utilizate<\/span> <span class=\"cf0\">\u00een<\/span> <span class=\"cf0\">reabilit<\/span><span class=\"cf1\">\u0103rile<\/span> <span class=\"cf1\">zigomatice<\/span> <span class=\"cf1\">complexe<\/span><span class=\"cf1\">.<\/span><\/p>\n<p class=\"pf0\"><strong><span class=\"cf1\">Unghiul<\/span><span class=\"cf1\"> de 55<\/span><span class=\"cf0\">\u00b0 al <\/span><span class=\"cf0\">capului<\/span> <span class=\"cf0\">protetic<\/span><\/strong> <span class=\"cf0\">permite<\/span> <span class=\"cf0\">repozi<\/span><span class=\"cf1\">\u021bionarea<\/span> <span class=\"cf1\">platformei<\/span> <span class=\"cf0\">\u00een<\/span><span class=\"cf0\"> zona <\/span><span class=\"cf0\">ideal<\/span><span class=\"cf1\">\u0103<\/span> <span class=\"cf1\">restaurativ\u0103<\/span><span class=\"cf1\">, <\/span><span class=\"cf1\">facilit<\/span><span class=\"cf0\">\u00e2nd<\/span> <span class=\"cf0\">emergen<\/span><span class=\"cf1\">\u021ba<\/span> <span class=\"cf1\">protetic\u0103<\/span> <span class=\"cf0\">\u00een<\/span> <span class=\"cf0\">arcad<\/span><span class=\"cf1\">\u0103<\/span> <span class=\"cf1\">chiar<\/span> <span class=\"cf1\">\u0219i<\/span> <span class=\"cf1\">atunci<\/span> <span class=\"cf1\">c<\/span><span class=\"cf0\">\u00e2nd<\/span> <span class=\"cf0\">traiectoria<\/span> <span class=\"cf0\">implantului<\/span> <span class=\"cf0\">traverseaz<\/span><span class=\"cf1\">\u0103<\/span><span class=\"cf1\"> zone <\/span><span class=\"cf1\">anatomice<\/span> <span class=\"cf1\">rezecate<\/span> <span class=\"cf1\">sau<\/span> <span class=\"cf1\">deformate<\/span><span class=\"cf1\"> ca <\/span><span class=\"cf1\">urmare<\/span><span class=\"cf1\"> a <\/span><span class=\"cf1\">interven\u021biilor<\/span> <span class=\"cf1\">oncologice<\/span><span class=\"cf1\">.<\/span><\/p>\n<p class=\"pf0\"><span class=\"cf1\">Corpul<\/span> <span class=\"cf1\">implantului<\/span> <span class=\"cf1\">este<\/span> <span class=\"cf1\">proiectat<\/span><span class=\"cf1\"> cu <\/span><strong><span class=\"cf1\">diametru<\/span><span class=\"cf1\"> de 4.0 mm, <\/span><\/strong><span class=\"cf1\">optim<\/span> <span class=\"cf1\">pentru<\/span> <span class=\"cf1\">ancorarea<\/span> <span class=\"cf0\">\u00een<\/span> <span class=\"cf0\">os<\/span> <span class=\"cf0\">zigomatic<\/span><span class=\"cf0\"> dens, <\/span><span class=\"cf0\">v\u00e2rf<\/span><span class=\"cf0\"> conic <\/span><span class=\"cf0\">\u00eengust<\/span><span class=\"cf0\">, <\/span><span class=\"cf0\">pentru<\/span> <span class=\"cf0\">acces<\/span> <span class=\"cf0\">sigur<\/span> <span class=\"cf0\">\u00een<\/span><span class=\"cf0\"> zone <\/span><span class=\"cf0\">restr\u00e2nse<\/span><span class=\"cf0\">, <\/span><span class=\"cf0\">filet <\/span><span class=\"cf0\">specializat<\/span><span class=\"cf0\">, care <\/span><span class=\"cf0\">maximizeaz<\/span><span class=\"cf1\">\u0103<\/span> <span class=\"cf1\">contactul<\/span><span class=\"cf1\"> cu <\/span><span class=\"cf1\">osul<\/span><span class=\"cf1\"> cortical <\/span><span class=\"cf1\">\u0219i<\/span> <span class=\"cf1\">ofer\u0103<\/span> <span class=\"cf1\">stabilitate<\/span> <span class=\"cf1\">primar\u0103<\/span><span class=\"cf1\"> de <\/span><span class=\"cf1\">nivel<\/span><span class=\"cf1\"> chirurgical <\/span><span class=\"cf1\">avansat<\/span><span class=\"cf1\">. <\/span><span class=\"cf1\">Disponibilitatea<\/span> <span class=\"cf0\">\u00een<\/span> <strong><span class=\"cf0\">lungimi<\/span><span class=\"cf0\"> multiple (27.5 mm |\u00a0 32.5 mm | 37.5 mm | 42.5 mm | <\/span><\/strong><span class=\"cf2\"><strong>47.5 mm)<\/strong> <\/span><span class=\"cf2\">permite<\/span> <span class=\"cf2\">adaptarea<\/span> <span class=\"cf2\">implantului<\/span><span class=\"cf2\"> la <\/span><span class=\"cf2\">anatomii<\/span> <span class=\"cf2\">extrem<\/span><span class=\"cf2\"> de <\/span><span class=\"cf2\">variabile<\/span><span class=\"cf2\">, <\/span><span class=\"cf0\">\u00eent\u00e2lnite<\/span> <span class=\"cf0\">\u00een<\/span> <span class=\"cf0\">reconstruc<\/span><span class=\"cf1\">\u021biile<\/span> <span class=\"cf1\">dup\u0103<\/span> <span class=\"cf1\">rezec\u021bii<\/span> <span class=\"cf1\">tumorale<\/span><span class=\"cf1\">, <\/span><span class=\"cf1\">defecte<\/span><span class=\"cf1\"> post-<\/span><span class=\"cf1\">traumatice<\/span> <span class=\"cf1\">sau<\/span> <span class=\"cf1\">defecte<\/span> <span class=\"cf1\">congenitale<\/span><span class=\"cf1\"> severe.<\/span><\/p>\n<p class=\"pf0\"><span class=\"cf1\">Fabricate din<strong> titan medical de grad <\/strong><\/span><strong><span class=\"cf0\">\u00eenalt<\/span><span class=\"cf0\"> (Grad 4\/Grad 5), <\/span><\/strong><span class=\"cf0\">implanturile<\/span><span class=\"cf0\"> ONC-55\u00b0 <\/span><span class=\"cf0\">ofer<\/span><span class=\"cf1\">\u0103<\/span> <span class=\"cf1\">rezisten\u021b\u0103<\/span> <span class=\"cf1\">mecanic\u0103<\/span> <span class=\"cf1\">superioar\u0103<\/span> <span class=\"cf1\">\u0219i<\/span> <span class=\"cf1\">biocompatibilitate<\/span> <span class=\"cf1\">optim\u0103<\/span><span class=\"cf1\">, <\/span><span class=\"cf1\">fiind<\/span> <span class=\"cf1\">proiectate<\/span> <span class=\"cf1\">pentru<\/span> <span class=\"cf1\">utilizare<\/span> <span class=\"cf0\">\u00een<\/span> <span class=\"cf0\">cele<\/span> <span class=\"cf0\">mai<\/span> <span class=\"cf0\">solicitante<\/span> <span class=\"cf0\">proceduri<\/span><span class=\"cf0\"> cranio-<\/span><span class=\"cf0\">faciale<\/span><span class=\"cf0\">.<\/span><\/p>\n<p><!--StartFragment --><\/p>\n<p>&nbsp;<\/p>\n<h3><strong>Indica\u021bii clinice pentru implanturile ONC-55\u00b0:<\/strong><\/h3>\n<h4><strong>ONC-55-27.5N<\/strong><\/h4>\n<p><strong>Indica\u021bii clinice:<\/strong> defecte maxilare oncologice limitate. Situa\u021bii cu distan\u021b\u0103 redus\u0103 \u00eentre zona protetic\u0103 \u0219i osul zigomatic. Reabilit\u0103ri \u00een care se urm\u0103re\u0219te un traiect extra-sinusal minim.<\/p>\n<p><strong>Rol clinic:<\/strong> implant de tranzi\u021bie pentru cazuri oncologice cu anatomie par\u021bial conservat\u0103.<\/p>\n<h4><strong>ONC-55-32.5N<\/strong><\/h4>\n<p><strong>Indica\u021bii clinice:<\/strong> maxilectomii par\u021biale. ZAGA 3 cu suport osos zigomatic apropiat.<\/p>\n<p><strong>Rol clinic:<\/strong> asigur\u0103 ancorare sigur\u0103 cu impact chirurgical controlat.<\/p>\n<h4><strong>ONC-55-37.5N<\/strong><\/h4>\n<p><strong>Indica\u021bii clinice:<\/strong> defecte maxilare extinse. ZAGA 3\u20134, cu necesitatea unei ancor\u0103ri mai profunde.<\/p>\n<p><strong>Rol clinic:<\/strong> permite stabilitate biomecanic\u0103 crescut\u0103 \u00een restaur\u0103ri fixe extinse.<\/p>\n<h4><strong>ONC-55-42.5N<\/strong><\/h4>\n<p><strong>Indica\u021bii clinice:<\/strong> maxilectomii largi sau defecte post-traumatice severe. ZAGA 4, cu traiect complet extra-maxilar.<\/p>\n<p><strong>Rol clinic:<\/strong> asigur\u0103 stabilitate \u00een situa\u021bii cu lips\u0103 aproape total\u0103 de os alveolar.<\/p>\n<h4>ONC-55-47.5N<\/h4>\n<p><strong>Indica\u021bii clinice:<\/strong> cazuri oncologice extreme. Rezec\u021bii extinse cu pierdere complet\u0103 de suport maxilar.<\/p>\n<p><strong>Rol clinic:<\/strong> implant dedicat reabilit\u0103rilor protetice complexe, cu sprijin exclusiv \u00een osul zigomatic.<\/p>\n<h3><\/h3>\n<h3><\/h3>\n<h3 class=\"pf0\"><strong><span class=\"cf0\">Specifica<\/span><span class=\"cf1\">\u021bii<\/span> <span class=\"cf1\">cheie pentru implanturi zigomatice ONC-55\u00b0 (External Hex, Seria Oncologica):<\/span><\/strong><\/h3>\n<ul>\n<li class=\"pf0\"><span class=\"cf1\">Unghi<\/span> <span class=\"cf1\">protetic<\/span><span class=\"cf1\"> 55<\/span><span class=\"cf0\">\u00b0 <\/span><span class=\"cf0\">pentru<\/span> <span class=\"cf0\">emergen<\/span><span class=\"cf1\">\u021b\u0103<\/span> <span class=\"cf1\">optim\u0103<\/span> <span class=\"cf0\">\u00een<\/span> <span class=\"cf0\">arcad<\/span><span class=\"cf1\">\u0103<\/span><\/li>\n<li class=\"pf0\"><span class=\"cf1\">Adaptat<\/span> <span class=\"cf1\">pentru<\/span> <span class=\"cf1\">defecte<\/span> <span class=\"cf1\">extinse<\/span> <span class=\"cf1\">\u0219i<\/span> <span class=\"cf1\">anatomii<\/span> <span class=\"cf1\">atipice<\/span><\/li>\n<li class=\"pf0\"><span class=\"cf1\">Compatibilitate<\/span> <span class=\"cf1\">protetic\u0103<\/span> <span class=\"cf1\">extins\u0103<\/span> <span class=\"cf1\">datorit\u0103<\/span> <span class=\"cf1\">platformei<\/span><span class=\"cf1\"> External Hex<\/span><\/li>\n<li class=\"pf0\"><span class=\"cf1\">Stabilitate<\/span> <span class=\"cf1\">primar\u0103<\/span> <span class=\"cf1\">ridicat\u0103<\/span> <span class=\"cf0\">\u00een<\/span> <span class=\"cf0\">os<\/span> <span class=\"cf0\">zigomatic<\/span><span class=\"cf0\"> dens<\/span><\/li>\n<li class=\"pf0\"><span class=\"cf0\">Op<\/span><span class=\"cf1\">\u021biuni<\/span><span class=\"cf1\"> multiple de <\/span><span class=\"cf1\">lungime<\/span> <span class=\"cf1\">pentru<\/span> <span class=\"cf1\">personalizarea<\/span> <span class=\"cf1\">planului<\/span><span class=\"cf1\"> chirurgical<\/span><\/li>\n<\/ul>\n<h3 class=\"pf0\"><strong><span class=\"cf0\">Beneficii<\/span> <span class=\"cf0\">pentru<\/span> <span class=\"cf0\">medici:<\/span><\/strong><\/h3>\n<ul>\n<li class=\"pf0\"><span class=\"cf0\">Flexibilitate<\/span> <span class=\"cf0\">chirurgical<\/span><span class=\"cf1\">\u0103<\/span> <span class=\"cf0\">\u00een<\/span> <span class=\"cf0\">cazurile<\/span> <span class=\"cf0\">oncologice<\/span><span class=\"cf0\"> severe<\/span><\/li>\n<li class=\"pf0\"><span class=\"cf0\">Control <\/span><span class=\"cf0\">excelent<\/span><span class=\"cf0\"> al <\/span><span class=\"cf0\">emergen<\/span><span class=\"cf1\">\u021bei<\/span> <span class=\"cf1\">\u0219i<\/span><span class=\"cf1\"> al <\/span><span class=\"cf1\">traiectoriei<\/span> <span class=\"cf1\">implantului<\/span><\/li>\n<li class=\"pf0\"><span class=\"cf1\">Compatibil<\/span><span class=\"cf1\"> cu <\/span><span class=\"cf1\">protetica<\/span><span class=\"cf1\"> standard <\/span><span class=\"cf1\">\u0219i<\/span> <span class=\"cf1\">digital\u0103<\/span><\/li>\n<li class=\"pf0\"><span class=\"cf1\">Rezultate<\/span> <span class=\"cf1\">predictibile<\/span> <span class=\"cf0\">\u00een<\/span> <span class=\"cf0\">reconstruc<\/span><span class=\"cf1\">\u021biile<\/span> <span class=\"cf1\">complexe<\/span><\/li>\n<\/ul>\n<h3 class=\"pf0\"><strong><span class=\"cf0\">Beneficii<\/span> <span class=\"cf0\">pentru<\/span> <span class=\"cf0\">pacien<\/span><span class=\"cf1\">\u021bi:<\/span><\/strong><\/h3>\n<ul>\n<li class=\"pf0\"><span class=\"cf1\">Restaur\u0103ri<\/span><span class=\"cf1\"> fixe, stabile <\/span><span class=\"cf1\">\u0219i<\/span> <span class=\"cf1\">func\u021bionale<\/span><\/li>\n<li class=\"pf0\"><span class=\"cf1\">Posibilitatea<\/span> <span class=\"cf1\">reconstruc\u021biei<\/span> <span class=\"cf1\">f\u0103r\u0103<\/span> <span class=\"cf1\">grefe<\/span> <span class=\"cf1\">osoase<\/span> <span class=\"cf1\">masive<\/span><\/li>\n<li class=\"pf0\"><span class=\"cf1\">Reabilitare<\/span> <span class=\"cf1\">rapid\u0103<\/span> <span class=\"cf1\">dup\u0103<\/span> <span class=\"cf1\">interven\u021bii<\/span> <span class=\"cf1\">oncologice<\/span><\/li>\n<li class=\"pf0\"><span class=\"cf1\">Confort<\/span> <span class=\"cf1\">\u0219i<\/span> <span class=\"cf1\">estetic\u0103<\/span> <span class=\"cf1\">superioare<\/span> <span class=\"cf1\">pe<\/span><span class=\"cf1\"> termen lung<\/span><\/li>\n<\/ul>\n<p><!--EndFragment --><\/p>\n<p><!--EndFragment --><\/p>\n","protected":false},"excerpt":{"rendered":"<p><!--StartFragment --><\/p>\n<p class=\"pf0\"><span class=\"cf0\">Implanturile<\/span><span class=\"cf0\"> ONC-55\u00b0 sunt <\/span><span class=\"cf0\">concepute<\/span><span class=\"cf0\"> special <\/span><span class=\"cf0\">pentru<\/span> <span class=\"cf0\">reconstruc<\/span><span class=\"cf1\">\u021biile<\/span><span class=\"cf1\"> cranio-<\/span><span class=\"cf1\">faciale<\/span> <span class=\"cf1\">oncologice<\/span> <span class=\"cf1\">\u0219i<\/span> <span class=\"cf1\">pentru<\/span> <span class=\"cf1\">cazurile<\/span><span class=\"cf1\"> severe de <\/span><span class=\"cf1\">rezec\u021bie<\/span> <span class=\"cf1\">maxilar\u0103<\/span><span class=\"cf1\">. Cu un <\/span><span class=\"cf1\">unghi<\/span> <span class=\"cf1\">protetic<\/span><span class=\"cf1\"> de 55<\/span><span class=\"cf0\">\u00b0 <\/span><span class=\"cf1\">\u0219i<\/span> <span class=\"cf1\">conexiune<\/span><span class=\"cf1\"> External Hex, <\/span><span class=\"cf1\">aceast\u0103<\/span> <span class=\"cf1\">gam\u0103<\/span> <span class=\"cf1\">ofer\u0103<\/span> <span class=\"cf1\">stabilitate<\/span> <span class=\"cf1\">primar\u0103<\/span> <span class=\"cf1\">excelent\u0103<\/span> <span class=\"cf0\">\u00een<\/span> <span class=\"cf0\">osul<\/span> <span class=\"cf0\">zigomatic<\/span><span class=\"cf0\">, <\/span><span class=\"cf0\">acces<\/span> <span class=\"cf0\">protetic<\/span> <span class=\"cf0\">optim<\/span> <span class=\"cf1\">\u0219i<\/span><span class=\"cf1\"> o <\/span><span class=\"cf1\">adaptare<\/span> <span class=\"cf1\">sigur\u0103<\/span> <span class=\"cf0\">\u00een<\/span> <span class=\"cf0\">situa<\/span><span class=\"cf1\">\u021bii<\/span> <span class=\"cf1\">anatomice<\/span> <span class=\"cf1\">extrem<\/span><span class=\"cf1\"> de <\/span><span class=\"cf1\">complexe<\/span><span class=\"cf1\">.<\/span><\/p>\n<p><!--EndFragment --><\/p>\n","protected":false},"featured_media":10671,"comment_status":"closed","ping_status":"closed","template":"","meta":{"_kad_blocks_custom_css":"","_kad_blocks_head_custom_js":"","_kad_blocks_body_custom_js":"","_kad_blocks_footer_custom_js":"","_kadence_starter_templates_imported_post":false,"_kad_post_transparent":"default","_kad_post_title":"","_kad_post_layout":"default","_kad_post_sidebar_id":"","_kad_post_content_style":"default","_kad_post_vertical_padding":"default","_kad_post_feature":"","_kad_post_feature_position":"","_kad_post_header":false,"_kad_post_footer":false,"_kad_post_classname":""},"product_brand":[482],"product_cat":[438,439],"product_tag":[471],"product_partner":[],"class_list":{"0":"post-6306","1":"product","2":"type-product","3":"status-publish","4":"has-post-thumbnail","6":"product_brand-southern-implants","7":"product_cat-implanturi-southern-implants","8":"product_cat-implanturi-zigomatice","9":"product_tag-onrequest","11":"first","12":"instock","13":"taxable","14":"shipping-taxable","15":"product-type-simple","16":"entry","17":"content-bg","18":"loop-entry"},"taxonomy_info":{"product_brand":[{"value":482,"label":"Southern Implants"}],"product_cat":[{"value":438,"label":"Southern Implants"},{"value":439,"label":"Implanturi zigomatice"}],"product_tag":[{"value":471,"label":"#onrequest"}]},"featured_image_src_large":["https:\/\/gursk.ro\/shop\/wp-content\/uploads\/2025\/09\/Implanturi-zigomatice-ONC-55\u00b0-ONC-55-27.5N.png",720,720,false],"author_info":[],"comment_info":0,"_links":{"self":[{"href":"https:\/\/gursk.ro\/shop\/wp-json\/wp\/v2\/product\/6306","targetHints":{"allow":["GET"]}}],"collection":[{"href":"https:\/\/gursk.ro\/shop\/wp-json\/wp\/v2\/product"}],"about":[{"href":"https:\/\/gursk.ro\/shop\/wp-json\/wp\/v2\/types\/product"}],"replies":[{"embeddable":true,"href":"https:\/\/gursk.ro\/shop\/wp-json\/wp\/v2\/comments?post=6306"}],"version-history":[{"count":1,"href":"https:\/\/gursk.ro\/shop\/wp-json\/wp\/v2\/product\/6306\/revisions"}],"predecessor-version":[{"id":8783,"href":"https:\/\/gursk.ro\/shop\/wp-json\/wp\/v2\/product\/6306\/revisions\/8783"}],"wp:featuredmedia":[{"embeddable":true,"href":"https:\/\/gursk.ro\/shop\/wp-json\/wp\/v2\/media\/10671"}],"wp:attachment":[{"href":"https:\/\/gursk.ro\/shop\/wp-json\/wp\/v2\/media?parent=6306"}],"wp:term":[{"taxonomy":"product_brand","embeddable":true,"href":"https:\/\/gursk.ro\/shop\/wp-json\/wp\/v2\/product_brand?post=6306"},{"taxonomy":"product_cat","embeddable":true,"href":"https:\/\/gursk.ro\/shop\/wp-json\/wp\/v2\/product_cat?post=6306"},{"taxonomy":"product_tag","embeddable":true,"href":"https:\/\/gursk.ro\/shop\/wp-json\/wp\/v2\/product_tag?post=6306"},{"taxonomy":"product_partner","embeddable":true,"href":"https:\/\/gursk.ro\/shop\/wp-json\/wp\/v2\/product_partner?post=6306"}],"curies":[{"name":"wp","href":"https:\/\/api.w.org\/{rel}","templated":true}]}}