{"id":6301,"date":"2025-09-18T18:40:45","date_gmt":"2025-09-18T15:40:45","guid":{"rendered":"https:\/\/gursk.ro\/shop\/?post_type=product&#038;p=6301"},"modified":"2026-05-04T10:26:41","modified_gmt":"2026-05-04T07:26:41","slug":"bonturi-protetice-conice-mc-zyg","status":"publish","type":"product","link":"https:\/\/gursk.ro\/shop\/produs\/bonturi-protetice-conice-mc-zyg\/","title":{"rendered":"Bonturi protetice conice MC-ZYG pentru implanturile zigomatice ZYGIN\u00ae"},"content":{"rendered":"<p class=\"pf0\"><span class=\"cf0\">Bonturile<\/span><span class=\"cf0\"> MC-ZYG <\/span><span class=\"cf0\">reprezint<\/span><span class=\"cf1\">\u0103<\/span> <span class=\"cf1\">solu\u021bia<\/span> <span class=\"cf1\">protetic\u0103<\/span> <span class=\"cf1\">dedicat\u0103<\/span> <span class=\"cf1\">implanturilor<\/span> <span class=\"cf1\">zigomatice<\/span><span class=\"cf1\"> ZYGIN<\/span><span class=\"cf0\">\u00ae, <\/span><span class=\"cf0\">utiliz\u00e2nd<\/span> <span class=\"cf0\">platforma<\/span><span class=\"cf0\"> Compact Conical (MC) \u00d8 4,8 mm, <\/span><span class=\"cf0\">recunoscut<\/span><span class=\"cf1\">\u0103<\/span> <span class=\"cf1\">pentru<\/span> <span class=\"cf1\">stabilitatea<\/span> <span class=\"cf1\">mecanic\u0103<\/span> <span class=\"cf1\">excelent\u0103<\/span> <span class=\"cf1\">\u0219i<\/span> <span class=\"cf1\">precizia<\/span> <span class=\"cf0\">\u00een<\/span> <span class=\"cf0\">transferul<\/span> <span class=\"cf0\">for<\/span><span class=\"cf1\">\u021belor<\/span> <span class=\"cf1\">ocluzale<\/span><span class=\"cf1\">. <\/span><span class=\"cf1\">Aceste<\/span> <span class=\"cf1\">bonturi<\/span><span class=\"cf1\"> sunt <\/span><span class=\"cf1\">esen\u021biale<\/span> <span class=\"cf0\">\u00een<\/span> <span class=\"cf0\"><strong>restaur<\/strong><\/span><strong><span class=\"cf1\">\u0103rile<\/span><span class=\"cf1\"> fixe <\/span><span class=\"cf1\">pe<\/span> <span class=\"cf1\">implanturi<\/span> <span class=\"cf1\">zigomatice<\/span><\/strong><span class=\"cf1\">, <\/span><span class=\"cf1\">unde<\/span> <span class=\"cf1\">emergen\u021ba<\/span> <span class=\"cf1\">gingival\u0103<\/span><span class=\"cf1\">, <\/span><span class=\"cf1\">direc\u021bia<\/span><span class=\"cf1\"> de <\/span><span class=\"cf1\">inser\u021bie<\/span> <span class=\"cf1\">\u0219i<\/span> <span class=\"cf1\">spa\u021biul<\/span> <span class=\"cf1\">protetic<\/span><span class=\"cf1\"> sunt <\/span><span class=\"cf1\">variabile<\/span> <span class=\"cf1\">critice<\/span><span class=\"cf1\">.<\/span><\/p>\n<p>&nbsp;<\/p>\n<p class=\"pf0\"><span class=\"cf1\">Fabricate din <strong>titan medical de <\/strong><\/span><strong><span class=\"cf0\">\u00eenalt<\/span><span class=\"cf1\">\u0103<\/span> <span class=\"cf1\">puritate<\/span><\/strong><span class=\"cf1\"><strong> (Grad 4\/Grad 5)<\/strong>, <\/span><span class=\"cf1\">bonturile<\/span><span class=\"cf1\"> MC-ZYG <\/span><span class=\"cf1\">asigur\u0103<\/span> <span class=\"cf1\">biocompatibilitate<\/span> <span class=\"cf1\">ridicat\u0103<\/span><span class=\"cf1\">, o <\/span><span class=\"cf1\">suprafa\u021b\u0103<\/span> <span class=\"cf1\">polisat\u0103<\/span> <span class=\"cf1\">favorabil\u0103<\/span> <span class=\"cf1\">s\u0103n\u0103t\u0103\u021bii<\/span> <span class=\"cf1\">\u021besuturilor<\/span> <span class=\"cf1\">moi<\/span> <span class=\"cf1\">\u0219i<\/span><span class=\"cf1\"> o <\/span><span class=\"cf1\">conexiune<\/span> <span class=\"cf1\">extrem<\/span><span class=\"cf1\"> de <\/span><span class=\"cf1\">stabil\u0103<\/span><span class=\"cf1\"> cu <\/span><span class=\"cf1\">platforma<\/span> <span class=\"cf1\">implantului<\/span><span class=\"cf1\">. <\/span><span class=\"cf1\">Designul<\/span><span class=\"cf1\"> conic Compact Conical (MC) <\/span><span class=\"cf1\">permite<\/span><span class=\"cf1\"> o <\/span><span class=\"cf1\">distribu\u021bie<\/span> <span class=\"cf1\">optim\u0103<\/span><span class=\"cf1\"> a <\/span><span class=\"cf1\">for\u021belor<\/span> <span class=\"cf1\">\u0219i<\/span><span class=\"cf1\"> reduce micro-<\/span><span class=\"cf1\">mi\u015fc\u0103rile<\/span><span class=\"cf1\">, <\/span><span class=\"cf1\">contribuind<\/span><span class=\"cf1\"> la <\/span><span class=\"cf1\">durabilitatea<\/span> <span class=\"cf1\">restaur\u0103rii<\/span><span class=\"cf1\"> finale.<\/span><\/p>\n<p class=\"pf0\"><strong><span class=\"cf1\">Disponibile<\/span> <span class=\"cf0\">\u00een<\/span> <span class=\"cf0\">mai<\/span> <span class=\"cf0\">multe<\/span> <span class=\"cf0\">\u00een<\/span><span class=\"cf1\">\u0103l\u021bimi<\/span><span class=\"cf1\"> (1,5 mm | 2 mm | 3 mm | 4 mm | <\/span><\/strong><span class=\"cf2\"><strong>5.5 mm),<\/strong> <\/span><span class=\"cf2\">aceste<\/span> <span class=\"cf2\">bonturi<\/span> <span class=\"cf2\">ofer<\/span><span class=\"cf1\">\u0103<\/span> <span class=\"cf1\">flexibilitate<\/span> <span class=\"cf0\">\u00een<\/span> <span class=\"cf0\">func<\/span><span class=\"cf1\">\u021bie<\/span><span class=\"cf1\"> de <\/span><span class=\"cf1\">grosimea<\/span> <span class=\"cf1\">\u0219i<\/span> <span class=\"cf1\">pozi\u021bia<\/span> <span class=\"cf1\">\u021besutului<\/span> <span class=\"cf1\">moale<\/span><span class=\"cf1\">, <\/span><span class=\"cf1\">ad<\/span><span class=\"cf0\">\u00e2ncimea<\/span><span class=\"cf0\"> de <\/span><span class=\"cf0\">inser<\/span><span class=\"cf1\">\u021bie<\/span><span class=\"cf1\"> a <\/span><span class=\"cf1\">implantului<\/span> <span class=\"cf1\">zigomatic<\/span><span class=\"cf1\">, <\/span><span class=\"cf1\">necesarul<\/span><span class=\"cf1\"> de <\/span><span class=\"cf1\">spa\u021biu<\/span> <span class=\"cf1\">coronar<\/span><span class=\"cf1\">, <\/span><span class=\"cf1\">tipul<\/span> <span class=\"cf1\">restaur\u0103rii<\/span><span class=\"cf1\"> (<\/span><span class=\"cf1\">provizorie<\/span> <span class=\"cf1\">sau<\/span> <span class=\"cf1\">definitiv\u0103<\/span><span class=\"cf1\">).<\/span><\/p>\n<p>&nbsp;<\/p>\n<p class=\"pf0\"><span class=\"cf1\">Conexiunea<\/span><span class=\"cf1\"> MC <\/span><span class=\"cf1\">este<\/span> <span class=\"cf1\">compatibil\u0103<\/span><span class=\"cf1\"> cu <\/span><span class=\"cf1\">sistemele<\/span> <span class=\"cf1\">protetice<\/span><span class=\"cf1\"> Southern Implants, <\/span><span class=\"cf1\">inclusiv<\/span><span class=\"cf1\"> cu <\/span><span class=\"cf1\">cilindrii<\/span><span class=\"cf1\"> MC, bonturi dedicate, <\/span><span class=\"cf1\">analogi<\/span> <span class=\"cf1\">digitali<\/span> <span class=\"cf1\">\u0219i<\/span> <span class=\"cf1\">componente<\/span><span class=\"cf1\"> CAD\/CAM, <\/span><span class=\"cf1\">asigur<\/span><span class=\"cf0\">\u00e2nd<\/span> <span class=\"cf0\">integrarea<\/span> <span class=\"cf0\">complet<\/span><span class=\"cf1\">\u0103<\/span> <span class=\"cf0\">\u00een<\/span> <span class=\"cf0\">fluxul<\/span><span class=\"cf0\"> digital. <\/span><span class=\"cf0\">Bonturile<\/span><span class=\"cf0\"> MC-ZYG sunt <\/span><span class=\"cf0\">utilizate<\/span> <span class=\"cf0\">frecvent<\/span> <span class=\"cf0\">\u00een<\/span> <span class=\"cf0\">restaur<\/span><span class=\"cf1\">\u0103rile<\/span> <span class=\"cf1\">complexe<\/span><span class=\"cf1\"> full-arch <\/span><span class=\"cf1\">sau<\/span> <span class=\"cf0\">\u00een<\/span> <span class=\"cf0\">reabilit<\/span><span class=\"cf1\">\u0103rile<\/span><span class=\"cf1\"> cranio-<\/span><span class=\"cf1\">faciale<\/span><span class=\"cf1\">, <\/span><span class=\"cf1\">unde<\/span> <span class=\"cf1\">angula\u021bia<\/span> <span class=\"cf1\">implanturilor<\/span> <span class=\"cf1\">zigomatice<\/span> <span class=\"cf1\">impune<\/span><span class=\"cf1\"> un control precis al <\/span><span class=\"cf1\">emergen\u021bei<\/span> <span class=\"cf1\">\u0219i<\/span> <span class=\"cf1\">pozi\u021bion\u0103rii<\/span> <span class=\"cf1\">protetice<\/span><span class=\"cf1\">.<\/span><\/p>\n<p><!--StartFragment --><\/p>\n<h3 class=\"pf0\"><strong><span class=\"cf0\">Specifica\u021bii cheie bonturi protetice conice MC-ZYG pentru implanturile zigomatice ZYGIN\u00ae:<\/span><\/strong><\/h3>\n<ul>\n<li class=\"pf0\"><span class=\"cf0\">Geometrie Compact Conical (MC) pentru stabilitate superioar\u0103<\/span><\/li>\n<li class=\"pf0\"><span class=\"cf0\">Disponibile <\/span><span class=\"cf1\">\u00een<\/span><span class=\"cf1\"> multiple <\/span><span class=\"cf1\">\u00een<\/span><span class=\"cf2\">\u0103l\u021bimi<\/span> <span class=\"cf2\">pentru<\/span> <span class=\"cf2\">controlul<\/span> <span class=\"cf2\">emergen\u021bei<\/span><\/li>\n<li class=\"pf0\"><span class=\"cf2\">Proiectate<\/span><span class=\"cf2\"> special <\/span><span class=\"cf2\">pentru<\/span> <span class=\"cf2\">implanturile<\/span> <span class=\"cf2\">zigomatice<\/span><span class=\"cf2\"> ZYGIN<\/span><span class=\"cf1\">\u00ae<\/span><\/li>\n<li class=\"pf0\"><span class=\"cf1\">Biocompatibilitate<\/span> <span class=\"cf1\">ridicat<\/span><span class=\"cf2\">\u0103<\/span> <span class=\"cf2\">\u0219i<\/span> <span class=\"cf2\">integrare<\/span> <span class=\"cf2\">protetic\u0103<\/span> <span class=\"cf2\">predictibil\u0103<\/span><\/li>\n<\/ul>\n<h3 class=\"pf0\"><strong><span class=\"cf1\">Beneficii<\/span> <span class=\"cf1\">pentru<\/span> <span class=\"cf1\">medici:<\/span><\/strong><\/h3>\n<ul>\n<li class=\"pf0\"><span class=\"cf1\">Flexibilitate<\/span> <span class=\"cf1\">\u00een<\/span> <span class=\"cf1\">alegerea<\/span> <span class=\"cf1\">\u00een<\/span><span class=\"cf2\">\u0103l\u021bimii<\/span> <span class=\"cf2\">potrivite<\/span><span class=\"cf2\"> clinic<\/span><\/li>\n<li class=\"pf0\"><span class=\"cf2\">Manipulare<\/span> <span class=\"cf2\">u\u0219oar\u0103<\/span> <span class=\"cf2\">\u0219i<\/span> <span class=\"cf2\">fixare<\/span> <span class=\"cf2\">ferm\u0103<\/span> <span class=\"cf2\">pe<\/span> <span class=\"cf2\">platforma<\/span><span class=\"cf2\"> MC<\/span><\/li>\n<li class=\"pf0\"><span class=\"cf2\">Adaptare<\/span> <span class=\"cf2\">protetic\u0103<\/span> <span class=\"cf2\">ideal\u0103<\/span> <span class=\"cf2\">pentru<\/span> <span class=\"cf2\">restaur\u0103ri<\/span> <span class=\"cf2\">complexe<\/span><\/li>\n<li class=\"pf0\"><span class=\"cf2\">Integrare<\/span> <span class=\"cf2\">complet\u0103<\/span> <span class=\"cf1\">\u00een<\/span> <span class=\"cf1\">fluxul<\/span><span class=\"cf1\"> digital CAD\/CAM<\/span><\/li>\n<\/ul>\n<h3 class=\"pf0\"><strong><span class=\"cf1\">Beneficii<\/span> <span class=\"cf1\">pentru<\/span> <span class=\"cf1\">pacien<\/span><span class=\"cf2\">\u021bi:<\/span><\/strong><\/h3>\n<ul>\n<li class=\"pf0\"><span class=\"cf2\">Contur<\/span><span class=\"cf2\"> gingival <\/span><span class=\"cf2\">stabil<\/span> <span class=\"cf2\">\u0219i<\/span> <span class=\"cf2\">estetic<\/span><\/li>\n<li class=\"pf0\"><span class=\"cf2\">Restaurare<\/span> <span class=\"cf2\">final\u0103<\/span> <span class=\"cf2\">confortabil\u0103<\/span> <span class=\"cf2\">\u0219i<\/span> <span class=\"cf2\">predictibil\u0103<\/span><\/li>\n<li class=\"pf0\"><span class=\"cf2\">Stabilitate<\/span> <span class=\"cf2\">protetic\u0103<\/span> <span class=\"cf2\">superioar\u0103<\/span> <span class=\"cf2\">pe<\/span><span class=\"cf2\"> termen lung<\/span><\/li>\n<li class=\"pf0\"><span class=\"cf2\">Reducerea<\/span> <span class=\"cf2\">riscului<\/span><span class=\"cf2\"> de <\/span><span class=\"cf2\">iritare<\/span><span class=\"cf2\"> a <\/span><span class=\"cf2\">\u021besuturilor<\/span> <span class=\"cf2\">moi<\/span><\/li>\n<\/ul>\n","protected":false},"excerpt":{"rendered":"<p><span class=\"cf0\">Bonturile MC-ZYG sunt componente protetice Compact Conical (MC) dedicate implanturilor zigomatice ZYGIN<\/span><span class=\"cf1\">\u00ae, <\/span><span class=\"cf1\">concepute<\/span> <span class=\"cf1\">pentru<\/span><span class=\"cf1\"> a <\/span><span class=\"cf1\">asigura<\/span><span class=\"cf1\"> o <\/span><span class=\"cf1\">emergen<\/span><span class=\"cf2\">\u021b\u0103<\/span> <span class=\"cf2\">controlat\u0103<\/span><span class=\"cf2\">, <\/span><span class=\"cf2\">stabilitate<\/span> <span class=\"cf2\">protetic\u0103<\/span> <span class=\"cf2\">excelent\u0103<\/span> <span class=\"cf2\">\u0219i<\/span> <span class=\"cf2\">adaptare<\/span> <span class=\"cf2\">precis\u0103<\/span> <span class=\"cf1\">\u00een<\/span> <span class=\"cf1\">reabilit<\/span><span class=\"cf2\">\u0103rile<\/span> <span class=\"cf2\">maxilare<\/span> <span class=\"cf2\">complexe<\/span><span class=\"cf2\">. <\/span><span class=\"cf2\">Disponibile<\/span> <span class=\"cf1\">\u00een<\/span> <span class=\"cf1\">mai<\/span> <span class=\"cf1\">multe<\/span> <span class=\"cf1\">\u00een<\/span><span class=\"cf2\">\u0103l\u021bimi<\/span><span class=\"cf2\">, permit <\/span><span class=\"cf2\">personalizarea<\/span> <span class=\"cf2\">restaur\u0103rii<\/span> <span class=\"cf1\">\u00een<\/span> <span class=\"cf1\">func<\/span><span class=\"cf2\">\u021bie<\/span><span class=\"cf2\"> de <\/span><span class=\"cf2\">grosimea<\/span> <span class=\"cf2\">\u021besutului<\/span> <span class=\"cf2\">moale<\/span> <span class=\"cf2\">\u0219i<\/span><span class=\"cf2\"> de <\/span><span class=\"cf2\">angula\u021bia<\/span> <span class=\"cf2\">implantului<\/span><span class=\"cf2\">.<\/span><\/p>\n","protected":false},"featured_media":8769,"comment_status":"closed","ping_status":"closed","template":"","meta":{"_kad_blocks_custom_css":"","_kad_blocks_head_custom_js":"","_kad_blocks_body_custom_js":"","_kad_blocks_footer_custom_js":"","_kadence_starter_templates_imported_post":false,"_kad_post_transparent":"default","_kad_post_title":"","_kad_post_layout":"default","_kad_post_sidebar_id":"","_kad_post_content_style":"default","_kad_post_vertical_padding":"default","_kad_post_feature":"","_kad_post_feature_position":"","_kad_post_header":false,"_kad_post_footer":false,"_kad_post_classname":""},"product_brand":[482],"product_cat":[35,75],"product_tag":[470],"product_partner":[],"class_list":{"0":"post-6301","1":"product","2":"type-product","3":"status-publish","4":"has-post-thumbnail","6":"product_brand-southern-implants","7":"product_cat-protetica-dentara","8":"product_cat-bonturi-protetice","9":"product_tag-preorder","11":"first","12":"instock","13":"taxable","14":"shipping-taxable","15":"purchasable","16":"product-type-simple","17":"entry","18":"content-bg","19":"loop-entry"},"taxonomy_info":{"product_brand":[{"value":482,"label":"Southern Implants"}],"product_cat":[{"value":35,"label":"Protetic\u0103 dentar\u0103"},{"value":75,"label":"Bonturi protetice"}],"product_tag":[{"value":470,"label":"#preorder"}]},"featured_image_src_large":["https:\/\/gursk.ro\/shop\/wp-content\/uploads\/2025\/09\/Bonturi-protetice-conice-MC-ZYGMC-Z-YG-1.5-724x1024.png",724,1024,true],"author_info":[],"comment_info":0,"_links":{"self":[{"href":"https:\/\/gursk.ro\/shop\/wp-json\/wp\/v2\/product\/6301","targetHints":{"allow":["GET"]}}],"collection":[{"href":"https:\/\/gursk.ro\/shop\/wp-json\/wp\/v2\/product"}],"about":[{"href":"https:\/\/gursk.ro\/shop\/wp-json\/wp\/v2\/types\/product"}],"replies":[{"embeddable":true,"href":"https:\/\/gursk.ro\/shop\/wp-json\/wp\/v2\/comments?post=6301"}],"version-history":[{"count":1,"href":"https:\/\/gursk.ro\/shop\/wp-json\/wp\/v2\/product\/6301\/revisions"}],"predecessor-version":[{"id":8768,"href":"https:\/\/gursk.ro\/shop\/wp-json\/wp\/v2\/product\/6301\/revisions\/8768"}],"wp:featuredmedia":[{"embeddable":true,"href":"https:\/\/gursk.ro\/shop\/wp-json\/wp\/v2\/media\/8769"}],"wp:attachment":[{"href":"https:\/\/gursk.ro\/shop\/wp-json\/wp\/v2\/media?parent=6301"}],"wp:term":[{"taxonomy":"product_brand","embeddable":true,"href":"https:\/\/gursk.ro\/shop\/wp-json\/wp\/v2\/product_brand?post=6301"},{"taxonomy":"product_cat","embeddable":true,"href":"https:\/\/gursk.ro\/shop\/wp-json\/wp\/v2\/product_cat?post=6301"},{"taxonomy":"product_tag","embeddable":true,"href":"https:\/\/gursk.ro\/shop\/wp-json\/wp\/v2\/product_tag?post=6301"},{"taxonomy":"product_partner","embeddable":true,"href":"https:\/\/gursk.ro\/shop\/wp-json\/wp\/v2\/product_partner?post=6301"}],"curies":[{"name":"wp","href":"https:\/\/api.w.org\/{rel}","templated":true}]}}