{"id":6276,"date":"2025-09-18T18:40:29","date_gmt":"2025-09-18T15:40:29","guid":{"rendered":"https:\/\/gursk.ro\/shop\/?post_type=product&#038;p=6276"},"modified":"2026-04-08T10:26:47","modified_gmt":"2026-04-08T07:26:47","slug":"bonturi-protetice-conice-amcz","status":"publish","type":"product","link":"https:\/\/gursk.ro\/shop\/produs\/bonturi-protetice-conice-amcz\/","title":{"rendered":"Bonturi protetice conice AMCZ pentru implanturi zigomatice \u00d8 4 mm"},"content":{"rendered":"<p><!--StartFragment --><\/p>\n<p class=\"pf0\"><!--StartFragment --><\/p>\n<p class=\"pf0\"><span class=\"cf0\">Bonturile protetice conice AMCZ (AMCZ1, AMCZ2, AMCZ3, AMCZ4, AMCZ5) fac parte din gama oficial<\/span><span class=\"cf0\">\u0103 de componente protetice Southern Implants pentru implanturile zigomatice cu <strong>conexiune External Hex.<\/strong> <strong>Cu diametrul platformei de 4 mm \u0219i <\/strong><\/span><strong><span class=\"cf1\">\u00een<\/span><span class=\"cf2\">\u0103l\u021bimea<\/span>\u00a0<span class=\"cf2\">redus\u0103<\/span><\/strong><span class=\"cf2\"><strong>\u00a0 (\u00eentre 1 mm \u0219i 5 mm)<\/strong>, <\/span><span class=\"cf2\">aceste<\/span> <span class=\"cf2\">bonturi<\/span> sunt recomandate\u00a0<span class=\"cf2\">pentru<\/span> <span class=\"cf2\">situa\u021biile<\/span> <span class=\"cf1\">\u00een<\/span><span class=\"cf1\"> care <\/span><span class=\"cf1\">este<\/span> <span class=\"cf1\">necesar<\/span><span class=\"cf2\">\u0103<\/span><span class=\"cf2\"> o <\/span><span class=\"cf2\">emergen\u021b\u0103<\/span> <span class=\"cf2\">gingival\u0103<\/span> <span class=\"cf2\">minim\u0103<\/span> <span class=\"cf2\">\u0219i<\/span><span class=\"cf2\"> o <\/span><span class=\"cf2\">adaptare<\/span> <span class=\"cf2\">protetic\u0103<\/span> <span class=\"cf2\">str<\/span><span class=\"cf1\">\u00e2ns<\/span><span class=\"cf2\">\u0103<\/span><span class=\"cf2\">, <\/span><span class=\"cf2\">f\u0103r\u0103<\/span> <span class=\"cf2\">modificarea<\/span> <span class=\"cf2\">excesiv\u0103<\/span><span class=\"cf2\"> a <\/span><span class=\"cf2\">\u021besutului<\/span> <span class=\"cf2\">moale<\/span><span class=\"cf2\">.<\/span><\/p>\n<p class=\"pf0\"><!--StartFragment --><\/p>\n<p>&nbsp;<\/p>\n<p class=\"pf0\"><strong><span class=\"cf0\">Designul conic al bonturilor permite o adaptare biomecanic<\/span><\/strong><span class=\"cf0\"><strong>\u0103 eficient\u0103,<\/strong> oferind suport \u0219i stabilitate pentru lucr\u0103rile protetice fixe utilizate frecvent <\/span><span class=\"cf1\">\u00een<\/span> <span class=\"cf1\">reabilit<\/span><span class=\"cf2\">\u0103rile<\/span><span class=\"cf2\"> cu <\/span><span class=\"cf2\">implanturi<\/span> <span class=\"cf2\">zigomatice<\/span><span class=\"cf2\"> (ZYG-55<\/span><span class=\"cf1\">\u00b0 <\/span><span class=\"cf2\">\u0219i<\/span><span class=\"cf2\"> ZYGAN<\/span><span class=\"cf1\">\u00ae). <\/span><span class=\"cf1\">Profilul<\/span><span class=\"cf1\"> lor <\/span><span class=\"cf1\">scurt<\/span> <span class=\"cf2\">\u0219i<\/span><span class=\"cf2\"> compact <\/span><span class=\"cf2\">minimizeaz\u0103<\/span> <span class=\"cf2\">tensiunile<\/span> <span class=\"cf2\">asupra<\/span> <span class=\"cf2\">gingiei<\/span> <span class=\"cf2\">\u0219i<\/span> <span class=\"cf2\">asigur\u0103<\/span><span class=\"cf2\"> o <\/span><span class=\"cf2\">pozi\u021bionare<\/span> <span class=\"cf2\">ferm\u0103<\/span><span class=\"cf2\"> a <\/span><span class=\"cf2\">restaur\u0103rii<\/span><span class=\"cf2\">, <\/span><span class=\"cf2\">men\u021bin<\/span><span class=\"cf1\">\u00e2nd<\/span> <span class=\"cf1\">\u00een<\/span> <span class=\"cf1\">acela<\/span><span class=\"cf2\">\u0219i<\/span> <span class=\"cf2\">timp<\/span> <span class=\"cf2\">accesul<\/span> <span class=\"cf2\">optim<\/span><span class=\"cf2\"> la <\/span><span class=\"cf2\">\u0219uruburile<\/span> <span class=\"cf2\">protetice<\/span><span class=\"cf2\">.<\/span><\/p>\n<p class=\"pf0\"><span class=\"cf2\">Fabricate din<strong> titan medical (Grad 4\/Grad 5)<\/strong> <\/span><span class=\"cf2\">\u0219i<\/span> <span class=\"cf2\">finisate<\/span> <span class=\"cf2\">prin<\/span> <span class=\"cf2\">poli\u0219are<\/span><span class=\"cf2\">, <\/span><span class=\"cf2\">bonturile<\/span><span class=\"cf2\"> AMCZ <\/span><span class=\"cf2\">ofer\u0103<\/span> <span class=\"cf2\">biocompatibilitate<\/span> <span class=\"cf2\">excelent\u0103<\/span><span class=\"cf2\">, <\/span><span class=\"cf2\">reduc<\/span> <span class=\"cf2\">aderen\u021ba<\/span> <span class=\"cf2\">pl\u0103cii<\/span> <span class=\"cf2\">bacteriene<\/span> <span class=\"cf2\">\u0219i<\/span> <span class=\"cf2\">sprijin\u0103<\/span> <span class=\"cf2\">s\u0103n\u0103tatea<\/span> <span class=\"cf2\">\u021besuturilor<\/span> <span class=\"cf2\">periimplantare<\/span><span class=\"cf2\">. <\/span><span class=\"cf2\">Aceste<\/span> <span class=\"cf2\">componente<\/span><span class=\"cf2\"> sunt destinate <\/span><span class=\"cf2\">utiliz\u0103rii<\/span> <span class=\"cf2\">clinice<\/span><span class=\"cf2\"> de <\/span><span class=\"cf2\">precizie<\/span> <span class=\"cf1\">\u00een<\/span> <span class=\"cf1\">cadrul<\/span> <span class=\"cf1\">restaur<\/span><span class=\"cf2\">\u0103rilor<\/span> <span class=\"cf2\">zigomatice<\/span> <span class=\"cf2\">complexe<\/span><span class=\"cf2\">.<\/span><\/p>\n<p class=\"pf0\"><!--EndFragment --><\/p>\n<p class=\"pf0\"><span class=\"cf0\"><!--EndFragment --><\/span><\/p>\n<h1 class=\"product_title entry-title\"><!--StartFragment --><\/h1>\n<h3 class=\"pf0\"><strong><span class=\"cf0\">Specifica<\/span><span class=\"cf1\">\u021bii<\/span> <span class=\"cf1\">cheie<\/span><span class=\"cf1\"> b<\/span><span class=\"cf0\">onturi<\/span> <span class=\"cf0\">protetice<\/span> <span class=\"cf0\">conice<\/span><span class=\"cf0\"> AMCZ <\/span><span class=\"cf0\">pentru<\/span> <span class=\"cf0\">implanturi<\/span> <span class=\"cf0\">zigomatice<\/span><span class=\"cf0\"> \u00d8 4 mm:<\/span><\/strong><\/h3>\n<p class=\"pf0\"><span class=\"cf1\"><!--EndFragment --><\/span><\/p>\n<p>&nbsp;<\/p>\n<ul>\n<li class=\"pf0\"><span class=\"cf1\">Design conic compact, ideal <\/span><span class=\"cf1\">pentru<\/span> <span class=\"cf1\">restaur\u0103ri<\/span><span class=\"cf1\"> cu <\/span><span class=\"cf1\">spa\u021biu<\/span><span class=\"cf1\"> vertical <\/span><span class=\"cf1\">limitat<\/span><span class=\"cf1\">.<\/span><\/li>\n<li class=\"pf0\"><span class=\"cf1\">Rigiditate<\/span> <span class=\"cf1\">optim\u0103<\/span> <span class=\"cf1\">pentru<\/span> <span class=\"cf1\">reducerea<\/span><span class=\"cf1\"> micro-<\/span><span class=\"cf1\">mi\u015fc\u0103rilor<\/span> <span class=\"cf0\">\u00een<\/span> <span class=\"cf0\">restaur<\/span><span class=\"cf1\">\u0103rile<\/span> <span class=\"cf1\">extinse<\/span><span class=\"cf1\">.<\/span><\/li>\n<li class=\"pf0\"><span class=\"cf1\">Interfa\u021b\u0103<\/span> <span class=\"cf1\">mecanic\u0103<\/span> <span class=\"cf1\">sigur\u0103<\/span> <span class=\"cf1\">datorit\u0103<\/span> <span class=\"cf1\">compatibilit\u0103\u021bii<\/span> <span class=\"cf1\">perfecte<\/span><span class=\"cf1\"> cu <\/span><span class=\"cf1\">platforma<\/span> <span class=\"cf1\">zigomatic\u0103<\/span><span class=\"cf1\"> Southern Implants.<\/span><\/li>\n<li class=\"pf0\"><span class=\"cf1\">Contur<\/span> <span class=\"cf1\">protetic<\/span> <span class=\"cf1\">adaptabil<\/span><span class=\"cf1\">, <\/span><span class=\"cf1\">esen\u021bial<\/span> <span class=\"cf0\">\u00een<\/span> <span class=\"cf0\">reabilit<\/span><span class=\"cf1\">\u0103rile<\/span><span class=\"cf1\"> cranio-<\/span><span class=\"cf1\">faciale<\/span><span class=\"cf1\">.<\/span><\/li>\n<\/ul>\n<h3 class=\"pf0\"><strong><span class=\"cf0\">Beneficii<\/span> <span class=\"cf0\">pentru<\/span> <span class=\"cf0\">medici:<\/span><\/strong><\/h3>\n<ul>\n<li class=\"pf0\"><span class=\"cf0\">Ajustare<\/span> <span class=\"cf0\">protetic<\/span><span class=\"cf1\">\u0103<\/span> <span class=\"cf1\">rapid\u0103<\/span> <span class=\"cf1\">\u0219i<\/span> <span class=\"cf1\">precis\u0103<\/span><span class=\"cf1\">.<\/span><\/li>\n<li class=\"pf0\"><span class=\"cf1\">Compatibilitate<\/span> <span class=\"cf1\">total\u0103<\/span><span class=\"cf1\"> cu <\/span><span class=\"cf1\">sistemul<\/span><span class=\"cf1\"> zygomatic Southern Implants.<\/span><\/li>\n<li class=\"pf0\"><span class=\"cf1\">Stabilitate<\/span> <span class=\"cf1\">coronar\u0103<\/span> <span class=\"cf1\">excelent\u0103<\/span> <span class=\"cf0\">\u00een<\/span> <span class=\"cf0\">lucr<\/span><span class=\"cf1\">\u0103rile<\/span><span class=\"cf1\"> fixe <\/span><span class=\"cf1\">extinse<\/span><span class=\"cf1\">.<\/span><\/li>\n<li class=\"pf0\"><span class=\"cf1\">Minim\u0103<\/span> <span class=\"cf1\">interferen\u021b\u0103<\/span><span class=\"cf1\"> cu <\/span><span class=\"cf1\">\u021besuturile<\/span> <span class=\"cf1\">moi<\/span><span class=\"cf1\">, util <\/span><span class=\"cf0\">\u00een<\/span> <span class=\"cf0\">cazurile<\/span> <span class=\"cf0\">complexe<\/span><span class=\"cf0\">.<\/span><\/li>\n<\/ul>\n<h3 class=\"pf0\"><strong><span class=\"cf0\">Beneficii<\/span> <span class=\"cf0\">pentru<\/span> <span class=\"cf0\">pacien<\/span><span class=\"cf1\">\u021bi:<\/span><\/strong><\/h3>\n<ul>\n<li class=\"pf0\"><span class=\"cf1\">Confort<\/span><span class=\"cf1\"> gingival <\/span><span class=\"cf1\">datorit\u0103<\/span> <span class=\"cf1\">profilului<\/span><span class=\"cf1\"> conic <\/span><span class=\"cf1\">scurt<\/span><span class=\"cf1\">.<\/span><\/li>\n<li class=\"pf0\"><span class=\"cf1\">Siguran\u021b\u0103<\/span> <span class=\"cf1\">\u0219i<\/span> <span class=\"cf1\">stabilitate<\/span> <span class=\"cf0\">\u00een<\/span> <span class=\"cf0\">restaurarea<\/span> <span class=\"cf0\">protetic<\/span><span class=\"cf1\">\u0103<\/span> <span class=\"cf1\">final\u0103<\/span><span class=\"cf1\">.<\/span><\/li>\n<li class=\"pf0\"><span class=\"cf1\">Reducerea<\/span> <span class=\"cf1\">riscului<\/span><span class=\"cf1\"> de <\/span><span class=\"cf1\">irita\u021bii<\/span> <span class=\"cf1\">periimplantare<\/span> <span class=\"cf1\">datorit\u0103<\/span> <span class=\"cf1\">suprafe\u021bei<\/span> <span class=\"cf1\">poli\u0219ate<\/span><span class=\"cf1\">.<\/span><\/li>\n<li class=\"pf0\"><span class=\"cf1\">Contribu\u021bie<\/span><span class=\"cf1\"> la <\/span><span class=\"cf1\">estetica<\/span> <span class=\"cf1\">corect\u0103<\/span> <span class=\"cf1\">\u0219i<\/span> <span class=\"cf1\">func\u021bionalitatea<\/span> <span class=\"cf1\">lucr\u0103rii<\/span><span class=\"cf1\"> finale.<\/span><\/li>\n<\/ul>\n<h1 class=\"product_title entry-title\"><!--EndFragment --><\/h1>\n<p><!--EndFragment --><\/p>\n","protected":false},"excerpt":{"rendered":"<p><!--StartFragment --><\/p>\n<p><!--StartFragment --><\/p>\n<p class=\"pf0\"><span class=\"cf0\">Bonturile protetice conice AMCZ pentru implanturi zigomatice cu diametru <\/span><span class=\"cf1\">\u00d8 4 mm \u0219i <span class=\"cf0\">\u00een<\/span>\u0103l\u021bime de la 1 mm p\u00e2n\u0103 la 5 mm sunt concepute pentru a asigura o tranzi\u021bie corect\u0103 <span class=\"cf0\">\u00eentre<\/span> <span class=\"cf0\">implantul<\/span> <span class=\"cf0\">zigomatic<\/span> \u0219i restaurarea protetic\u0103. Ofer\u0103 stabilitate ridicat\u0103, rezisten\u021b\u0103 mecanic\u0103 \u0219i o pozi\u021bionare precis\u0103 <span class=\"cf0\">\u00een<\/span> <span class=\"cf0\">lucr<\/span>\u0103rile fixe.\u00a0<\/span><\/p>\n<p><!--EndFragment --><\/p>\n<p><!--EndFragment --><\/p>\n","protected":false},"featured_media":8574,"comment_status":"closed","ping_status":"closed","template":"","meta":{"_kad_blocks_custom_css":"","_kad_blocks_head_custom_js":"","_kad_blocks_body_custom_js":"","_kad_blocks_footer_custom_js":"","_kadence_starter_templates_imported_post":false,"_kad_post_transparent":"default","_kad_post_title":"","_kad_post_layout":"default","_kad_post_sidebar_id":"","_kad_post_content_style":"default","_kad_post_vertical_padding":"default","_kad_post_feature":"","_kad_post_feature_position":"","_kad_post_header":false,"_kad_post_footer":false,"_kad_post_classname":""},"product_brand":[482],"product_cat":[35],"product_tag":[470],"product_partner":[],"class_list":{"0":"post-6276","1":"product","2":"type-product","3":"status-publish","4":"has-post-thumbnail","6":"product_brand-southern-implants","7":"product_cat-protetica-dentara","8":"product_tag-preorder","10":"first","11":"instock","12":"taxable","13":"shipping-taxable","14":"purchasable","15":"product-type-simple","16":"entry","17":"content-bg","18":"loop-entry"},"taxonomy_info":{"product_brand":[{"value":482,"label":"Southern Implants"}],"product_cat":[{"value":35,"label":"Protetic\u0103 dentar\u0103"}],"product_tag":[{"value":470,"label":"#preorder"}]},"featured_image_src_large":["https:\/\/gursk.ro\/shop\/wp-content\/uploads\/2025\/09\/AMCZ1-724x1024.png",724,1024,true],"author_info":[],"comment_info":0,"_links":{"self":[{"href":"https:\/\/gursk.ro\/shop\/wp-json\/wp\/v2\/product\/6276","targetHints":{"allow":["GET"]}}],"collection":[{"href":"https:\/\/gursk.ro\/shop\/wp-json\/wp\/v2\/product"}],"about":[{"href":"https:\/\/gursk.ro\/shop\/wp-json\/wp\/v2\/types\/product"}],"replies":[{"embeddable":true,"href":"https:\/\/gursk.ro\/shop\/wp-json\/wp\/v2\/comments?post=6276"}],"wp:featuredmedia":[{"embeddable":true,"href":"https:\/\/gursk.ro\/shop\/wp-json\/wp\/v2\/media\/8574"}],"wp:attachment":[{"href":"https:\/\/gursk.ro\/shop\/wp-json\/wp\/v2\/media?parent=6276"}],"wp:term":[{"taxonomy":"product_brand","embeddable":true,"href":"https:\/\/gursk.ro\/shop\/wp-json\/wp\/v2\/product_brand?post=6276"},{"taxonomy":"product_cat","embeddable":true,"href":"https:\/\/gursk.ro\/shop\/wp-json\/wp\/v2\/product_cat?post=6276"},{"taxonomy":"product_tag","embeddable":true,"href":"https:\/\/gursk.ro\/shop\/wp-json\/wp\/v2\/product_tag?post=6276"},{"taxonomy":"product_partner","embeddable":true,"href":"https:\/\/gursk.ro\/shop\/wp-json\/wp\/v2\/product_partner?post=6276"}],"curies":[{"name":"wp","href":"https:\/\/api.w.org\/{rel}","templated":true}]}}