{"id":5211,"date":"2025-09-18T18:26:39","date_gmt":"2025-09-18T15:26:39","guid":{"rendered":"https:\/\/gursk.ro\/shop\/?post_type=product&#038;p=5211"},"modified":"2026-05-04T10:26:25","modified_gmt":"2026-05-04T07:26:25","slug":"f87507-ansa-piezo-lc1-ii","status":"publish","type":"product","link":"https:\/\/gursk.ro\/shop\/produs\/f87507-ansa-piezo-lc1-ii\/","title":{"rendered":"Ans\u0103 LC1 II Acteon, F87507"},"content":{"rendered":"<p><strong>Ansa piezo LC1 II<\/strong>\u00a0de la <strong>Acteon<\/strong> este un periotom ultrasonic special conceput pentru extrac\u021bii atraumatice \u0219i proceduri de sindesmotomie \u0219i osteotomie periradiculare. Aceasta este destinat\u0103 pentru extrac\u021bia din\u021bilor inclu\u0219i \u0219i \u00eendep\u0103rtarea fragmentelor radiculare, protej\u00e2nd osul alveolar \u0219i minimiz\u00e2nd trauma asupra \u021besutului din jur.<\/p>\n<p>V\u00e2rful LC1 II este introdus cu grij\u0103 de-a lungul ligamentului periodontal, \u00eentre r\u0103d\u0103cina dintelui \u0219i osul alveolar, facilit\u00e2nd o extrac\u021bie rapid\u0103 \u0219i precis\u0103, f\u0103r\u0103 a compromite integritatea osului.<\/p>\n<p>&nbsp;<\/p>\n","protected":false},"excerpt":{"rendered":"<p><strong>Ansa piezo LC1 II Acteon<\/strong> de 9 mm este un v\u00e2rf ultrasonic pentru extrac\u021bii atraumatice, protej\u00e2nd osul alveolar \u0219i facilit\u00e2nd extrac\u021bii rapide \u0219i precise.<\/p>\n","protected":false},"featured_media":5228,"comment_status":"closed","ping_status":"closed","template":"","meta":{"_kad_blocks_custom_css":"","_kad_blocks_head_custom_js":"","_kad_blocks_body_custom_js":"","_kad_blocks_footer_custom_js":"","_kadence_starter_templates_imported_post":false,"_kad_post_transparent":"default","_kad_post_title":"","_kad_post_layout":"default","_kad_post_sidebar_id":"","_kad_post_content_style":"default","_kad_post_vertical_padding":"default","_kad_post_feature":"","_kad_post_feature_position":"","_kad_post_header":false,"_kad_post_footer":false,"_kad_post_classname":""},"product_brand":[393],"product_cat":[19,18,54],"product_tag":[469],"product_partner":[],"class_list":{"0":"post-5211","1":"product","2":"type-product","3":"status-publish","4":"has-post-thumbnail","6":"product_brand-acteon","7":"product_cat-aparate-piezochirurgie","8":"product_cat-echipamente-chirurgie-si-accesorii","9":"product_cat-echipamente-stomatologice","10":"product_tag-onlineorder","12":"first","13":"instock","14":"taxable","15":"shipping-taxable","16":"purchasable","17":"product-type-simple","18":"entry","19":"content-bg","20":"loop-entry"},"taxonomy_info":{"product_brand":[{"value":393,"label":"ACTEON"}],"product_cat":[{"value":19,"label":"Aparate Piezochirurgie"},{"value":18,"label":"Echipamente de chirurgie dentar\u0103 \u0219i accesorii"},{"value":54,"label":"Echipamente Stomatologice"}],"product_tag":[{"value":469,"label":"#onlineorder"}]},"featured_image_src_large":["https:\/\/gursk.ro\/shop\/wp-content\/uploads\/2022\/10\/S5-F87507.jpg",1000,1000,false],"author_info":[],"comment_info":0,"_links":{"self":[{"href":"https:\/\/gursk.ro\/shop\/wp-json\/wp\/v2\/product\/5211","targetHints":{"allow":["GET"]}}],"collection":[{"href":"https:\/\/gursk.ro\/shop\/wp-json\/wp\/v2\/product"}],"about":[{"href":"https:\/\/gursk.ro\/shop\/wp-json\/wp\/v2\/types\/product"}],"replies":[{"embeddable":true,"href":"https:\/\/gursk.ro\/shop\/wp-json\/wp\/v2\/comments?post=5211"}],"version-history":[{"count":0,"href":"https:\/\/gursk.ro\/shop\/wp-json\/wp\/v2\/product\/5211\/revisions"}],"wp:featuredmedia":[{"embeddable":true,"href":"https:\/\/gursk.ro\/shop\/wp-json\/wp\/v2\/media\/5228"}],"wp:attachment":[{"href":"https:\/\/gursk.ro\/shop\/wp-json\/wp\/v2\/media?parent=5211"}],"wp:term":[{"taxonomy":"product_brand","embeddable":true,"href":"https:\/\/gursk.ro\/shop\/wp-json\/wp\/v2\/product_brand?post=5211"},{"taxonomy":"product_cat","embeddable":true,"href":"https:\/\/gursk.ro\/shop\/wp-json\/wp\/v2\/product_cat?post=5211"},{"taxonomy":"product_tag","embeddable":true,"href":"https:\/\/gursk.ro\/shop\/wp-json\/wp\/v2\/product_tag?post=5211"},{"taxonomy":"product_partner","embeddable":true,"href":"https:\/\/gursk.ro\/shop\/wp-json\/wp\/v2\/product_partner?post=5211"}],"curies":[{"name":"wp","href":"https:\/\/api.w.org\/{rel}","templated":true}]}}