{"id":5179,"date":"2025-09-18T18:26:17","date_gmt":"2025-09-18T15:26:17","guid":{"rendered":"https:\/\/gursk.ro\/shop\/?post_type=product&#038;p=5179"},"modified":"2026-04-08T10:26:19","modified_gmt":"2026-04-08T07:26:19","slug":"bt-3-5-pini-osteosinteza-3-5-mm-5buc-set","status":"publish","type":"product","link":"https:\/\/gursk.ro\/shop\/produs\/bt-3-5-pini-osteosinteza-3-5-mm-5buc-set\/","title":{"rendered":"BT-3.5 &#8211; PINI OSTEOSINTEZA 3.5 MM &#8211; 5buc\/set"},"content":{"rendered":"<div class=\"flex-1 overflow-hidden\">\n<div class=\"react-scroll-to-bottom--css-kjjsf-79elbk h-full\">\n<div class=\"react-scroll-to-bottom--css-kjjsf-1n7m0yu\">\n<div class=\"flex flex-col pb-9 text-sm\">\n<div class=\"w-full text-token-text-primary\" data-testid=\"conversation-turn-13\">\n<div class=\"px-4 py-2 justify-center text-base md:gap-6 m-auto\">\n<div class=\"flex flex-1 text-base mx-auto gap-3 md:px-5 lg:px-1 xl:px-5 md:max-w-3xl lg:max-w-[40rem] xl:max-w-[48rem] group final-completion\">\n<div class=\"relative flex w-full flex-col agent-turn\">\n<div class=\"flex-col gap-1 md:gap-3\">\n<div class=\"flex flex-grow flex-col max-w-full\">\n<div class=\"min-h-[20px] text-message flex flex-col items-start gap-3 whitespace-pre-wrap break-words [.text-message+&amp;]:mt-5 overflow-x-auto\" data-message-author-role=\"assistant\" data-message-id=\"87e56652-a49d-4ad5-b76f-14334a67c6a3\">\n<div class=\"markdown prose w-full break-words dark:prose-invert dark\">\n<h5><span style=\"font-size: 16px;\">Setul de 5 pini de osteosintez\u0103 MCTBIO din titan pentru Regenerarea Ghidat\u0103 a Oaselor 3.5 mm &#8211; Stabilitate \u0219i vindecare optim\u0103 \u00een proceduri dentare<\/span><\/h5>\n<p><strong>Construc\u021bie din Titan:<\/strong> Realiza\u021bi din titan de prim\u0103 clas\u0103, pinii MCTBIO asigur\u0103 o biocompatibilitate excep\u021bional\u0103 \u0219i rezisten\u021b\u0103 pentru stabilitate pe termen lung. Regenerare Osoas\u0103 Ghidat\u0103 (GBR): Ace\u0219ti pini sunt special concepu\u021bi pentru procedurile de GBR, av\u00e2nd un rol crucial \u00een stabilizarea materialului de gref\u0103 osoas\u0103, facilit\u00e2nd astfel regenerarea.<\/p>\n<p>Materialul din titan al acestor pini fixeaz\u0103 eficient membranele pe loc, elimin\u00e2nd orice posibil\u0103 deplasare, pentru a favoriza un mediu optim pentru procesul de vindecare \u0219i regenerarea oaselor. Biocompatibili: Componentele din titan ale acestor pini reduc \u0219ansele de reac\u021bii adverse, ceea ce ajut\u0103 la biocompatibilitate \u0219i, \u00een consecin\u021b\u0103, sprijin\u0103 un mediu optim pentru vindecare.<\/p>\n<p><strong>Precizie \u00eembun\u0103t\u0103\u021bit\u0103:<\/strong> Cea mai bun\u0103 modalitate pentru un practician dental de a se baza pe precizie este prin Pini Osteosinteza MCTBIO, care reprezint\u0103 un avantaj ad\u0103ugat \u00een procesul de grefare osoas\u0103.<\/p>\n<p><strong>Siguran\u021b\u0103 \u00een fixare:<\/strong> Pini ofer\u0103 o fixare sigur\u0103 a acestora \u00een punctul chirurgical, salv\u00e2nd de posibilitatea de mi\u0219care \u0219i deplasare \u00een etapele critice ale regener\u0103rii osoase.<\/p>\n<p><strong>Contribuie la succesul grefei:<\/strong> Cu caracteristicile sale speciale, Pini Osteosinteza MCTBIO este un membru valoros al kitului dentar. Acesta spore\u0219te succesul gref\u0103rii osoase \u0219i, \u00een cele din urm\u0103, contribuie la satisfac\u021bia pacientului. SET 5 PINI OSTEOSINTEZA MCTBIO 4.5mm<\/p>\n<p>Pinii Osteosinteza MCTBIO sunt un alt instrument crucial \u00een procedurile dentare, \u00een special pentru regenerarea ghidat\u0103 a oaselor. Fabrica\u021bi din titan, ace\u0219ti pini mici, dar rezilien\u021bi, ofer\u0103 versatilitate prin lungimile variate, fix\u00e2nd eficient membranele \u00een loc, pentru a promova condi\u021biile ideale de vindecare a oaselor. Utilizarea titanului asigur\u0103 biocompatibilitate \u0219i durabilitate, reduc\u00e2nd \u0219ansele de apari\u021bie a reac\u021biilor negative ale organismului \u0219i oferind \u00een acela\u0219i timp avantajul pe termen lung al stabilit\u0103\u021bii. Dentistii se bazeaz\u0103 pe Pini Osteosinteza MCTBIO pentru o mai bun\u0103 precizie \u0219i eficacitate a procedurii de gref\u0103, contribuind la rezultatele de succes \u0219i la \u00eembun\u0103t\u0103\u021birea recuper\u0103rii pacien\u021bilor \u00een domeniul dinamic al odontologiei.<\/p>\n<p><strong>Material:<\/strong> Titan<\/p>\n<p><strong>Lungime Pin:<\/strong> 3.5 mm<\/p>\n<p><strong>Setul con\u021bine<\/strong>: 5 x pini 3,5mm<\/p>\n<\/div>\n<\/div>\n<\/div>\n<\/div>\n<\/div>\n<\/div>\n<\/div>\n<\/div>\n<\/div>\n<\/div>\n<\/div>\n<\/div>\n","protected":false},"excerpt":{"rendered":"<h4><strong>Set 5 pini osteosintez\u0103 MCTBIO 3.5mm din Titan: Stabilitate superioar\u0103 \u0219i vindecare optimizat\u0103<\/strong><\/h4>\n<p>Ace\u0219ti pini sunt fabrica\u021bi din titan de prim\u0103 clas\u0103, asigur\u00e2nd biocompatibilitate \u0219i durabilitate. Sunt concepu\u021bi special pentru regenerarea osoas\u0103 ghidat\u0103 (GBR), contribuind eficient la stabilizarea grefei. Biocompatibilitatea este un punct forte, deoarece titanul creeaz\u0103 un mediu s\u0103n\u0103tos pentru procesul de vindecare, reduc\u00e2nd astfel riscul de reac\u021bii adverse. Precizia acestor pini ofer\u0103 acurate\u021be maxim\u0103 \u00een procedurile de grefare osoas\u0103, asigur\u00e2nd rezultate de \u00eenalt\u0103 calitate. Siguran\u021ba \u00een fixare este garantat\u0103, pinii oferind o fixare sigur\u0103 care previne deplasarea \u00een fazele critice ale vindec\u0103rii. Ace\u0219ti pini sunt esen\u021biali pentru a atinge rezultate de succes \u00een grefarea osoas\u0103 \u0219i pentru a asigura satisfac\u021bia pacientului.<\/p>\n","protected":false},"featured_media":5194,"comment_status":"closed","ping_status":"closed","template":"","meta":{"_kad_blocks_custom_css":"","_kad_blocks_head_custom_js":"","_kad_blocks_body_custom_js":"","_kad_blocks_footer_custom_js":"","_kadence_starter_templates_imported_post":false,"_kad_post_transparent":"","_kad_post_title":"","_kad_post_layout":"","_kad_post_sidebar_id":"","_kad_post_content_style":"","_kad_post_vertical_padding":"","_kad_post_feature":"","_kad_post_feature_position":"","_kad_post_header":false,"_kad_post_footer":false,"_kad_post_classname":""},"product_brand":[411],"product_cat":[25],"product_tag":[],"product_partner":[],"class_list":{"0":"post-5179","1":"product","2":"type-product","3":"status-publish","4":"has-post-thumbnail","6":"product_brand-mctbio","7":"product_cat-instrumentar-stomatologie","9":"first","10":"outofstock","11":"taxable","12":"shipping-taxable","13":"purchasable","14":"product-type-simple","15":"entry","16":"content-bg","17":"loop-entry"},"taxonomy_info":{"product_brand":[{"value":411,"label":"MCTBIO"}],"product_cat":[{"value":25,"label":"Instrumentar stomatologie"}]},"featured_image_src_large":["https:\/\/gursk.ro\/shop\/wp-content\/uploads\/2022\/10\/bone-tac-short-1024x1024.png",1024,1024,true],"author_info":[],"comment_info":0,"_links":{"self":[{"href":"https:\/\/gursk.ro\/shop\/wp-json\/wp\/v2\/product\/5179","targetHints":{"allow":["GET"]}}],"collection":[{"href":"https:\/\/gursk.ro\/shop\/wp-json\/wp\/v2\/product"}],"about":[{"href":"https:\/\/gursk.ro\/shop\/wp-json\/wp\/v2\/types\/product"}],"replies":[{"embeddable":true,"href":"https:\/\/gursk.ro\/shop\/wp-json\/wp\/v2\/comments?post=5179"}],"wp:featuredmedia":[{"embeddable":true,"href":"https:\/\/gursk.ro\/shop\/wp-json\/wp\/v2\/media\/5194"}],"wp:attachment":[{"href":"https:\/\/gursk.ro\/shop\/wp-json\/wp\/v2\/media?parent=5179"}],"wp:term":[{"taxonomy":"product_brand","embeddable":true,"href":"https:\/\/gursk.ro\/shop\/wp-json\/wp\/v2\/product_brand?post=5179"},{"taxonomy":"product_cat","embeddable":true,"href":"https:\/\/gursk.ro\/shop\/wp-json\/wp\/v2\/product_cat?post=5179"},{"taxonomy":"product_tag","embeddable":true,"href":"https:\/\/gursk.ro\/shop\/wp-json\/wp\/v2\/product_tag?post=5179"},{"taxonomy":"product_partner","embeddable":true,"href":"https:\/\/gursk.ro\/shop\/wp-json\/wp\/v2\/product_partner?post=5179"}],"curies":[{"name":"wp","href":"https:\/\/api.w.org\/{rel}","templated":true}]}}