{"id":5157,"date":"2025-09-18T18:26:15","date_gmt":"2025-09-18T15:26:15","guid":{"rendered":"https:\/\/gursk.ro\/shop\/?post_type=product&#038;p=5157"},"modified":"2026-04-17T05:25:37","modified_gmt":"2026-04-17T02:25:37","slug":"seringa-the-graft","status":"publish","type":"product","link":"https:\/\/gursk.ro\/shop\/produs\/seringa-the-graft\/","title":{"rendered":"Sering\u0103 THE Graft\u2122 0.25 &#8211; 2.00 mm"},"content":{"rendered":"<p><a href=\"https:\/\/us.purgobio.com\/the-graft\/\" target=\"_blank\" rel=\"noopener\">Seringa THE Graft de la Purgo<\/a> este un biomaterial de \u00eenalt\u0103 puritate, fabricat din os porcin demineralizat, procesat prin metode inovative la temperaturi sc\u0103zute pentru a men\u021bine structura macro, micro \u0219i nanoporilor. Aceast\u0103 tehnologie avansat\u0103 asigur\u0103 o remodelare osoas\u0103 optim\u0103, comparabil\u0103 cu cea a alografturilor, facilit\u00e2nd astfel integrarea \u0219i regenerarea \u021besuturilor.<\/p>\n<p>Datorit\u0103 porozit\u0103\u021bii ridicate (~78,4%) \u0219i arhitecturii interconectate (macro-, micro- \u0219i nanopori), THE Graft\u2122 faciliteaz\u0103 osteoconduc\u021bia, vascularizarea \u0219i remodelarea progresiv\u0103 a osului<\/p>\n<p>Forma \u00een sering\u0103 permite:<\/p>\n<ul>\n<li>dozare exact\u0103,<\/li>\n<li>inserare direct\u0103 \u00een defect,<\/li>\n<li>manipulare minim invaziv\u0103,<\/li>\n<li>reducerea pierderii de material.<\/li>\n<\/ul>\n<p>Produs sterilizat prin iradiere gamma, destinat utiliz\u0103rii unice.<\/p>\n<h3><strong>Indica\u021bii de utilizare<\/strong><\/h3>\n<p>Produsul este indicat pentru o varietate larg\u0103 de aplica\u021bii \u00een chirurgia dentar\u0103 regenerativ\u0103, precum prezervarea alveolei post-extrac\u021bionale, augment\u0103ri osoase minore \u0219i majore, tratamentul periimplantitisului \u0219i tehnici de sinus lift.<\/p>\n<p>&nbsp;<\/p>\n<div class=\"entry-content-asset videofit\"><iframe title=\"[Instruction for Use]  THE Graft\u2122 Syringe Type\" width=\"720\" height=\"540\" src=\"https:\/\/www.youtube.com\/embed\/9PfceH2ctM4?feature=oembed\" frameborder=\"0\" allow=\"accelerometer; autoplay; clipboard-write; encrypted-media; gyroscope; picture-in-picture; web-share\" referrerpolicy=\"strict-origin-when-cross-origin\" allowfullscreen><\/iframe><\/div>\n<h3><\/h3>\n<h3><strong>Seringa THE Graft de la Purgo &#8211; beneficii<\/strong><\/h3>\n<ul>\n<li>Compatibilitate excelent\u0103 cu \u021besutul uman datorit\u0103 propriet\u0103\u021bilor sale chimice \u0219i fizice apropiate de osul natural.<\/li>\n<li>Hidrofilia remarcabil\u0103, care \u00eempreun\u0103 cu s\u00e2ngele, creeaz\u0103 o consisten\u021b\u0103 u\u0219or lipicioas\u0103, asigur\u00e2nd stabilitatea materialului la locul aplic\u0103rii.<\/li>\n<li>Manipulare simpl\u0103 \u0219i eficient\u0103, optimiz\u00e2nd timpul chirurgical \u0219i cresc\u00e2nd confortul pacientului.<\/li>\n<li>Poten\u021bial regenerativ \u00eembun\u0103t\u0103\u021bit, mai ales c\u00e2nd este combinat cu PRF (plasma bogat\u0103 \u00een fibrin\u0103), acceler\u00e2nd procesul de osteointegrare \u0219i vindecare.<\/li>\n<\/ul>\n<p>Conform recomand\u0103rilor lui <strong>Dr. Joseph Choukroun<\/strong>, pionier renumit \u00een regenerarea \u021besuturilor, cele mai eficace rezultate sunt ob\u021binute prin combinarea TG-BS10 (<!--StartFragment --><span class=\"cf0\">TheGraft Seringa &#8211; 1.0-2.0 mm &#8211; 1.0 cc) <\/span><!--EndFragment -->cu PRF. Aceast\u0103 ac\u021biune combinat\u0103 m\u0103re\u0219te calitatea form\u0103rii matricei osoase la cel mai \u00eenalt nivel \u00een cel mai scurt timp posibil, permi\u021b\u00e2nd o oseointegrare foarte rapid\u0103 a implanturilor dentare.<\/p>\n<p>&nbsp;<\/p>\n<p><img fetchpriority=\"high\" decoding=\"async\" class=\"wp-image-33173 size-full\" src=\"https:\/\/gursk.ro\/shop\/wp-content\/uploads\/2025\/09\/us-websiite-desktop_\ub300\uc9c0-1-\uc0ac\ubcf8-11.png\" alt=\"Sering\u0103 THE Graft\u2122\" width=\"1400\" height=\"600\" srcset=\"https:\/\/gursk.ro\/shop\/wp-content\/uploads\/2025\/09\/us-websiite-desktop_\ub300\uc9c0-1-\uc0ac\ubcf8-11.png 1400w, https:\/\/gursk.ro\/shop\/wp-content\/uploads\/2025\/09\/us-websiite-desktop_\ub300\uc9c0-1-\uc0ac\ubcf8-11-300x129.png 300w, https:\/\/gursk.ro\/shop\/wp-content\/uploads\/2025\/09\/us-websiite-desktop_\ub300\uc9c0-1-\uc0ac\ubcf8-11-1024x439.png 1024w, https:\/\/gursk.ro\/shop\/wp-content\/uploads\/2025\/09\/us-websiite-desktop_\ub300\uc9c0-1-\uc0ac\ubcf8-11-768x329.png 768w, https:\/\/gursk.ro\/shop\/wp-content\/uploads\/2025\/09\/us-websiite-desktop_\ub300\uc9c0-1-\uc0ac\ubcf8-11-64x27.png 64w\" sizes=\"(max-width: 1400px) 100vw, 1400px\" \/><\/p>\n<h3><strong>Varia\u021bii produs\u00a0<\/strong><\/h3>\n<p><strong>M\u0103rime S \u2013 Granula\u021bie 0.25\u20131.00 mm<\/strong><\/p>\n<p>Indicat pentru:<\/p>\n<ul>\n<li>alveole postextrac\u021bionale (socket intact sau cu defect),<\/li>\n<li>augment\u0103ri osoase minore,<\/li>\n<li>defecte parodontale,<\/li>\n<li>peri-implantit\u0103,<\/li>\n<li>defecte mici \u0219i medii.<\/li>\n<\/ul>\n<p><strong>TG-AS25<\/strong><\/p>\n<ul>\n<li>Granula\u021bie: 0.25\u20131.00 mm<\/li>\n<li>Volum: <strong>0.25 cc<\/strong><\/li>\n<\/ul>\n<p><strong>TG-AS05<\/strong><\/p>\n<ul>\n<li>Granula\u021bie: 0.25\u20131.00 mm<\/li>\n<li>Volum: <strong>0.50 cc<\/strong><\/li>\n<\/ul>\n<p><strong>TG-AS10<\/strong><\/p>\n<ul>\n<li>Granula\u021bie: 0.25\u20131.00 mm<\/li>\n<li>Volum: <strong>1.00 cc<\/strong><\/li>\n<\/ul>\n<p><strong>M\u0103rime L \u2013 Granula\u021bie 1.00\u20132.00 mm<\/strong><\/p>\n<p>Indicat pentru:<\/p>\n<ul>\n<li>augment\u0103ri volumetrice,<\/li>\n<li>sinus lift,<\/li>\n<li>reconstruc\u021bii osoase extinse,<\/li>\n<li>defecte majore.<\/li>\n<\/ul>\n<p><strong>TG-BS10<\/strong><\/p>\n<ul>\n<li>Granula\u021bie: 1.00\u20132.00 mm<\/li>\n<li>Volum: <strong>1.00 cc<\/strong><\/li>\n<\/ul>\n<p>&nbsp;<\/p>\n<p><a href=\"https:\/\/gursk.ro\/shop\/wp-content\/uploads\/2026\/02\/Screenshot-2024-02-14-161641.png\"><img decoding=\"async\" class=\"alignnone size-full wp-image-21297\" src=\"https:\/\/gursk.ro\/shop\/wp-content\/uploads\/2026\/02\/Screenshot-2024-02-14-161641.png\" alt=\"\" width=\"1344\" height=\"824\" \/><\/a> <a href=\"https:\/\/gursk.ro\/shop\/wp-content\/uploads\/2026\/02\/Screenshot-2024-02-14-161703.png\"><img decoding=\"async\" class=\"alignnone size-full wp-image-21298\" src=\"https:\/\/gursk.ro\/shop\/wp-content\/uploads\/2026\/02\/Screenshot-2024-02-14-161703.png\" alt=\"\" width=\"1344\" height=\"815\" \/><\/a><\/p>\n<p>&nbsp;<\/p>\n<h3><strong>Beneficii pentru medici:<\/strong><\/h3>\n<ul>\n<li>Sistem predozat pentru control precis al volumului<\/li>\n<li>Aplicare direct\u0103 \u00een defect, cu acces facil \u00een zone greu abordabile<\/li>\n<li>Hidrofilicitate crescut\u0103 \u2013 umectare rapid\u0103 cu s\u00e2nge<\/li>\n<li>Con\u021binut organic rezidual minim datorit\u0103 procesului proprietar de purificare<\/li>\n<li>Osteoconduc\u021bie predictibil\u0103 \u0219i remodelare progresiv\u0103<\/li>\n<\/ul>\n<h3><strong>Beneficii pentru pacien\u021bi:<\/strong><\/h3>\n<ul>\n<li>Integrare biologic\u0103 favorabil\u0103<\/li>\n<li>Stabilitate volumetric\u0103 \u00een timpul vindec\u0103rii<\/li>\n<li>Suport optim pentru inserarea ulterioar\u0103 a implanturilor<\/li>\n<li>Risc imunologic redus datorit\u0103 deproteiniz\u0103rii complete<\/li>\n<\/ul>\n<p>&nbsp;<\/p>\n","protected":false},"excerpt":{"rendered":"<p>Descoperi\u021bi THE Graft\u2122 Seringa de la Purgo Biologics &#8211; tehnologie de ultim\u0103 genera\u021bie \u00een regenerarea osoas\u0103 dentar\u0103, un produs revolu\u021bionar ce reprezint\u0103 rezultatul culminant al cercet\u0103rilor \u0219tiin\u021bifice \u0219i tehnologice. Optimizat pentru chirurgia regenerativ\u0103, asigur\u0103 compatibilitate excelent\u0103 \u0219i regenerare rapid\u0103, oferind mediciilor stomatologi avantajul tehnologiei avansate \u0219i u\u0219urin\u021b\u0103 \u00een manipulare.<\/p>\n","protected":false},"featured_media":33182,"comment_status":"closed","ping_status":"closed","template":"","meta":{"_kad_blocks_custom_css":"","_kad_blocks_head_custom_js":"","_kad_blocks_body_custom_js":"","_kad_blocks_footer_custom_js":"","_kadence_starter_templates_imported_post":false,"_kad_post_transparent":"default","_kad_post_title":"","_kad_post_layout":"default","_kad_post_sidebar_id":"","_kad_post_content_style":"default","_kad_post_vertical_padding":"default","_kad_post_feature":"","_kad_post_feature_position":"","_kad_post_header":false,"_kad_post_footer":false,"_kad_post_classname":""},"product_brand":[420],"product_cat":[168,50],"product_tag":[469],"product_partner":[],"class_list":{"0":"post-5157","1":"product","2":"type-product","3":"status-publish","4":"has-post-thumbnail","6":"product_brand-purgo","7":"product_cat-aditie-osoasa","8":"product_cat-biomateriale-si-materiale-de-sutura","9":"product_tag-onlineorder","11":"first","12":"instock","13":"taxable","14":"shipping-taxable","15":"purchasable","16":"product-type-variable","17":"entry","18":"content-bg","19":"loop-entry"},"taxonomy_info":{"product_brand":[{"value":420,"label":"PURGO"}],"product_cat":[{"value":168,"label":"Adi\u021bie osoas\u0103"},{"value":50,"label":"Biomateriale \u0219i materiale de sutur\u0103"}],"product_tag":[{"value":469,"label":"#onlineorder"}]},"featured_image_src_large":["https:\/\/gursk.ro\/shop\/wp-content\/uploads\/2025\/09\/Seringa-THE-Graft-1.jpg",720,720,false],"author_info":[],"comment_info":0,"_links":{"self":[{"href":"https:\/\/gursk.ro\/shop\/wp-json\/wp\/v2\/product\/5157","targetHints":{"allow":["GET"]}}],"collection":[{"href":"https:\/\/gursk.ro\/shop\/wp-json\/wp\/v2\/product"}],"about":[{"href":"https:\/\/gursk.ro\/shop\/wp-json\/wp\/v2\/types\/product"}],"replies":[{"embeddable":true,"href":"https:\/\/gursk.ro\/shop\/wp-json\/wp\/v2\/comments?post=5157"}],"wp:featuredmedia":[{"embeddable":true,"href":"https:\/\/gursk.ro\/shop\/wp-json\/wp\/v2\/media\/33182"}],"wp:attachment":[{"href":"https:\/\/gursk.ro\/shop\/wp-json\/wp\/v2\/media?parent=5157"}],"wp:term":[{"taxonomy":"product_brand","embeddable":true,"href":"https:\/\/gursk.ro\/shop\/wp-json\/wp\/v2\/product_brand?post=5157"},{"taxonomy":"product_cat","embeddable":true,"href":"https:\/\/gursk.ro\/shop\/wp-json\/wp\/v2\/product_cat?post=5157"},{"taxonomy":"product_tag","embeddable":true,"href":"https:\/\/gursk.ro\/shop\/wp-json\/wp\/v2\/product_tag?post=5157"},{"taxonomy":"product_partner","embeddable":true,"href":"https:\/\/gursk.ro\/shop\/wp-json\/wp\/v2\/product_partner?post=5157"}],"curies":[{"name":"wp","href":"https:\/\/api.w.org\/{rel}","templated":true}]}}