{"id":5032,"date":"2025-09-18T18:07:02","date_gmt":"2025-09-18T15:07:02","guid":{"rendered":"https:\/\/gursk.ro\/shop\/?post_type=product&#038;p=5032"},"modified":"2026-05-04T10:25:58","modified_gmt":"2026-05-04T07:25:58","slug":"lafio004-3-fibra-optica-dioda-400um-sma","status":"publish","type":"product","link":"https:\/\/gursk.ro\/shop\/produs\/lafio004-3-fibra-optica-dioda-400um-sma\/","title":{"rendered":"Fibr\u0103 Optic\u0103 Diod\u0103 LAFIO004.3,  400UM SMA"},"content":{"rendered":"<p><strong>Fibra optic\u0103 diod\u0103 LAFIO004.3<\/strong> cu conector <strong>SMA<\/strong> \u0219i diametru de <strong>400 \u00b5m<\/strong> este utilizat\u0103 \u00een aplica\u021bii medicale, \u00een special pentru transmiterea energiei laser \u00een timpul procedurilor chirurgicale. Aceasta ofer\u0103 o transmisie eficient\u0103 \u0219i sigur\u0103 a energiei, fiind ideal\u0103 pentru tratamente minim invazive cu laser.<\/p>\n","protected":false},"excerpt":{"rendered":"<p><strong>Fibra optic\u0103 diod\u0103 LAFIO004.3<\/strong>, 400 \u00b5m, conector SMA, este destinat\u0103 pentru transmiterea precis\u0103 a energiei laser \u00een tratamente chirurgicale minim invazive.<\/p>\n","protected":false},"featured_media":5047,"comment_status":"closed","ping_status":"closed","template":"","meta":{"_kad_blocks_custom_css":"","_kad_blocks_head_custom_js":"","_kad_blocks_body_custom_js":"","_kad_blocks_footer_custom_js":"","_kadence_starter_templates_imported_post":false,"_kad_post_transparent":"default","_kad_post_title":"","_kad_post_layout":"default","_kad_post_sidebar_id":"","_kad_post_content_style":"default","_kad_post_vertical_padding":"default","_kad_post_feature":"","_kad_post_feature_position":"","_kad_post_header":false,"_kad_post_footer":false,"_kad_post_classname":""},"product_brand":[],"product_cat":[54,55],"product_tag":[470],"product_partner":[],"class_list":{"0":"post-5032","1":"product","2":"type-product","3":"status-publish","4":"has-post-thumbnail","6":"product_cat-echipamente-stomatologice","7":"product_cat-lasere-dentare","8":"product_tag-preorder","10":"first","11":"instock","12":"taxable","13":"shipping-taxable","14":"purchasable","15":"product-type-simple","16":"entry","17":"content-bg","18":"loop-entry"},"taxonomy_info":{"product_cat":[{"value":54,"label":"Echipamente Stomatologice"},{"value":55,"label":"Lasere dentare"}],"product_tag":[{"value":470,"label":"#preorder"}]},"featured_image_src_large":["https:\/\/gursk.ro\/shop\/wp-content\/uploads\/2022\/10\/fibra-optica.webp",440,396,false],"author_info":[],"comment_info":0,"_links":{"self":[{"href":"https:\/\/gursk.ro\/shop\/wp-json\/wp\/v2\/product\/5032","targetHints":{"allow":["GET"]}}],"collection":[{"href":"https:\/\/gursk.ro\/shop\/wp-json\/wp\/v2\/product"}],"about":[{"href":"https:\/\/gursk.ro\/shop\/wp-json\/wp\/v2\/types\/product"}],"replies":[{"embeddable":true,"href":"https:\/\/gursk.ro\/shop\/wp-json\/wp\/v2\/comments?post=5032"}],"version-history":[{"count":1,"href":"https:\/\/gursk.ro\/shop\/wp-json\/wp\/v2\/product\/5032\/revisions"}],"predecessor-version":[{"id":10759,"href":"https:\/\/gursk.ro\/shop\/wp-json\/wp\/v2\/product\/5032\/revisions\/10759"}],"wp:featuredmedia":[{"embeddable":true,"href":"https:\/\/gursk.ro\/shop\/wp-json\/wp\/v2\/media\/5047"}],"wp:attachment":[{"href":"https:\/\/gursk.ro\/shop\/wp-json\/wp\/v2\/media?parent=5032"}],"wp:term":[{"taxonomy":"product_brand","embeddable":true,"href":"https:\/\/gursk.ro\/shop\/wp-json\/wp\/v2\/product_brand?post=5032"},{"taxonomy":"product_cat","embeddable":true,"href":"https:\/\/gursk.ro\/shop\/wp-json\/wp\/v2\/product_cat?post=5032"},{"taxonomy":"product_tag","embeddable":true,"href":"https:\/\/gursk.ro\/shop\/wp-json\/wp\/v2\/product_tag?post=5032"},{"taxonomy":"product_partner","embeddable":true,"href":"https:\/\/gursk.ro\/shop\/wp-json\/wp\/v2\/product_partner?post=5032"}],"curies":[{"name":"wp","href":"https:\/\/api.w.org\/{rel}","templated":true}]}}