{"id":4535,"date":"2025-09-18T18:02:40","date_gmt":"2025-09-18T15:02:40","guid":{"rendered":"https:\/\/gursk.ro\/shop\/?post_type=product&#038;p=4535"},"modified":"2025-09-24T17:30:10","modified_gmt":"2025-09-24T14:30:10","slug":"navident-pro-assembly","status":"publish","type":"product","link":"https:\/\/gursk.ro\/shop\/produs\/navident-pro-assembly\/","title":{"rendered":"Navident Pro Assembly"},"content":{"rendered":"<p><span class=\"Y2IQFc\" lang=\"ro\">C\u0103rucior cu amprent\u0103 mic\u0103, laptop Lenovo de 15 inchi \u0219i camer\u0103 <\/span><\/p>\n<ul>\n<li><span class=\"Y2IQFc\" lang=\"ro\">Bra\u021b de extensie pentru a cre\u0219te flexibilitatea pozi\u021biei camerei <\/span><\/li>\n<li><span class=\"Y2IQFc\" lang=\"ro\">O licen\u021b\u0103 de software de planificare \u0219i navigare <\/span><\/li>\n<li><span class=\"Y2IQFc\" lang=\"ro\">O licen\u021b\u0103 de planificare suplimentar\u0103 <\/span><\/li>\n<li><span class=\"Y2IQFc\" lang=\"ro\">Kit de accesorii Navident \u0219i 2 kit de pornire TaP 3.0 incluse <\/span><\/li>\n<li><span class=\"Y2IQFc\" lang=\"ro\">Kit de antrenament Navident \u0219i manechin de antrenament incluse*<\/span><\/li>\n<\/ul>\n","protected":false},"excerpt":{"rendered":"<p>C\u0103rucior cu amprent\u0103 mic\u0103, laptop Lenovo de 15 inchi \u0219i camer\u0103 Bra\u021b de extensie pentru a cre\u0219te flexibilitatea pozi\u021biei camerei O licen\u021b\u0103 de software de planificare \u0219i navigare O licen\u021b\u0103 de planificare suplimentar\u0103 Kit de accesorii Navident \u0219i 2 kit de pornire TaP 3.0 incluse Kit de antrenament Navident \u0219i manechin de antrenament incluse*<\/p>\n","protected":false},"featured_media":4584,"comment_status":"open","ping_status":"closed","template":"","meta":{"_kad_blocks_custom_css":"","_kad_blocks_head_custom_js":"","_kad_blocks_body_custom_js":"","_kad_blocks_footer_custom_js":"","_kadence_starter_templates_imported_post":false,"_kad_post_transparent":"default","_kad_post_title":"","_kad_post_layout":"default","_kad_post_sidebar_id":"","_kad_post_content_style":"default","_kad_post_vertical_padding":"default","_kad_post_feature":"","_kad_post_feature_position":"","_kad_post_header":false,"_kad_post_footer":false,"_kad_post_classname":""},"product_brand":[],"product_cat":[15],"product_tag":[],"product_partner":[],"class_list":{"0":"post-4535","1":"product","2":"type-product","3":"status-publish","4":"has-post-thumbnail","6":"product_cat-uncategorized","8":"first","9":"instock","10":"taxable","11":"shipping-taxable","12":"purchasable","13":"product-type-simple","14":"entry","15":"content-bg","16":"loop-entry"},"taxonomy_info":{"product_cat":[{"value":15,"label":"Uncategorized"}]},"featured_image_src_large":["https:\/\/gursk.ro\/shop\/wp-content\/uploads\/2022\/02\/WhatsApp-Image-2022-02-25-at-12.45.55-682x1024.jpeg",682,1024,true],"author_info":[],"comment_info":0,"_links":{"self":[{"href":"https:\/\/gursk.ro\/shop\/wp-json\/wp\/v2\/product\/4535","targetHints":{"allow":["GET"]}}],"collection":[{"href":"https:\/\/gursk.ro\/shop\/wp-json\/wp\/v2\/product"}],"about":[{"href":"https:\/\/gursk.ro\/shop\/wp-json\/wp\/v2\/types\/product"}],"replies":[{"embeddable":true,"href":"https:\/\/gursk.ro\/shop\/wp-json\/wp\/v2\/comments?post=4535"}],"version-history":[{"count":1,"href":"https:\/\/gursk.ro\/shop\/wp-json\/wp\/v2\/product\/4535\/revisions"}],"predecessor-version":[{"id":7236,"href":"https:\/\/gursk.ro\/shop\/wp-json\/wp\/v2\/product\/4535\/revisions\/7236"}],"wp:featuredmedia":[{"embeddable":true,"href":"https:\/\/gursk.ro\/shop\/wp-json\/wp\/v2\/media\/4584"}],"wp:attachment":[{"href":"https:\/\/gursk.ro\/shop\/wp-json\/wp\/v2\/media?parent=4535"}],"wp:term":[{"taxonomy":"product_brand","embeddable":true,"href":"https:\/\/gursk.ro\/shop\/wp-json\/wp\/v2\/product_brand?post=4535"},{"taxonomy":"product_cat","embeddable":true,"href":"https:\/\/gursk.ro\/shop\/wp-json\/wp\/v2\/product_cat?post=4535"},{"taxonomy":"product_tag","embeddable":true,"href":"https:\/\/gursk.ro\/shop\/wp-json\/wp\/v2\/product_tag?post=4535"},{"taxonomy":"product_partner","embeddable":true,"href":"https:\/\/gursk.ro\/shop\/wp-json\/wp\/v2\/product_partner?post=4535"}],"curies":[{"name":"wp","href":"https:\/\/api.w.org\/{rel}","templated":true}]}}