{"id":4374,"date":"2025-09-18T18:01:08","date_gmt":"2025-09-18T15:01:08","guid":{"rendered":"https:\/\/gursk.ro\/shop\/?post_type=product&#038;p=4374"},"modified":"2026-05-04T10:25:41","modified_gmt":"2026-05-04T07:25:41","slug":"air-n-go-duze-perio-easy","status":"publish","type":"product","link":"https:\/\/gursk.ro\/shop\/produs\/air-n-go-duze-perio-easy\/","title":{"rendered":"Duze AIR-N-GO\u00ae Perio Easy, Acteon, F10126"},"content":{"rendered":"<h3 style=\"font-weight: 400;\"><span style=\"color: #000000;\"><strong>AIR-N-GO\u00ae PERIO EASY \u2013 pentru tratament subgingival atraumatic<\/strong><\/span><\/h3>\n<p style=\"font-weight: 400;\"><span style=\"color: #000000;\">\u00cen stomatologia contemporan\u0103, controlul biofilmului subgingival este esen\u021bial pentru succesul tratamentelor parodontale \u0219i pentru men\u021binerea s\u0103n\u0103t\u0103\u021bii periimplantare.<\/span><\/p>\n<p style=\"font-weight: 400;\"><span style=\"color: #000000;\">Duzele\u00a0<strong>PERIO EASY<\/strong>\u00a0sunt proiectate pentru a permite o cur\u0103\u021bare eficient\u0103 \u00een pungile parodontale, f\u0103r\u0103 instrumentare agresiv\u0103, oferind o alternativ\u0103 modern\u0103 la chiuretajul clasic.<\/span><\/p>\n<p style=\"font-weight: 400;\"><span style=\"color: #000000;\">Prin utilizarea tehnologiei air-polishing Acteon, medicul poate realiza:<\/span><\/p>\n<ul style=\"font-weight: 400;\">\n<li><span style=\"color: #000000;\">\u00eendep\u0103rtarea biofilmului bacterian<\/span><\/li>\n<li><span style=\"color: #000000;\">cur\u0103\u021bare subgingival\u0103 delicat\u0103<\/span><\/li>\n<li><span style=\"color: #000000;\">tratamente de \u00eentre\u021binere parodontal\u0103<\/span><\/li>\n<li><span style=\"color: #000000;\">profilaxie periimplantar\u0103 sigur\u0103<\/span><\/li>\n<\/ul>\n<h3 style=\"font-weight: 400;\"><span style=\"color: #000000;\"><strong>Indica\u021bii de utilizare \u2013 la ce se folosesc duzele PERIO EASY?<\/strong><\/span><\/h3>\n<h4 style=\"font-weight: 400;\"><span style=\"color: #000000;\"><em><strong>Terapie parodontal\u0103 subgingival\u0103<\/strong><\/em><\/span><\/h4>\n<p style=\"font-weight: 400;\"><span style=\"color: #000000;\">Duzele sunt recomandate pentru tratamentul pungilor parodontale, contribuind la reducerea \u00eenc\u0103rc\u0103turii bacteriene \u0219i a inflama\u021biei gingivale.<\/span><\/p>\n<p style=\"font-weight: 400;\"><span style=\"color: #000000;\">Sunt ideale pentru pacien\u021bii cu:<\/span><\/p>\n<ul style=\"font-weight: 400;\">\n<li><span style=\"color: #000000;\">parodontit\u0103 cronic\u0103<\/span><\/li>\n<li><span style=\"color: #000000;\">gingivit\u0103 avansat\u0103<\/span><\/li>\n<li><span style=\"color: #000000;\">necesar de \u00eentre\u021binere parodontal\u0103 periodic\u0103<\/span><\/li>\n<\/ul>\n<h4 style=\"font-weight: 400;\"><span style=\"color: #000000;\"><em><strong>\u00centre\u021binere periimplantar\u0103<\/strong><\/em><\/span><\/h4>\n<p style=\"font-weight: 400;\"><span style=\"color: #000000;\">Cur\u0103\u021barea suprafe\u021belor implantare necesit\u0103 instrumente atraumatice, care s\u0103 nu deterioreze titanul sau \u021besuturile moi.<\/span><\/p>\n<p style=\"font-weight: 400;\"><span style=\"color: #000000;\">AIR-N-GO\u00ae PERIO EASY permite:<\/span><\/p>\n<ul style=\"font-weight: 400;\">\n<li><span style=\"color: #000000;\">\u00eendep\u0103rtarea biofilmului din jurul implanturilor<\/span><\/li>\n<li><span style=\"color: #000000;\">preven\u021bia periimplantitei<\/span><\/li>\n<li><span style=\"color: #000000;\">tratamente de igienizare delicat\u0103 \u00een jurul lucr\u0103rilor protetice<\/span><\/li>\n<\/ul>\n<h4 style=\"font-weight: 400;\"><span style=\"color: #000000;\"><em><strong>Profilaxie minim invaziv\u0103 \u00een zone greu accesibile<\/strong><\/em><\/span><\/h4>\n<p style=\"font-weight: 400;\"><span style=\"color: #000000;\">Datorit\u0103 designului lor sub\u021bire \u0219i flexibil, duzele permit acces optim \u00een zone subgingivale sau interdentare, unde instrumentele clasice sunt limitate.<\/span><\/p>\n<h3 style=\"font-weight: 400;\"><span style=\"color: #000000;\"><strong>Avantajele duzelor Acteon AIR-N-GO\u00ae PERIO EASY<\/strong><\/span><\/h3>\n<p style=\"font-weight: 400;\"><span style=\"color: #000000;\">Utilizarea acestor duze ofer\u0103 beneficii importante \u00een practica stomatologic\u0103:<\/span><\/p>\n<ul style=\"font-weight: 400;\">\n<li><span style=\"color: #000000;\">cur\u0103\u021bare subgingival\u0103 atraumatic\u0103<\/span><\/li>\n<li><span style=\"color: #000000;\">confort sporit pentru pacient<\/span><\/li>\n<li><span style=\"color: #000000;\">eficien\u021b\u0103 crescut\u0103 \u00een \u00eendep\u0103rtarea biofilmului<\/span><\/li>\n<li><span style=\"color: #000000;\">ideal pentru parodontologie \u0219i implantologie<\/span><\/li>\n<li><span style=\"color: #000000;\">utilizare rapid\u0103 \u0219i sigur\u0103 \u00een \u0219edin\u021bele de \u00eentre\u021binere<\/span><\/li>\n<li><span style=\"color: #000000;\">compatibilitate perfect\u0103 cu sistemele AIR-N-GO Acteon<\/span><\/li>\n<\/ul>\n<h3 style=\"font-weight: 400;\"><span style=\"color: #000000;\"><strong>Design practic \u0219i utilizare u\u0219oar\u0103<\/strong><\/span><\/h3>\n<p style=\"font-weight: 400;\"><span style=\"color: #000000;\">Duzele PERIO EASY sunt concepute pentru a fi:<\/span><\/p>\n<ul style=\"font-weight: 400;\">\n<li><span style=\"color: #000000;\">u\u0219or de montat \u0219i utilizat<\/span><\/li>\n<li><span style=\"color: #000000;\">adaptate tratamentelor subgingivale moderne<\/span><\/li>\n<li><span style=\"color: #000000;\">ideale pentru protocoale GBT (Guided Biofilm Therapy)<\/span><\/li>\n<li><span style=\"color: #000000;\">sigure pentru \u021besuturile moi \u0219i suprafe\u021bele implantare<\/span><\/li>\n<\/ul>\n<p style=\"font-weight: 400;\">\n","protected":false},"excerpt":{"rendered":"<p style=\"font-weight: 400;\"><strong>AIR-N-GO\u00ae DUZE PERIO EASY Acteon<\/strong>\u00a0sunt alegerea ideal\u0103 pentru medicii stomatologi care doresc s\u0103 ofere pacien\u021bilor tratamente parodontale moderne, minim invazive \u0219i confortabile.<\/p>\n<p style=\"font-weight: 400;\" data-start=\"3488\" data-end=\"3631\">Comand\u0103 acum din magazinul online\u00a0<strong data-start=\"3522\" data-end=\"3531\">Gursk<\/strong>\u00a0\u0219i completeaz\u0103-\u021bi sistemul AIR-N-GO cu accesorii profesionale pentru terapie subgingival\u0103 avansat\u0103.<\/p>\n<p style=\"font-weight: 400;\">\n","protected":false},"featured_media":11329,"comment_status":"closed","ping_status":"closed","template":"","meta":{"_kad_blocks_custom_css":"","_kad_blocks_head_custom_js":"","_kad_blocks_body_custom_js":"","_kad_blocks_footer_custom_js":"","_kadence_starter_templates_imported_post":false,"_kad_post_transparent":"default","_kad_post_title":"","_kad_post_layout":"default","_kad_post_sidebar_id":"","_kad_post_content_style":"default","_kad_post_vertical_padding":"default","_kad_post_feature":"","_kad_post_feature_position":"","_kad_post_header":false,"_kad_post_footer":false,"_kad_post_classname":""},"product_brand":[393],"product_cat":[19,18,54],"product_tag":[469],"product_partner":[],"class_list":{"0":"post-4374","1":"product","2":"type-product","3":"status-publish","4":"has-post-thumbnail","6":"product_brand-acteon","7":"product_cat-aparate-piezochirurgie","8":"product_cat-echipamente-chirurgie-si-accesorii","9":"product_cat-echipamente-stomatologice","10":"product_tag-onlineorder","12":"first","13":"instock","14":"taxable","15":"shipping-taxable","16":"purchasable","17":"product-type-simple","18":"entry","19":"content-bg","20":"loop-entry"},"taxonomy_info":{"product_brand":[{"value":393,"label":"ACTEON"}],"product_cat":[{"value":19,"label":"Aparate Piezochirurgie"},{"value":18,"label":"Echipamente de chirurgie dentar\u0103 \u0219i accesorii"},{"value":54,"label":"Echipamente Stomatologice"}],"product_tag":[{"value":469,"label":"#onlineorder"}]},"featured_image_src_large":["https:\/\/gursk.ro\/shop\/wp-content\/uploads\/2025\/09\/AIR-N-GO-PERIO-EASY.jpg",720,720,false],"author_info":[],"comment_info":0,"_links":{"self":[{"href":"https:\/\/gursk.ro\/shop\/wp-json\/wp\/v2\/product\/4374","targetHints":{"allow":["GET"]}}],"collection":[{"href":"https:\/\/gursk.ro\/shop\/wp-json\/wp\/v2\/product"}],"about":[{"href":"https:\/\/gursk.ro\/shop\/wp-json\/wp\/v2\/types\/product"}],"replies":[{"embeddable":true,"href":"https:\/\/gursk.ro\/shop\/wp-json\/wp\/v2\/comments?post=4374"}],"version-history":[{"count":1,"href":"https:\/\/gursk.ro\/shop\/wp-json\/wp\/v2\/product\/4374\/revisions"}],"predecessor-version":[{"id":11325,"href":"https:\/\/gursk.ro\/shop\/wp-json\/wp\/v2\/product\/4374\/revisions\/11325"}],"wp:featuredmedia":[{"embeddable":true,"href":"https:\/\/gursk.ro\/shop\/wp-json\/wp\/v2\/media\/11329"}],"wp:attachment":[{"href":"https:\/\/gursk.ro\/shop\/wp-json\/wp\/v2\/media?parent=4374"}],"wp:term":[{"taxonomy":"product_brand","embeddable":true,"href":"https:\/\/gursk.ro\/shop\/wp-json\/wp\/v2\/product_brand?post=4374"},{"taxonomy":"product_cat","embeddable":true,"href":"https:\/\/gursk.ro\/shop\/wp-json\/wp\/v2\/product_cat?post=4374"},{"taxonomy":"product_tag","embeddable":true,"href":"https:\/\/gursk.ro\/shop\/wp-json\/wp\/v2\/product_tag?post=4374"},{"taxonomy":"product_partner","embeddable":true,"href":"https:\/\/gursk.ro\/shop\/wp-json\/wp\/v2\/product_partner?post=4374"}],"curies":[{"name":"wp","href":"https:\/\/api.w.org\/{rel}","templated":true}]}}