{"id":4326,"date":"2025-09-18T18:00:43","date_gmt":"2025-09-18T15:00:43","guid":{"rendered":"https:\/\/gursk.ro\/shop\/?post_type=product&#038;p=4326"},"modified":"2026-04-18T15:25:32","modified_gmt":"2026-04-18T12:25:32","slug":"turbina-mt02-l","status":"publish","type":"product","link":"https:\/\/gursk.ro\/shop\/produs\/turbina-mt02-l\/","title":{"rendered":"Turbina MT02 L"},"content":{"rendered":"<p><span style=\"color: #000000;\">Turbina MT02 L este echipat\u0103 cu 4 spray-uri care asigur\u0103 un nivel optim de r\u0103cire a instrumentului, garant\u00e2nd protec\u021bie maxim\u0103 a \u021besuturilor dentare \u00eempotriva supra\u00eenc\u0103lzirii.<\/span><\/p>\n<p><span style=\"color: #000000;\"><strong>Caracteristici<\/strong><\/span><\/p>\n<ul>\n<li><span style=\"color: #000000;\">Dimensiunea redus\u0103 a capului turbinei asigur\u0103 acces sigur \u0219i u\u0219or \u00een toate zonele cavit\u0103\u021bii bucale<\/span><\/li>\n<li><span style=\"color: #000000;\">Utilizarea rotoarelor cu rulmen\u021bi cu bile ceramice minimizeaz\u0103 p\u0103trunderea impurit\u0103\u021bilor, duce la cre\u0219terea \u201digienei\u201d \u0219i durabilit\u0103\u021bii instrumentului.<\/span><\/li>\n<li><span style=\"color: #000000;\">Ergonomie &#8211; foarte u\u0219or de manevrat \u0219i \u00eentre\u021binut<\/span><\/li>\n<\/ul>\n<p><span style=\"color: #000000;\"><strong>Detalii tehnice<\/strong><\/span><\/p>\n<ul>\n<li><span style=\"color: #000000;\">Func\u021bionare silen\u021bioas\u0103 \u0219i precis\u0103<\/span><\/li>\n<li><span style=\"color: #000000;\">Rulmen\u021bi cu bile din ceramic\u0103<\/span><\/li>\n<li><span style=\"color: #000000;\">Sistem automat de oprire<\/span><\/li>\n<li><span style=\"color: #000000;\">Autoclavabil p\u00e2n\u0103 la 135 \u00b0 C<\/span><\/li>\n<\/ul>\n","protected":false},"excerpt":{"rendered":"<p><span style=\"color: #000000;\">Turbinele dentare MT02 sunt sigure \u0219i fiabile, at\u00e2t pentru medicii stomatologi c\u00e2t \u0219i pentru pacien\u021bi.<\/span><\/p>\n","protected":false},"featured_media":4360,"comment_status":"open","ping_status":"closed","template":"","meta":{"_kad_blocks_custom_css":"","_kad_blocks_head_custom_js":"","_kad_blocks_body_custom_js":"","_kad_blocks_footer_custom_js":"","_kadence_starter_templates_imported_post":false,"_kad_post_transparent":"","_kad_post_title":"","_kad_post_layout":"","_kad_post_sidebar_id":"","_kad_post_content_style":"","_kad_post_vertical_padding":"","_kad_post_feature":"","_kad_post_feature_position":"","_kad_post_header":false,"_kad_post_footer":false,"_kad_post_classname":""},"product_brand":[],"product_cat":[25],"product_tag":[],"product_partner":[],"class_list":{"0":"post-4326","1":"product","2":"type-product","3":"status-publish","4":"has-post-thumbnail","6":"product_cat-instrumentar-stomatologie","8":"first","9":"outofstock","10":"taxable","11":"shipping-taxable","12":"purchasable","13":"product-type-simple","14":"entry","15":"content-bg","16":"loop-entry"},"taxonomy_info":{"product_cat":[{"value":25,"label":"Instrumentar stomatologie"}]},"featured_image_src_large":["https:\/\/gursk.ro\/shop\/wp-content\/uploads\/2021\/06\/FARO-MT02-L.jpg",493,375,false],"author_info":[],"comment_info":0,"_links":{"self":[{"href":"https:\/\/gursk.ro\/shop\/wp-json\/wp\/v2\/product\/4326","targetHints":{"allow":["GET"]}}],"collection":[{"href":"https:\/\/gursk.ro\/shop\/wp-json\/wp\/v2\/product"}],"about":[{"href":"https:\/\/gursk.ro\/shop\/wp-json\/wp\/v2\/types\/product"}],"replies":[{"embeddable":true,"href":"https:\/\/gursk.ro\/shop\/wp-json\/wp\/v2\/comments?post=4326"}],"wp:featuredmedia":[{"embeddable":true,"href":"https:\/\/gursk.ro\/shop\/wp-json\/wp\/v2\/media\/4360"}],"wp:attachment":[{"href":"https:\/\/gursk.ro\/shop\/wp-json\/wp\/v2\/media?parent=4326"}],"wp:term":[{"taxonomy":"product_brand","embeddable":true,"href":"https:\/\/gursk.ro\/shop\/wp-json\/wp\/v2\/product_brand?post=4326"},{"taxonomy":"product_cat","embeddable":true,"href":"https:\/\/gursk.ro\/shop\/wp-json\/wp\/v2\/product_cat?post=4326"},{"taxonomy":"product_tag","embeddable":true,"href":"https:\/\/gursk.ro\/shop\/wp-json\/wp\/v2\/product_tag?post=4326"},{"taxonomy":"product_partner","embeddable":true,"href":"https:\/\/gursk.ro\/shop\/wp-json\/wp\/v2\/product_partner?post=4326"}],"curies":[{"name":"wp","href":"https:\/\/api.w.org\/{rel}","templated":true}]}}