{"id":4324,"date":"2025-09-18T18:00:43","date_gmt":"2025-09-18T15:00:43","guid":{"rendered":"https:\/\/gursk.ro\/shop\/?post_type=product&#038;p=4324"},"modified":"2026-05-04T22:24:43","modified_gmt":"2026-05-04T19:24:43","slug":"sistem-centrifugare-prf-duoquattro","status":"publish","type":"product","link":"https:\/\/gursk.ro\/shop\/produs\/sistem-centrifugare-prf-duoquattro\/","title":{"rendered":"Sistem complet de centrifugare PRF DuoQuattro\u00ae"},"content":{"rendered":"<p><strong>Conceptul PRF (fibrin\u0103 bogat\u0103 \u00een trombocite) se bazeaz\u0103 pe<\/strong> <strong>centrifugarea s\u00e2ngelui integral, f\u0103r\u0103 utilizarea anticoagulan\u021bilor sau a aditivilor biochimici,<\/strong> ceea ce permite ob\u021binerea unui concentrat natural, biocompatibil, cu o densitate optim\u0103 de trombocite, leucocite \u0219i factori de cre\u0219tere. <strong>Aceast\u0103 tehnic\u0103 inovatoare, dezvoltat\u0103 de Dr. Choukroun<\/strong>, este utilizat\u0103 pe scar\u0103 larg\u0103 \u00een <strong>chirurgia oral\u0103, implantologie, parodontologie \u0219i alte domenii ale medicinei regenerative,<\/strong> datorit\u0103 capacit\u0103\u021bii sale de a stimula angiogeneza, osteogeneza \u0219i regenerarea \u021besuturilor moi .<\/p>\n<p>Sistemul complet de centrifugare DuoQuattro<sup>\u00ae<\/sup> asigur\u0103 performan\u021b\u0103 constant\u0103, precizie \u0219i siguran\u021b\u0103, oferind o solu\u021bie integrat\u0103 pentru ob\u021binerea concentratelor autologe de plachete. Prin standardizarea procesului de preparare PRF, sistemul contribuie la optimizarea rezultatelor clinice, reducerea timpului de vindecare \u0219i \u00eembun\u0103t\u0103\u021birea calit\u0103\u021bii recuper\u0103rii postoperatorii .<\/p>\n<p>&nbsp;<\/p>\n<div class=\"entry-content-asset videofit\"><iframe title=\"Video presenation DUO English\" width=\"720\" height=\"405\" src=\"https:\/\/www.youtube.com\/embed\/0HGUh66dxc4?start=33&#038;feature=oembed\" frameborder=\"0\" allow=\"accelerometer; autoplay; clipboard-write; encrypted-media; gyroscope; picture-in-picture; web-share\" referrerpolicy=\"strict-origin-when-cross-origin\" allowfullscreen><\/iframe><\/div>\n<p>&nbsp;<\/p>\n<h3><strong>Performan\u021b\u0103 \u0219i precizie \u00een fiecare detaliu <\/strong><\/h3>\n<p>Centrifuga DuoQuattro<sup>\u00ae<\/sup> este echipat\u0103 cu un buton \u201ecomutator \u201d care permite selectarea rapid\u0103 a diferitelor moduri de set\u0103ri pentru A-PRF \u0219i i-PRF. Aparatul ofer\u0103 6 protocoale distincte: i-PRF+, A-PRF Liquid, i-PRM M, i-PRF, A-PRF+, Manual, Custom. Valorile sunt presetate \u0219i blocate, cu excep\u021bia modurilor PRP \/ PRF \/ CGF, unde utilizatorul poate seta parametri personaliza\u021bi. Pur \u0219i simplu po\u021bi selecta modul de operare dorit \u2013 LED- ul corespunz\u0103tor se aprinde, iar aparatul este gata de func\u021bionare imediat.<\/p>\n<p>&nbsp;<\/p>\n<h3><strong>Aplica\u021bii ale sistemului complet de centrifugare PRF DuoQuattro<sup>\u00ae<\/sup> \u00a0\u2013 PRF Process Choukroun: <\/strong><\/h3>\n<ul>\n<li>Sinus lift<\/li>\n<li>Parodontologie<\/li>\n<li>Grefe osoase<\/li>\n<li>Extrac\u021bii<\/li>\n<li>Dermatologie<\/li>\n<li>Estetic\u0103<\/li>\n<\/ul>\n<h3><strong>Caracteristici principale:<\/strong><\/h3>\n<ul>\n<li><strong>Tehnologie avansat\u0103 de centrifugare<\/strong>: Sistemul utilizeaz\u0103 tehnologie de ultim\u0103 genera\u021bie pentru a extrage PRF de cea mai \u00eenalt\u0103 calitate, optimiz\u00e2nd procesele regenerative.<\/li>\n<li><strong>Design complet \u0219i integrat<\/strong>: Include toate componentele necesare pentru proceduri eficiente, de la centrifug\u0103 p\u00e2n\u0103 la tuburi \u0219i kituri speciale pentru recoltare.<\/li>\n<li><strong>U\u0219or de utilizat<\/strong>: Simplu de operat, cu un ecran intuitiv \u0219i set\u0103ri pre-programate pentru diferite aplica\u021bii clinice, economisind timp pre\u021bios \u00een cabinet.<\/li>\n<li><strong>Materiale de \u00eenalt\u0103 calitate<\/strong>: Componentele sunt fabricate din materiale durabile \u0219i sigure, asigur\u00e2nd o performan\u021b\u0103 de lung\u0103 durat\u0103 \u0219i respect\u00e2nd cele mai stricte standarde de igien\u0103.<\/li>\n<li><strong>Versatilitate<\/strong>: Ideal pentru o gam\u0103 larg\u0103 de proceduri dentare regenerative, inclusiv implanturi, grefe osoase \u0219i tratamente parodontale.<\/li>\n<\/ul>\n<p><!--StartFragment --><\/p>\n<h3 class=\"pf0\"><strong><span class=\"cf0\">Beneficii pentru medici:<\/span><\/strong><\/h3>\n<h4 class=\"pf0\"><strong><span class=\"cf0\">1. Standardizare<\/span><\/strong><\/h4>\n<p class=\"pf0\"><span class=\"cf1\">\u2022 Protocoalele preprogramate ajut<\/span><span class=\"cf0\">\u0103 ca prepararea PRF-ului s\u0103 fie mai predictibil\u0103 \u0219i consecvent\u0103, reduc<\/span><span class=\"cf2\">\u00e2nd variabilitatea operatorului. <\/span><\/p>\n<h4 class=\"pf0\"><strong><span class=\"cf2\">2. Operare simplificat<\/span><span class=\"cf4\">\u0103 \u0219i eficien\u021b\u0103 procedural\u0103<\/span><\/strong><\/h4>\n<p class=\"pf0\"><span class=\"cf3\">\u2022 Buton dedicat (quick spin, pulse) <\/span><span class=\"cf4\">\u0219i interfa\u021b\u0103 intuitiv\u0103 reduc pa\u0219ii \u0219i timpul de operare. <\/span><\/p>\n<p class=\"pf0\"><span class=\"cf3\">\u2022 Capacitate mare de tuburi (de exemplu, 12 tuburi de 10 ml sau 8 tuburi de 15 ml) \u2014 utile c<\/span><span class=\"cf2\">\u00e2nd se preg<\/span><span class=\"cf4\">\u0103tesc multiple probe simultan. <\/span><\/p>\n<p class=\"pf0\"><span class=\"cf3\">\u2022 Motor brushless, <\/span><span class=\"cf2\">\u00eentre<\/span><span class=\"cf4\">\u021binere redus\u0103 <\/span><span class=\"cf3\">\u2014 util pe termen lung <\/span><span class=\"cf2\">\u00een practica clinic<\/span><span class=\"cf4\">\u0103. <\/span><\/p>\n<h4 class=\"pf0\"><strong><span class=\"cf4\">3. Versatilitate <\/span><span class=\"cf2\">\u00een protocoale <\/span><span class=\"cf4\">\u0219i aplicabilitate extins\u0103<\/span><\/strong><\/h4>\n<p class=\"pf0\"><span class=\"cf3\">\u2022 Accept<\/span><span class=\"cf4\">\u0103 multiple tipuri\/formate de PRF (A-PRF, i-PRF, S-PRF etc.), permi\u021b<\/span><span class=\"cf2\">\u00e2nd adaptarea la diverse indica<\/span><span class=\"cf4\">\u021bii clinice. <\/span><\/p>\n<p class=\"pf0\"><span class=\"cf3\">\u2022 Capacitatea de a folosi tuburi de r<\/span><span class=\"cf4\">\u0103cire (PomPac, PomCol etc.) pentru a controla temperatura probei, ceea ce poate <\/span><span class=\"cf2\">\u00eembun<\/span><span class=\"cf4\">\u0103t\u0103\u021bi calitatea PRF. <\/span><\/p>\n<h4 class=\"pf0\"><strong><span class=\"cf4\">4. Siguran\u021b\u0103 \u0219i control al calit\u0103\u021bii<\/span><\/strong><\/h4>\n<p class=\"pf0\"><span class=\"cf3\">\u2022 Blocare electric<\/span><span class=\"cf4\">\u0103 a capacului (lid lock) pentru evitarea manipul\u0103rii accidentale <\/span><span class=\"cf2\">\u00een timpul centrifug<\/span><span class=\"cf4\">\u0103rii. <\/span><\/p>\n<p class=\"pf0\"><span class=\"cf3\">\u2022 Autodiagnostic la pornire, monitorizare a parametrilor, protec<\/span><span class=\"cf4\">\u021bie la supratur\u0103 (overspeed) <\/span><span class=\"cf3\">\u2014 toate acestea contribuie la fiabilitate. <\/span><\/p>\n<p class=\"pf0\"><span class=\"cf3\">\u2022 Temperatur<\/span><span class=\"cf4\">\u0103 optim\u0103 stabil\u0103 <\/span><span class=\"cf2\">\u00een rotor (prin design <\/span><span class=\"cf4\">\u0219i r\u0103cire), ceea ce reduce degresarea componentelor biologice sensibile. <\/span><\/p>\n<h4 class=\"pf0\"><strong><span class=\"cf4\">5. Compatibilitate cu cerin\u021bele regenerative moderne<\/span><\/strong><\/h4>\n<p class=\"pf0\"><span class=\"cf3\">\u2022 Permite adoptarea conceptului de \u201elow-speed centrifugation\u201d (viteze reduse) pentru a ob<\/span><span class=\"cf4\">\u021bine structuri de fibrin\u0103 mai poroase \u0219i un con\u021binut mai bogat de celule, conform tendin\u021belor recente <\/span><span class=\"cf2\">\u00een cercetare. <\/span><\/p>\n<p class=\"pf0\"><span class=\"cf3\">\u2022 Posibilitatea de ajustare fin<\/span><span class=\"cf4\">\u0103 a for\u021bei centrifuge (<\/span><span class=\"cf2\">\u00d7g) <\/span><span class=\"cf4\">\u0219i a timpului face ca aparatul s\u0103 fie potrivit pentru optimizarea protocoalelor noi. <\/span><\/p>\n<h4 class=\"pf0\"><strong><span class=\"cf4\">6. Imagine profesional\u0103 \u0219i de diferen\u021biere pe pia\u021b\u0103<\/span><\/strong><\/h4>\n<p class=\"pf0\"><span class=\"cf3\">\u2022 Utilizarea unui sistem avansat sus<\/span><span class=\"cf4\">\u021binut de inventatorul metodei PRF (Dr. Choukroun) poate cre\u0219te <\/span><span class=\"cf2\">\u00eencrederea pacien<\/span><span class=\"cf4\">\u021bilor \u0219i pozi\u021bionarea clinicii. <\/span><\/p>\n<p class=\"pf0\"><span class=\"cf3\">\u2022 Oferta unui pachet complet (kituri, accesorii dedicate) face ca fluxul de lucru s<\/span><span class=\"cf4\">\u0103 fie mai bine integrat \u0219i mai profesionist.<\/span><\/p>\n<h3 class=\"pf0\"><strong><span class=\"cf0\">Beneficii pentru pacien<\/span><span class=\"cf0\">\u021bi<\/span><\/strong><\/h3>\n<h4 class=\"pf0\"><strong><span class=\"cf0\">1. Vindecare mai rapid\u0103 \u0219i mai eficient\u0103<\/span><\/strong><\/h4>\n<ul>\n<li class=\"pf0\"><span class=\"cf0\">PRF con\u021bine trombocite, leucocite \u0219i factori de cre\u0219tere care stimuleaz\u0103 regenerarea tisular\u0103 \u0219i angiogeneza. <\/span><\/li>\n<li class=\"pf0\"><span class=\"cf0\">Aplicarea corect\u0103 \u0219i standardizat\u0103 a PRF-<\/span><span class=\"cf0\">ului<\/span> <span class=\"cf0\">contribuie<\/span><span class=\"cf0\"> la o <\/span><span class=\"cf0\">vindecare<\/span> <span class=\"cf0\">mai<\/span> <span class=\"cf0\">uniform\u0103<\/span> <span class=\"cf0\">\u0219i<\/span> <span class=\"cf0\">predictibil\u0103<\/span><span class=\"cf0\">.<\/span><\/li>\n<\/ul>\n<h4 class=\"pf0\"><strong><span class=\"cf0\">2. <\/span><span class=\"cf0\">Reducerea<\/span> <span class=\"cf0\">inflama\u021biei<\/span> <span class=\"cf0\">\u0219i<\/span> <span class=\"cf0\">disconfortului<\/span><span class=\"cf0\"> post-operator<\/span><\/strong><\/h4>\n<ul>\n<li class=\"pf0\"><span class=\"cf0\">PRF <\/span><span class=\"cf0\">ac\u021bioneaz\u0103<\/span><span class=\"cf0\"> ca <\/span><span class=\"cf0\">matrice<\/span> <span class=\"cf0\">biocompatibil\u0103<\/span> <span class=\"cf0\">ce<\/span> <span class=\"cf0\">poate<\/span> <span class=\"cf0\">modera<\/span> <span class=\"cf0\">r\u0103spunsul<\/span> <span class=\"cf0\">inflamator<\/span><span class=\"cf0\"> local. <\/span><\/li>\n<li class=\"pf0\"><span class=\"cf0\">Prezen\u021ba<\/span> <span class=\"cf0\">leucocitelor<\/span> <span class=\"cf0\">\u0219i<\/span> <span class=\"cf0\">factorilor<\/span> <span class=\"cf0\">imunomodulatori<\/span> <span class=\"cf0\">poate<\/span> <span class=\"cf0\">contribui<\/span><span class=\"cf0\"> la <\/span><span class=\"cf0\">reducerea<\/span> <span class=\"cf0\">riscului<\/span> <span class=\"cf0\">infec\u021bios<\/span> <span class=\"cf0\">\u0219i<\/span><span class=\"cf0\"> la <\/span><span class=\"cf0\">ameliorarea<\/span> <span class=\"cf0\">edemului<\/span><span class=\"cf0\">. <\/span><\/li>\n<\/ul>\n<h4 class=\"pf0\"><strong><span class=\"cf0\">3. <\/span><span class=\"cf0\">Biocompatibilitate<\/span> <span class=\"cf0\">\u0219i<\/span> <span class=\"cf0\">siguran\u021b\u0103<\/span> <span class=\"cf0\">biologic\u0103<\/span><\/strong><\/h4>\n<ul>\n<li class=\"pf0\"><span class=\"cf0\">PRF <\/span><span class=\"cf0\">este<\/span> <span class=\"cf0\">produs<\/span> <span class=\"cf0\">autolog<\/span><span class=\"cf0\"> (din <\/span><span class=\"cf0\">s<\/span><span class=\"cf1\">\u00e2ngele<\/span> <span class=\"cf1\">pacientului<\/span><span class=\"cf1\">), <\/span><span class=\"cf1\">f<\/span><span class=\"cf2\">\u0103r\u0103<\/span> <span class=\"cf2\">aditivi<\/span> <span class=\"cf2\">chimici<\/span><span class=\"cf2\">, <\/span><span class=\"cf2\">anticoagulante<\/span> <span class=\"cf2\">sau<\/span> <span class=\"cf2\">substan\u021be<\/span> <span class=\"cf2\">externe<\/span><span class=\"cf2\">, <\/span><span class=\"cf2\">ceea<\/span> <span class=\"cf2\">ce<\/span> <span class=\"cf2\">minimizeaz\u0103<\/span> <span class=\"cf2\">riscul<\/span><span class=\"cf2\"> de <\/span><span class=\"cf2\">reac\u021bii<\/span><span class=\"cf2\"> adverse <\/span><span class=\"cf2\">sau<\/span> <span class=\"cf2\">alergii<\/span><span class=\"cf2\">.<\/span><\/li>\n<\/ul>\n<h4 class=\"pf0\"><strong><span class=\"cf2\">4. <\/span><span class=\"cf2\">Riscuri<\/span> <span class=\"cf2\">mai<\/span> <span class=\"cf2\">mici<\/span> <span class=\"cf2\">\u0219i<\/span> <span class=\"cf2\">confort<\/span> <span class=\"cf2\">sporit<\/span><\/strong><\/h4>\n<ul>\n<li class=\"pf0\"><span class=\"cf2\">Deoarece<\/span> <span class=\"cf2\">procesul<\/span> <span class=\"cf2\">este<\/span><span class=\"cf2\"> rapid <\/span><span class=\"cf2\">\u0219i<\/span><span class=\"cf2\"> se <\/span><span class=\"cf2\">realizeaz\u0103<\/span> <span class=\"cf1\">\u00een<\/span><span class=\"cf1\"> cabinet (point-of-care), se reduc<\/span>\u00a0<span class=\"cf1\">manipul<\/span><span class=\"cf2\">\u0103rile<\/span> <span class=\"cf2\">externe<\/span> <span class=\"cf2\">\u0219i<\/span> <span class=\"cf2\">riscurile<\/span><span class=\"cf2\"> de <\/span><span class=\"cf2\">contaminare<\/span><span class=\"cf2\">.<\/span><\/li>\n<li class=\"pf0\">Pacien\u021bii <span class=\"cf2\">beneficiaz\u0103<\/span><span class=\"cf2\"> de <\/span><span class=\"cf2\">recuperare<\/span> <span class=\"cf2\">mai<\/span> <span class=\"cf2\">scurt\u0103<\/span><span class=\"cf2\">, <\/span><span class=\"cf2\">mai<\/span> <span class=\"cf2\">pu\u021bin\u0103<\/span> <span class=\"cf2\">durere<\/span> <span class=\"cf2\">\u0219i<\/span> <span class=\"cf2\">complica\u021bii<\/span> <span class=\"cf2\">reduse<\/span><span class=\"cf2\">.<\/span><\/li>\n<\/ul>\n<h4 class=\"pf0\"><strong><span class=\"cf2\">5. <\/span><span class=\"cf2\">Rezultate<\/span> <span class=\"cf2\">estetice<\/span> <span class=\"cf2\">\u0219i<\/span> <span class=\"cf2\">func\u021bionale<\/span> <span class=\"cf2\">mai<\/span> <span class=\"cf2\">bune<\/span><\/strong><\/h4>\n<ul>\n<li class=\"pf0\"><span class=\"cf2\">Aplicabil<\/span> <span class=\"cf1\">\u00een<\/span> <span class=\"cf1\">estetic<\/span><span class=\"cf2\">\u0103<\/span> <span class=\"cf2\">facial\u0103<\/span><span class=\"cf2\">, <\/span><span class=\"cf2\">regenerare<\/span> <span class=\"cf2\">gingival\u0103<\/span><span class=\"cf2\">, <\/span><span class=\"cf2\">implantologie<\/span> <span class=\"cf3\">\u2014 <\/span><span class=\"cf3\">contribuie<\/span><span class=\"cf3\">\u00a0la un <\/span><span class=\"cf3\">rezultat<\/span><span class=\"cf3\"> final <\/span><span class=\"cf3\">mai<\/span><span class=\"cf3\"> bun <\/span><span class=\"cf2\">\u0219i<\/span> <span class=\"cf2\">mai<\/span><span class=\"cf2\"> natural. <\/span><\/li>\n<li class=\"pf0\"><span class=\"cf1\">\u00cen<\/span><span class=\"cf1\"> sinus lift, <\/span><span class=\"cf1\">grefe<\/span> <span class=\"cf1\">osoase<\/span><span class=\"cf1\">, <\/span><span class=\"cf1\">tratamente<\/span> <span class=\"cf1\">parodontale<\/span><span class=\"cf1\">, PRF <\/span><span class=\"cf1\">contribuie<\/span><span class=\"cf1\"> la <\/span><span class=\"cf1\">stabilitatea<\/span> <span class=\"cf1\">regener<\/span><span class=\"cf2\">\u0103rii<\/span> <span class=\"cf2\">\u0219i<\/span><span class=\"cf2\"> la <\/span><span class=\"cf2\">succes<\/span> <span class=\"cf2\">pe<\/span><span class=\"cf2\"> termen lung. <\/span><\/li>\n<\/ul>\n<p><!--EndFragment --><\/p>\n<p>&nbsp;<\/p>\n","protected":false},"excerpt":{"rendered":"<p>DuoQuattro\u00ae este un sistem patentat de centrifugare PRF, dezvoltat de Dr. Joseph Choukroun, conceput pentru ob\u021binerea fibrinei autologe bogate \u00een plachete. Prin standardizarea procesului de preparare, sistemul DuoQuattro\u00ae asigur\u0103 rezultate predictibile pentru medic \u0219i vindecare accelerat\u0103 pentru pacient, reprezent\u00e2nd o solu\u021bie revolu\u021bionar\u0103 \u00een procedurile de regenerare tisular\u0103, chirurgie oral\u0103, implantologie \u0219i parodontologie.<\/p>\n","protected":false},"featured_media":11280,"comment_status":"open","ping_status":"closed","template":"","meta":{"_kad_blocks_custom_css":"","_kad_blocks_head_custom_js":"","_kad_blocks_body_custom_js":"","_kad_blocks_footer_custom_js":"","_kadence_starter_templates_imported_post":false,"_kad_post_transparent":"default","_kad_post_title":"","_kad_post_layout":"default","_kad_post_sidebar_id":"","_kad_post_content_style":"default","_kad_post_vertical_padding":"default","_kad_post_feature":"","_kad_post_feature_position":"","_kad_post_header":false,"_kad_post_footer":false,"_kad_post_classname":""},"product_brand":[419],"product_cat":[448,18,54],"product_tag":[469],"product_partner":[],"class_list":{"0":"post-4324","1":"product","2":"type-product","3":"status-publish","4":"has-post-thumbnail","6":"product_brand-prf-process-choukroun","7":"product_cat-centrifuga-prf","8":"product_cat-echipamente-chirurgie-si-accesorii","9":"product_cat-echipamente-stomatologice","10":"product_tag-onlineorder","12":"first","13":"instock","14":"taxable","15":"shipping-taxable","16":"purchasable","17":"product-type-simple","18":"entry","19":"content-bg","20":"loop-entry"},"taxonomy_info":{"product_brand":[{"value":419,"label":"PRF PROCESS CHOUKROUN"}],"product_cat":[{"value":448,"label":"Centrifug\u0103 PRF"},{"value":18,"label":"Echipamente de chirurgie dentar\u0103 \u0219i accesorii"},{"value":54,"label":"Echipamente Stomatologice"}],"product_tag":[{"value":469,"label":"#onlineorder"}]},"featured_image_src_large":["https:\/\/gursk.ro\/shop\/wp-content\/uploads\/2025\/09\/PRF-DuoQuattro\u00ae-1024x1024.png",1024,1024,true],"author_info":[],"comment_info":0,"_links":{"self":[{"href":"https:\/\/gursk.ro\/shop\/wp-json\/wp\/v2\/product\/4324","targetHints":{"allow":["GET"]}}],"collection":[{"href":"https:\/\/gursk.ro\/shop\/wp-json\/wp\/v2\/product"}],"about":[{"href":"https:\/\/gursk.ro\/shop\/wp-json\/wp\/v2\/types\/product"}],"replies":[{"embeddable":true,"href":"https:\/\/gursk.ro\/shop\/wp-json\/wp\/v2\/comments?post=4324"}],"version-history":[{"count":1,"href":"https:\/\/gursk.ro\/shop\/wp-json\/wp\/v2\/product\/4324\/revisions"}],"predecessor-version":[{"id":11279,"href":"https:\/\/gursk.ro\/shop\/wp-json\/wp\/v2\/product\/4324\/revisions\/11279"}],"wp:featuredmedia":[{"embeddable":true,"href":"https:\/\/gursk.ro\/shop\/wp-json\/wp\/v2\/media\/11280"}],"wp:attachment":[{"href":"https:\/\/gursk.ro\/shop\/wp-json\/wp\/v2\/media?parent=4324"}],"wp:term":[{"taxonomy":"product_brand","embeddable":true,"href":"https:\/\/gursk.ro\/shop\/wp-json\/wp\/v2\/product_brand?post=4324"},{"taxonomy":"product_cat","embeddable":true,"href":"https:\/\/gursk.ro\/shop\/wp-json\/wp\/v2\/product_cat?post=4324"},{"taxonomy":"product_tag","embeddable":true,"href":"https:\/\/gursk.ro\/shop\/wp-json\/wp\/v2\/product_tag?post=4324"},{"taxonomy":"product_partner","embeddable":true,"href":"https:\/\/gursk.ro\/shop\/wp-json\/wp\/v2\/product_partner?post=4324"}],"curies":[{"name":"wp","href":"https:\/\/api.w.org\/{rel}","templated":true}]}}