{"id":32683,"date":"2026-02-10T19:06:27","date_gmt":"2026-02-10T16:06:27","guid":{"rendered":"https:\/\/gursk.ro\/shop\/?post_type=product&#038;p=32683"},"modified":"2026-04-03T10:38:45","modified_gmt":"2026-04-03T07:38:45","slug":"curs-lambouri-suturi-chirurgia-mucogingivala","status":"publish","type":"product","link":"https:\/\/gursk.ro\/shop\/produs\/curs-lambouri-suturi-chirurgia-mucogingivala\/","title":{"rendered":"Curs intensiv lambouri \u0219i suturi \u00een chirurgia mucogingival\u0103"},"content":{"rendered":"<p>Acest curs propune o abordare structurat\u0103, fundamentat\u0103 pe dovezi \u0219i orientat\u0103 clinic, care urm\u0103re\u0219te integrarea ra\u021bionamentului biologic \u00een decizia chirurgical\u0103. Accentul este pus pe corelarea indica\u021biei clinice cu designul lamboului, pe tehnicile controlate de mobilizare tisular\u0103 \u0219i pe utilizarea suturii ca instrument de stabilizare \u0219i pozi\u021bionare predictibil\u0103. Prin combinarea cadrului teoretic cu aplica\u021bii practice, cursul faciliteaz\u0103 tranzi\u021bia de la execu\u021bia empiric\u0103 la o abordare standardizat\u0103 \u0219i reproductibil\u0103, cu impact direct asupra reducerii complica\u021biilor \u0219i cre\u0219terii predictibilit\u0103\u021bii rezultatelor func\u021bionale \u0219i estetice.<\/p>\n<h3 aria-level=\"2\"><b><span data-contrast=\"auto\">La finalul acestui curs vei \u0219ti:<\/span><\/b><span data-ccp-props=\"{&quot;134233117&quot;:false,&quot;134233118&quot;:false,&quot;134245418&quot;:true,&quot;134245529&quot;:true,&quot;335551550&quot;:0,&quot;335551620&quot;:0,&quot;335559738&quot;:299,&quot;335559739&quot;:299}\">\u00a0<\/span><\/h3>\n<ul>\n<li><span data-contrast=\"auto\">s\u0103 alegi <\/span><b><span data-contrast=\"auto\">designul\u00a0lamboului<\/span><\/b><span data-contrast=\"auto\">\u00a0\u0219i\u00a0tipul\u00a0de\u00a0incizie\u00a0\u00een\u00a0func\u021bie\u00a0de\u00a0indica\u021bia\u00a0clinic\u0103\u00a0\u0219i\u00a0contextul\u00a0biologic;<\/span><span data-ccp-props=\"{&quot;134233117&quot;:false,&quot;134233118&quot;:false,&quot;335551550&quot;:0,&quot;335551620&quot;:0,&quot;335559738&quot;:240,&quot;335559739&quot;:240}\">\u00a0<\/span><\/li>\n<li><span data-contrast=\"auto\">s\u0103 realizezi <\/span><b><span data-contrast=\"auto\">mobilizarea\u00a0tisular\u0103\u00a0corect\u0103<\/span><\/b><span data-contrast=\"auto\">, cu\u00a0ob\u021binerea\u00a0pasivit\u0103\u021bii\u00a0lamboului\u00a0f\u0103r\u0103\u00a0compromiterea\u00a0vasculariza\u021biei;<\/span><span data-ccp-props=\"{&quot;134233117&quot;:false,&quot;134233118&quot;:false,&quot;335551550&quot;:0,&quot;335551620&quot;:0,&quot;335559738&quot;:240,&quot;335559739&quot;:240}\">\u00a0<\/span><\/li>\n<li><span data-contrast=\"auto\">s\u0103 execu\u021bi <\/span><b><span data-contrast=\"auto\">eliber\u0103ri\u00a0periostale\u00a0controlate<\/span><\/b><span data-contrast=\"auto\">,\u00a0adaptate\u00a0fiec\u0103rui\u00a0tip de\u00a0caz;<\/span><span data-ccp-props=\"{&quot;134233117&quot;:false,&quot;134233118&quot;:false,&quot;335551550&quot;:0,&quot;335551620&quot;:0,&quot;335559738&quot;:240,&quot;335559739&quot;:240}\">\u00a0<\/span><\/li>\n<li><span data-contrast=\"auto\">s\u0103 selectezi \u0219i utilizezi\u00a0<\/span><b><span data-contrast=\"auto\">materialele\u00a0de\u00a0sutur\u0103<\/span><\/b><span data-contrast=\"auto\">\u00a0adecvate\u00a0pentru\u00a0stabilizare,\u00a0suspensie\u00a0\u0219i\u00a0\u00eenchidere\u00a0primar\u0103;<\/span><span data-ccp-props=\"{&quot;134233117&quot;:false,&quot;134233118&quot;:false,&quot;335551550&quot;:0,&quot;335551620&quot;:0,&quot;335559738&quot;:240,&quot;335559739&quot;:240}\">\u00a0<\/span><\/li>\n<li><span data-contrast=\"auto\">s\u0103 controlezi <\/span><b><span data-contrast=\"auto\">pozi\u021bia\u00a0lamboului\u00a0prin\u00a0tehnica\u00a0de\u00a0sutur\u0103<\/span><\/b><span data-contrast=\"auto\">,\u00a0evit\u00e2nd\u00a0\u00eenchiderea\u00a0tensionat\u0103;<\/span><span data-ccp-props=\"{&quot;134233117&quot;:false,&quot;134233118&quot;:false,&quot;335551550&quot;:0,&quot;335551620&quot;:0,&quot;335559738&quot;:240,&quot;335559739&quot;:240}\">\u00a0<\/span><\/li>\n<li><span data-contrast=\"auto\">s\u0103 previi <\/span><b><span data-contrast=\"auto\">dehiscen\u021ba\u00a0lamboului<\/span><\/b><span data-contrast=\"auto\">\u00a0\u0219i\u00a0alte\u00a0complica\u021bii\u00a0postoperatorii\u00a0legate de\u00a0suturi;<\/span><span data-ccp-props=\"{&quot;134233117&quot;:false,&quot;134233118&quot;:false,&quot;335551550&quot;:0,&quot;335551620&quot;:0,&quot;335559738&quot;:240,&quot;335559739&quot;:240}\">\u00a0<\/span><\/li>\n<li><span data-contrast=\"auto\">s\u0103 gestionezi \u021besuturile moi \u00een\u00a0<\/span><b><span data-contrast=\"auto\">chirurgia\u00a0muco-gingival\u0103\u00a0dentar\u0103\u00a0\u0219i\u00a0peri-implantar\u0103<\/span><\/b><span data-contrast=\"auto\">;<\/span><span data-ccp-props=\"{&quot;134233117&quot;:false,&quot;134233118&quot;:false,&quot;335551550&quot;:0,&quot;335551620&quot;:0,&quot;335559738&quot;:240,&quot;335559739&quot;:240}\">\u00a0<\/span><\/li>\n<li><span data-contrast=\"auto\">s\u0103 ob\u021bii <\/span><b><span data-contrast=\"auto\">stabilitate\u00a0tisular\u0103\u00a0predictibil\u0103<\/span><\/b><span data-contrast=\"auto\">, cu impact\u00a0func\u021bional\u00a0\u0219i\u00a0estetic\u00a0pe termen lung.<\/span><span data-ccp-props=\"{&quot;134233117&quot;:false,&quot;134233118&quot;:false,&quot;335551550&quot;:0,&quot;335551620&quot;:0,&quot;335559738&quot;:240,&quot;335559739&quot;:240}\">\u00a0<\/span><\/li>\n<\/ul>\n<h3 aria-level=\"2\"><b><span data-contrast=\"auto\">Cui\u00a0i\u00a0se\u00a0adreseaz\u0103?<\/span><\/b><span data-ccp-props=\"{&quot;134233117&quot;:false,&quot;134233118&quot;:false,&quot;134245418&quot;:true,&quot;134245529&quot;:true,&quot;335551550&quot;:0,&quot;335551620&quot;:0,&quot;335559738&quot;:299,&quot;335559739&quot;:299}\">\u00a0<\/span><\/h3>\n<p><span data-contrast=\"auto\"><strong>Cursul\u00a0se\u00a0adreseaz\u0103\u00a0medicilor\u00a0stomatologi\u00a0care\u00a0desf\u0103\u0219oar\u0103\u00a0sau\u00a0doresc\u00a0s\u0103\u00a0dezvolte\u00a0proceduri\u00a0de\u00a0chirurgie\u00a0muco-gingival\u0103<\/strong>, at\u00e2t \u00een jurul din\u021bilor naturali, c\u00e2t \u0219i al implanturilor.\u00a0\u00a0<\/span><span data-contrast=\"auto\">Este relevant pentru <strong>implantologi, parodontologi \u0219i medici stomatologi<\/strong> cu orientare \u00een chirurgie oral\u0103, precum \u0219i pentru practicienii interesa\u021bi de cre\u0219terea predictibilit\u0103\u021bii clinice \u0219i a stabilit\u0103\u021bii \u021besuturilor moi pe termen lung.<\/span><span data-ccp-props=\"{&quot;134233117&quot;:false,&quot;134233118&quot;:false,&quot;335551550&quot;:0,&quot;335551620&quot;:0,&quot;335559738&quot;:240,&quot;335559739&quot;:240}\">\u00a0<\/span><\/p>\n<h3 aria-level=\"2\"><b>Structura cursului:<\/b><\/h3>\n<h3 aria-level=\"3\"><b><span data-contrast=\"auto\">Con\u021binut\u00a0teoretic<\/span><\/b><span data-ccp-props=\"{&quot;134233117&quot;:false,&quot;134233118&quot;:false,&quot;134245418&quot;:true,&quot;134245529&quot;:true,&quot;335551550&quot;:0,&quot;335551620&quot;:0,&quot;335559738&quot;:281,&quot;335559739&quot;:281}\">\u00a0<\/span><\/h3>\n<p><span data-contrast=\"auto\">Componenta\u00a0teoretic\u0103\u00a0ofer\u0103\u00a0cadrul\u00a0biologic\u00a0\u0219i\u00a0ra\u021bionamentul\u00a0clinic\u00a0necesar\u00a0pentru\u00a0controlul\u00a0corect\u00a0al\u00a0lambourilor\u00a0\u0219i\u00a0suturilor\u00a0\u00een\u00a0chirurgia\u00a0muco-gingival\u0103.<\/span><span data-ccp-props=\"{&quot;134233117&quot;:false,&quot;134233118&quot;:false,&quot;335551550&quot;:0,&quot;335551620&quot;:0,&quot;335559738&quot;:240,&quot;335559739&quot;:240}\">\u00a0<\/span><span data-contrast=\"auto\">Sunt\u00a0abordate:<\/span><span data-ccp-props=\"{&quot;134233117&quot;:false,&quot;134233118&quot;:false,&quot;335551550&quot;:0,&quot;335551620&quot;:0,&quot;335559738&quot;:240,&quot;335559739&quot;:240}\">\u00a0<\/span><\/p>\n<ul>\n<li><span data-contrast=\"auto\">anatomia\u00a0\u0219i\u00a0vasculariza\u021bia\u00a0\u021besuturilor\u00a0muco-gingivale;<\/span><span data-ccp-props=\"{&quot;134233117&quot;:false,&quot;134233118&quot;:false,&quot;335551550&quot;:0,&quot;335551620&quot;:0,&quot;335559738&quot;:240,&quot;335559739&quot;:240}\">\u00a0<\/span><\/li>\n<li><span data-contrast=\"auto\">principiile\u00a0biologice\u00a0care\u00a0influen\u021beaz\u0103\u00a0vindecarea\u00a0lambourilor;<\/span><span data-ccp-props=\"{&quot;134233117&quot;:false,&quot;134233118&quot;:false,&quot;335551550&quot;:0,&quot;335551620&quot;:0,&quot;335559738&quot;:240,&quot;335559739&quot;:240}\">\u00a0<\/span><\/li>\n<li><span data-contrast=\"auto\">criterii\u00a0de\u00a0selec\u021bie\u00a0a\u00a0designului\u00a0lamboului\u00a0\u00een\u00a0func\u021bie\u00a0de\u00a0indica\u021bia\u00a0clinic\u0103;<\/span><span data-ccp-props=\"{&quot;134233117&quot;:false,&quot;134233118&quot;:false,&quot;335551550&quot;:0,&quot;335551620&quot;:0,&quot;335559738&quot;:240,&quot;335559739&quot;:240}\">\u00a0<\/span><\/li>\n<li><span data-contrast=\"auto\">tipuri\u00a0de\u00a0incizii\u00a0\u0219i\u00a0implica\u021biile\u00a0lor\u00a0asupra\u00a0vasculariza\u021biei\u00a0\u0219i\u00a0stabilit\u0103\u021bii\u00a0tisulare;<\/span><span data-ccp-props=\"{&quot;134233117&quot;:false,&quot;134233118&quot;:false,&quot;335551550&quot;:0,&quot;335551620&quot;:0,&quot;335559738&quot;:240,&quot;335559739&quot;:240}\">\u00a0<\/span><\/li>\n<li><span data-contrast=\"auto\">rolul\u00a0periostului\u00a0\u0219i\u00a0tehnici\u00a0de\u00a0eliberare\u00a0periostal\u0103;<\/span><span data-ccp-props=\"{&quot;134233117&quot;:false,&quot;134233118&quot;:false,&quot;335551550&quot;:0,&quot;335551620&quot;:0,&quot;335559738&quot;:240,&quot;335559739&quot;:240}\">\u00a0<\/span><\/li>\n<li><span data-contrast=\"auto\">pasivitatea\u00a0tisular\u0103\u00a0\u0219i\u00a0controlul\u00a0tensiunii;<\/span><span data-ccp-props=\"{&quot;134233117&quot;:false,&quot;134233118&quot;:false,&quot;335551550&quot;:0,&quot;335551620&quot;:0,&quot;335559738&quot;:240,&quot;335559739&quot;:240}\">\u00a0<\/span><\/li>\n<li><span data-contrast=\"auto\">principii de\u00a0selec\u021bie\u00a0a\u00a0materialelor\u00a0de\u00a0sutur\u0103;<\/span><span data-ccp-props=\"{&quot;134233117&quot;:false,&quot;134233118&quot;:false,&quot;335551550&quot;:0,&quot;335551620&quot;:0,&quot;335559738&quot;:240,&quot;335559739&quot;:240}\">\u00a0<\/span><\/li>\n<li><span data-contrast=\"auto\">rolul\u00a0suturii\u00a0\u00een\u00a0stabilizarea\u00a0lamboului\u00a0\u0219i\u00a0prevenirea\u00a0complica\u021biilor.<\/span><span data-ccp-props=\"{&quot;134233117&quot;:false,&quot;134233118&quot;:false,&quot;335551550&quot;:0,&quot;335551620&quot;:0,&quot;335559738&quot;:240,&quot;335559739&quot;:240}\">\u00a0<\/span><\/li>\n<\/ul>\n<p><span data-contrast=\"auto\">Conceptele\u00a0teoretice\u00a0sunt\u00a0sus\u021binute\u00a0prin\u00a0<\/span><b><span data-contrast=\"auto\">analiza\u00a0unor\u00a0cazuri\u00a0clinice\u00a0reale<\/span><\/b><span data-contrast=\"auto\">, cu accent pe\u00a0recesii\u00a0gingivale,\u00a0grefe\u00a0conjunctive,\u00a0lambou\u00a0avansat\u00a0coronar\u00a0\u0219i\u00a0managementul\u00a0\u021besuturilor\u00a0moi peri-implantare.<\/span><span data-ccp-props=\"{&quot;134233117&quot;:false,&quot;134233118&quot;:false,&quot;335551550&quot;:0,&quot;335551620&quot;:0,&quot;335559738&quot;:240,&quot;335559739&quot;:240}\">\u00a0<\/span><\/p>\n<h3 aria-level=\"3\"><b><span data-contrast=\"auto\">Componenta practic\u0103. HANDS-ON<\/span><\/b><span data-ccp-props=\"{&quot;134233117&quot;:false,&quot;134233118&quot;:false,&quot;134245418&quot;:true,&quot;134245529&quot;:true,&quot;335551550&quot;:0,&quot;335551620&quot;:0,&quot;335559738&quot;:281,&quot;335559739&quot;:281}\">\u00a0<\/span><\/h3>\n<p><span data-contrast=\"auto\">Partea\u00a0practic\u0103\u00a0este\u00a0dedicat\u0103\u00a0<\/span><b><span data-contrast=\"auto\">exers\u0103rii\u00a0controlului\u00a0tisular<\/span><\/b><span data-contrast=\"auto\">\u00a0\u0219i\u00a0a\u00a0secven\u021belor\u00a0chirurgicale\u00a0corecte, cu accent pe\u00a0manualitate\u00a0\u0219i\u00a0predictibilitate.<\/span><span data-ccp-props=\"{&quot;134233117&quot;:false,&quot;134233118&quot;:false,&quot;335551550&quot;:0,&quot;335551620&quot;:0,&quot;335559738&quot;:240,&quot;335559739&quot;:240}\">\u00a0<\/span><span data-contrast=\"auto\">Participan\u021bii\u00a0vor\u00a0exersa:<\/span><span data-ccp-props=\"{&quot;134233117&quot;:false,&quot;134233118&quot;:false,&quot;335551550&quot;:0,&quot;335551620&quot;:0,&quot;335559738&quot;:240,&quot;335559739&quot;:240}\">\u00a0<\/span><\/p>\n<ul>\n<li><span data-contrast=\"auto\">realizarea\u00a0inciziilor\u00a0atraumatice;<\/span><span data-ccp-props=\"{&quot;134233117&quot;:false,&quot;134233118&quot;:false,&quot;335551550&quot;:0,&quot;335551620&quot;:0,&quot;335559738&quot;:240,&quot;335559739&quot;:240}\">\u00a0<\/span><\/li>\n<li><span data-contrast=\"auto\">ridicarea\u00a0lamboului\u00a0par\u021bial\u00a0\u0219i\u00a0total;<\/span><span data-ccp-props=\"{&quot;134233117&quot;:false,&quot;134233118&quot;:false,&quot;335551550&quot;:0,&quot;335551620&quot;:0,&quot;335559738&quot;:240,&quot;335559739&quot;:240}\">\u00a0<\/span><\/li>\n<li><span data-contrast=\"auto\">eliber\u0103ri\u00a0periostale\u00a0controlate;<\/span><span data-ccp-props=\"{&quot;134233117&quot;:false,&quot;134233118&quot;:false,&quot;335551550&quot;:0,&quot;335551620&quot;:0,&quot;335559738&quot;:240,&quot;335559739&quot;:240}\">\u00a0<\/span><\/li>\n<li><span data-contrast=\"auto\">ob\u021binerea\u00a0pasivit\u0103\u021bii\u00a0reale\u00a0a\u00a0lamboului;<\/span><span data-ccp-props=\"{&quot;134233117&quot;:false,&quot;134233118&quot;:false,&quot;335551550&quot;:0,&quot;335551620&quot;:0,&quot;335559738&quot;:240,&quot;335559739&quot;:240}\">\u00a0<\/span><\/li>\n<li><span data-contrast=\"auto\">tehnici\u00a0de\u00a0sutur\u0103\u00a0pentru\u00a0stabilizare,\u00a0suspensie\u00a0\u0219i\u00a0\u00eenchidere\u00a0primar\u0103;<\/span><span data-ccp-props=\"{&quot;134233117&quot;:false,&quot;134233118&quot;:false,&quot;335551550&quot;:0,&quot;335551620&quot;:0,&quot;335559738&quot;:240,&quot;335559739&quot;:240}\">\u00a0<\/span><\/li>\n<li><span data-contrast=\"auto\">controlul\u00a0pozi\u021biei\u00a0lamboului\u00a0prin\u00a0sutur\u0103;<\/span><span data-ccp-props=\"{&quot;134233117&quot;:false,&quot;134233118&quot;:false,&quot;335551550&quot;:0,&quot;335551620&quot;:0,&quot;335559738&quot;:240,&quot;335559739&quot;:240}\">\u00a0<\/span><\/li>\n<li><span data-contrast=\"auto\">\u00eenchiderea\u00a0f\u0103r\u0103\u00a0tensiune\u00a0a\u00a0lambourilor;<\/span><span data-ccp-props=\"{&quot;134233117&quot;:false,&quot;134233118&quot;:false,&quot;335551550&quot;:0,&quot;335551620&quot;:0,&quot;335559738&quot;:240,&quot;335559739&quot;:240}\">\u00a0<\/span><\/li>\n<li><span data-contrast=\"auto\">stabilizarea\u00a0\u021besuturilor\u00a0moi\u00a0\u00een\u00a0contexte\u00a0clinice\u00a0diferite.<\/span><span data-ccp-props=\"{&quot;134233117&quot;:false,&quot;134233118&quot;:false,&quot;335551550&quot;:0,&quot;335551620&quot;:0,&quot;335559738&quot;:240,&quot;335559739&quot;:240}\">\u00a0<\/span><\/li>\n<\/ul>\n<p><span data-contrast=\"auto\">Scopul\u00a0sesiunii\u00a0hands-on\u00a0este\u00a0ca\u00a0fiecare\u00a0participant\u00a0s\u0103\u00a0poat\u0103\u00a0<\/span><b><span data-contrast=\"auto\">transfera tehnicile discutate \u00een practic\u0103.<\/span><\/b><span data-ccp-props=\"{&quot;134233117&quot;:false,&quot;134233118&quot;:false,&quot;335551550&quot;:0,&quot;335551620&quot;:0,&quot;335559738&quot;:240,&quot;335559739&quot;:240}\">\u00a0<\/span><\/p>\n<h3><strong>Program detaliat:<\/strong><\/h3>\n<ul>\n<li><strong>09:15 \u2013 09:30:<\/strong>\u00a0\u00cenregistrarea participan\u021bilor.<\/li>\n<li><strong>09:30 \u2013 12:30:<\/strong>\u00a0Partea teoretic\u0103 (cu pauz\u0103 de cafea).<\/li>\n<li><strong>12:30 \u2013 13:30:<\/strong>\u00a0Pauza de pr\u00e2nz.<\/li>\n<li><strong>13:30 \u2013 16:00:<\/strong>\u00a0Partea practic\u0103 intens\u0103.<\/li>\n<li><strong>16:00:<\/strong> Q&amp;A.<\/li>\n<\/ul>\n<h3><strong>TARIFE (one-full-day):<\/strong><\/h3>\n<ul>\n<li><strong>EarlyDays:<\/strong> 450 EUR + TVA (primele 10 locuri)<\/li>\n<li><strong>SmartDays:<\/strong> 490 EUR + TVA<\/li>\n<\/ul>\n<h3><strong>Pentru informa\u021bii \u0219i \u00eenregistrare:<\/strong><\/h3>\n<p><strong>Email:<\/strong>\u00a0<a href=\"mailto:events@gurskmedica.ro\" rel=\"noopener\">events@gurskmedica.ro<\/a><\/p>\n<p><strong>Telefon:<\/strong>\u00a0Adriana Steriopol \u2013 0730 532 463<\/p>\n","protected":false},"excerpt":{"rendered":"<p>\u021aesuturile\u00a0moi\u00a0joac\u0103\u00a0un\u00a0rol\u00a0esen\u021bial\u00a0\u00een\u00a0<strong>predictibilitatea rezultatelor chirurgicale, at\u00e2t \u00een jurul din\u021bilor naturali, c\u00e2t \u0219i al implanturilor.<\/strong> Controlul lamboului, al tensiunii tisulare \u0219i al suturii influen\u021beaz\u0103 direct vindecarea, stabilitatea pe termen lung \u0219i rezultatul estetic. \u00a0Acest curs propune o abordare structurat\u0103, biologic fundamentat\u0103 \u0219i orientat\u0103 practic, axat\u0103 pe designul corect al lambourilor, mobilizarea tisular\u0103 controlat\u0103 \u0219i stabilizarea prin sutur\u0103, cu aplicabilitate imediat\u0103 \u00een practica clinic\u0103.<\/p>\n<p><strong>Bucure\u0219ti, 22 mai 2026<\/strong><br \/>\n<strong>Tarif preferen\u021bial EarlyDays \u2013 valabil pentru primele 10 locuri<\/strong><br \/>\n<a href=\"https:\/\/gursk.ro\/shop\/wp-content\/uploads\/2026\/02\/Curs-intensiv-lambouri-si-suturi-in-chirurgia-mucogingivala.-Bucuresti.pdf\"><strong>Descarc\u0103 bro\u0219ura cursului<\/strong><\/a><\/p>\n","protected":false},"featured_media":32684,"comment_status":"open","ping_status":"closed","template":"","meta":{"_kad_blocks_custom_css":"","_kad_blocks_head_custom_js":"","_kad_blocks_body_custom_js":"","_kad_blocks_footer_custom_js":"","_kadence_starter_templates_imported_post":false,"_kad_post_transparent":"default","_kad_post_title":"","_kad_post_layout":"default","_kad_post_sidebar_id":"","_kad_post_content_style":"default","_kad_post_vertical_padding":"default","_kad_post_feature":"","_kad_post_feature_position":"","_kad_post_header":false,"_kad_post_footer":false,"_kad_post_classname":""},"product_brand":[420],"product_cat":[377],"product_tag":[468,538],"product_partner":[473],"class_list":{"0":"post-32683","1":"product","2":"type-product","3":"status-publish","4":"has-post-thumbnail","6":"product_brand-purgo","7":"product_cat-cursuri-stomatologie","8":"product_tag-gurskevents","9":"product_tag-curs-regenerare-osoasa","10":"product_partner-purgo","12":"first","13":"instock","14":"sale","15":"virtual","16":"taxable","17":"purchasable","18":"product-type-simple","19":"entry","20":"content-bg","21":"loop-entry"},"taxonomy_info":{"product_brand":[{"value":420,"label":"PURGO"}],"product_cat":[{"value":377,"label":"Cursuri stomatologie"}],"product_tag":[{"value":468,"label":"#gurskevents"},{"value":538,"label":"curs regenerare osoas\u0103"}],"product_partner":[{"value":473,"label":"Purgo"}]},"featured_image_src_large":["https:\/\/gursk.ro\/shop\/wp-content\/uploads\/2026\/02\/ws-spinu-8-nov-2025-bv-1080x1080px-site-100-1024x1024.jpg",1024,1024,true],"author_info":[],"comment_info":0,"_links":{"self":[{"href":"https:\/\/gursk.ro\/shop\/wp-json\/wp\/v2\/product\/32683","targetHints":{"allow":["GET"]}}],"collection":[{"href":"https:\/\/gursk.ro\/shop\/wp-json\/wp\/v2\/product"}],"about":[{"href":"https:\/\/gursk.ro\/shop\/wp-json\/wp\/v2\/types\/product"}],"replies":[{"embeddable":true,"href":"https:\/\/gursk.ro\/shop\/wp-json\/wp\/v2\/comments?post=32683"}],"wp:featuredmedia":[{"embeddable":true,"href":"https:\/\/gursk.ro\/shop\/wp-json\/wp\/v2\/media\/32684"}],"wp:attachment":[{"href":"https:\/\/gursk.ro\/shop\/wp-json\/wp\/v2\/media?parent=32683"}],"wp:term":[{"taxonomy":"product_brand","embeddable":true,"href":"https:\/\/gursk.ro\/shop\/wp-json\/wp\/v2\/product_brand?post=32683"},{"taxonomy":"product_cat","embeddable":true,"href":"https:\/\/gursk.ro\/shop\/wp-json\/wp\/v2\/product_cat?post=32683"},{"taxonomy":"product_tag","embeddable":true,"href":"https:\/\/gursk.ro\/shop\/wp-json\/wp\/v2\/product_tag?post=32683"},{"taxonomy":"product_partner","embeddable":true,"href":"https:\/\/gursk.ro\/shop\/wp-json\/wp\/v2\/product_partner?post=32683"}],"curies":[{"name":"wp","href":"https:\/\/api.w.org\/{rel}","templated":true}]}}