{"id":3239,"date":"2025-09-18T17:50:58","date_gmt":"2025-09-18T14:50:58","guid":{"rendered":"https:\/\/gursk.ro\/shop\/?post_type=product&#038;p=3239"},"modified":"2026-04-30T10:24:15","modified_gmt":"2026-04-30T07:24:15","slug":"indepartator-gingie-silicon-2grm2","status":"publish","type":"product","link":"https:\/\/gursk.ro\/shop\/produs\/indepartator-gingie-silicon-2grm2\/","title":{"rendered":"Dep\u0103rt\u0103tor gingival din silicon Osung, 2GRM2"},"content":{"rendered":"<p>Dep\u0103rt\u0103torul gingival <strong>2GRM2<\/strong> este un instrument stomatologic utilizat pentru <strong>retractarea, izolarea \u0219i protejarea \u021besuturilor gingivale<\/strong> \u00een timpul procedurilor restaurative. Modelul este prev\u0103zut cu <strong>m\u00e2ner ergonomic din silicon autoclavabil<\/strong>, care asigur\u0103 priz\u0103 sigur\u0103, confort crescut \u0219i control optim al instrumentului pe durata manoperelor clinice.<\/p>\n<p>Instrumentul este indicat pentru <strong>retragerea atraumatic\u0103 a gingiei<\/strong>, facilit\u00e2nd accesul \u0219i vizibilitatea \u00een timpul prepar\u0103rii cavit\u0103\u021bilor \u0219i al restaur\u0103rilor cu materiale compozite. Configura\u021bia <strong>GRM2<\/strong> este recomandat\u0103 pentru utilizare pe <strong>premolarii maxilari \u0219i mandibulari, canini<\/strong>, precum \u0219i pe <strong>incisivii laterali maxilari<\/strong>, zone unde protec\u021bia \u021besuturilor moi este esen\u021bial\u0103 pentru precizia actului terapeutic \u0219i pentru confortul pacientului.<\/p>\n<p>&nbsp;<\/p>\n","protected":false},"excerpt":{"rendered":"<p>Dep\u0103rt\u0103torul gingival 2GRM2, cu m\u00e2ner din silicon ergonomic, permite retractarea \u0219i protejarea eficient\u0103 a gingiei \u00een timpul procedurilor restaurative, oferind control \u0219i confort sporit.<\/p>\n","protected":false},"featured_media":3294,"comment_status":"closed","ping_status":"closed","template":"","meta":{"_kad_blocks_custom_css":"","_kad_blocks_head_custom_js":"","_kad_blocks_body_custom_js":"","_kad_blocks_footer_custom_js":"","_kadence_starter_templates_imported_post":false,"_kad_post_transparent":"default","_kad_post_title":"","_kad_post_layout":"default","_kad_post_sidebar_id":"","_kad_post_content_style":"default","_kad_post_vertical_padding":"default","_kad_post_feature":"","_kad_post_feature_position":"","_kad_post_header":false,"_kad_post_footer":false,"_kad_post_classname":""},"product_brand":[416],"product_cat":[456,25],"product_tag":[469],"product_partner":[],"class_list":{"0":"post-3239","1":"product","2":"type-product","3":"status-publish","4":"has-post-thumbnail","6":"product_brand-osung","7":"product_cat-departatoare-si-extractoare","8":"product_cat-instrumentar-stomatologie","9":"product_tag-onlineorder","11":"first","12":"instock","13":"taxable","14":"shipping-taxable","15":"purchasable","16":"product-type-simple","17":"entry","18":"content-bg","19":"loop-entry"},"taxonomy_info":{"product_brand":[{"value":416,"label":"OSUNG"}],"product_cat":[{"value":456,"label":"Dep\u0103rt\u0103toare \u0219i retractoare"},{"value":25,"label":"Instrumentar stomatologie"}],"product_tag":[{"value":469,"label":"#onlineorder"}]},"featured_image_src_large":["https:\/\/gursk.ro\/shop\/wp-content\/uploads\/2020\/07\/926936_big-1024x1024.jpg",1024,1024,true],"author_info":[],"comment_info":0,"_links":{"self":[{"href":"https:\/\/gursk.ro\/shop\/wp-json\/wp\/v2\/product\/3239","targetHints":{"allow":["GET"]}}],"collection":[{"href":"https:\/\/gursk.ro\/shop\/wp-json\/wp\/v2\/product"}],"about":[{"href":"https:\/\/gursk.ro\/shop\/wp-json\/wp\/v2\/types\/product"}],"replies":[{"embeddable":true,"href":"https:\/\/gursk.ro\/shop\/wp-json\/wp\/v2\/comments?post=3239"}],"version-history":[{"count":1,"href":"https:\/\/gursk.ro\/shop\/wp-json\/wp\/v2\/product\/3239\/revisions"}],"predecessor-version":[{"id":11615,"href":"https:\/\/gursk.ro\/shop\/wp-json\/wp\/v2\/product\/3239\/revisions\/11615"}],"wp:featuredmedia":[{"embeddable":true,"href":"https:\/\/gursk.ro\/shop\/wp-json\/wp\/v2\/media\/3294"}],"wp:attachment":[{"href":"https:\/\/gursk.ro\/shop\/wp-json\/wp\/v2\/media?parent=3239"}],"wp:term":[{"taxonomy":"product_brand","embeddable":true,"href":"https:\/\/gursk.ro\/shop\/wp-json\/wp\/v2\/product_brand?post=3239"},{"taxonomy":"product_cat","embeddable":true,"href":"https:\/\/gursk.ro\/shop\/wp-json\/wp\/v2\/product_cat?post=3239"},{"taxonomy":"product_tag","embeddable":true,"href":"https:\/\/gursk.ro\/shop\/wp-json\/wp\/v2\/product_tag?post=3239"},{"taxonomy":"product_partner","embeddable":true,"href":"https:\/\/gursk.ro\/shop\/wp-json\/wp\/v2\/product_partner?post=3239"}],"curies":[{"name":"wp","href":"https:\/\/api.w.org\/{rel}","templated":true}]}}