{"id":3159,"date":"2025-09-18T17:50:10","date_gmt":"2025-09-18T14:50:10","guid":{"rendered":"https:\/\/gursk.ro\/shop\/?post_type=product&#038;p=3159"},"modified":"2026-04-30T10:24:27","modified_gmt":"2026-04-30T07:24:27","slug":"osteotom-convex-bovx33f","status":"publish","type":"product","link":"https:\/\/gursk.ro\/shop\/produs\/osteotom-convex-bovx33f\/","title":{"rendered":"Osteotom convex Osung, BOVX33F"},"content":{"rendered":"<p style=\"font-weight: 400;\">Osteotomul convex Osung este proiectat pe baza\u00a0<strong data-start=\"613\" data-end=\"636\">design-ului Parkman<\/strong>, folosit \u00een tehnicile chirurgicale care necesit\u0103 compactare lateral\u0103 a osului pentru a cre\u015fte densitatea osoas\u0103 \u015fi a facilita stabilitatea implantului. Instrumentele de tip convex ajut\u0103 la\u00a0<strong data-start=\"826\" data-end=\"856\">condensarea osului lateral<\/strong>, ceea ce poate fi util \u00een situa\u021biile \u00een care densitatea osoas\u0103 este redus\u0103 \u0219i este necesar\u0103 o modalitate delicat\u0103 de \u00eembun\u0103t\u0103\u021bire a acestuia.<\/p>\n<p>&nbsp;<\/p>\n<p style=\"font-weight: 400;\" data-start=\"1038\" data-end=\"1088\">Acest tip de instrument este frecvent utilizat \u00een:<\/p>\n<ul>\n<li data-start=\"1092\" data-end=\"1161\"><strong data-start=\"1092\" data-end=\"1124\">preg\u0103tirea sitului implantar<\/strong>, c\u00e2nd densitatea osoas\u0103 este slab\u0103<\/li>\n<li data-start=\"1164\" data-end=\"1215\">tehnici de<strong data-start=\"1175\" data-end=\"1213\">osterotomie cu compactare lateral\u0103<\/strong><\/li>\n<li data-start=\"1218\" data-end=\"1317\">proceduri \u00een care se dore\u0219te<strong data-start=\"1247\" data-end=\"1315\">refacerea \u0219i consolidarea osului \u00eenainte de inser\u021bia implantului<\/strong><\/li>\n<li data-start=\"1320\" data-end=\"1628\">\u00een tehnici precum<strong data-start=\"1338\" data-end=\"1369\">crestal approach sinus lift<\/strong>\u00a0(ridicare de sinus crestal) unde se folose\u0219te instrumentarul de cre\u0219tere \u0219i compactare a osului rezidual p\u00e2n\u0103 la aproximativ 1\u20132 mm sub membrana sinusului maxilar, pentru a crea condi\u021bii optime de inser\u021bie a implantului.<\/li>\n<\/ul>\n<h3 style=\"font-weight: 400;\"><strong>Avantaje pentru medicul stomatolog<\/strong><\/h3>\n<p style=\"font-weight: 400;\"><strong>Condensare controlat\u0103 a osului<\/strong><\/p>\n<p style=\"font-weight: 400;\">Osteotomul convex este ideal pentru compactarea lateral\u0103 a osului, ceea ce poate cre\u0219te densitatea \u0219i stabilitatea osoas\u0103 \u00een zone unde osul natural nu ofer\u0103 suport optim pentru implant.<\/p>\n<p style=\"font-weight: 400;\"><strong>\u00a0Siguran\u021b\u0103 sporit\u0103 \u00een tehnicile crestate<\/strong><\/p>\n<p style=\"font-weight: 400;\">Instrumentul consolideaz\u0103 osul f\u0103r\u0103 supra\u00eentindere \u0219i f\u0103r\u0103 a afecta \u021besuturile adiacente, fiind util \u00een tehnici delicate precum sinus lift sau ridge expansion.<\/p>\n<p style=\"font-weight: 400;\"><strong>Stopper integrat pentru control al ad\u00e2ncimii<\/strong><\/p>\n<p style=\"font-weight: 400;\">Dispozitivul de oprire (<em>stopper<\/em>) inclus faciliteaz\u0103 tehnica osterotomic\u0103, oferind siguran\u021b\u0103 operatorie \u0219i repetabilitate \u00een proceduri.<\/p>\n<p style=\"font-weight: 400;\"><strong>Design robust \u0219i durabil<\/strong><\/p>\n<p style=\"font-weight: 400;\">Osung este cunoscut pentru instrumentar de calitate, cu finisaj \u0219i precizie care sus\u021bin steriliz\u0103rile repetate \u0219i performan\u021ba pe termen lung.<\/p>\n<h3 style=\"font-weight: 400;\"><strong>De ce s\u0103 alegi Osung BOVX33F \u00een practica ta?<\/strong><\/h3>\n<p style=\"font-weight: 400;\">Instrumentarul pentru chirurgie osoas\u0103 trebuie s\u0103 ofere nu doar precizie, ci \u0219i siguran\u021b\u0103 \u0219i ergonomie. Osteotomul convex\u00a0<strong>Osung BOVX33F<\/strong>\u00a0este proiectat pentru a sprijini medicii stomatologi \u00een proceduri implantologice avansate, oferind:<\/p>\n<p>&nbsp;<\/p>\n<ul>\n<li style=\"font-weight: 400;\"><strong>compactare lateral\u0103 controlat\u0103 a osului<\/strong><\/li>\n<li style=\"font-weight: 400;\"><strong>siguran\u021b\u0103 \u00een tehnici delicate de implantologie<\/strong><\/li>\n<li style=\"font-weight: 400;\"><strong>stopper de ad\u00e2ncime pentru acurate\u021be opera\u021bional\u0103<\/strong><\/li>\n<li style=\"font-weight: 400;\"><strong>calitate de nivel premium \u0219i durabilitate \u00een cabinet<\/strong><\/li>\n<\/ul>\n<p style=\"font-weight: 400;\">\n","protected":false},"excerpt":{"rendered":"<p style=\"font-weight: 400;\">Osteotomul\u00a0<strong data-start=\"92\" data-end=\"120\">convex Osung cod BOVX33F<\/strong>\u00a0este un instrument chirurgical specializat, destinat medicilor stomatologi care realizeaz\u0103 proceduri de\u00a0<strong data-start=\"225\" data-end=\"270\">implantologie dentar\u0103 \u015fi preg\u0103tire osoas\u0103<\/strong>. Conceput de produc\u0103torul de instrumentar de elit\u0103\u00a0<strong data-start=\"322\" data-end=\"331\">Osung<\/strong>, acest osteotom \u00eembin\u0103 precizia cu ergonomia \u015fi ofer\u0103 control chirurgical \u00een manevrele de manipulare a osului \u00een medii clinice dificile.<\/p>\n","protected":false},"featured_media":3212,"comment_status":"closed","ping_status":"closed","template":"","meta":{"_kad_blocks_custom_css":"","_kad_blocks_head_custom_js":"","_kad_blocks_body_custom_js":"","_kad_blocks_footer_custom_js":"","_kadence_starter_templates_imported_post":false,"_kad_post_transparent":"default","_kad_post_title":"","_kad_post_layout":"default","_kad_post_sidebar_id":"","_kad_post_content_style":"default","_kad_post_vertical_padding":"default","_kad_post_feature":"","_kad_post_feature_position":"","_kad_post_header":false,"_kad_post_footer":false,"_kad_post_classname":""},"product_brand":[416],"product_cat":[25,460],"product_tag":[469],"product_partner":[],"class_list":{"0":"post-3159","1":"product","2":"type-product","3":"status-publish","4":"has-post-thumbnail","6":"product_brand-osung","7":"product_cat-instrumentar-stomatologie","8":"product_cat-osteotoame","9":"product_tag-onlineorder","11":"first","12":"instock","13":"taxable","14":"shipping-taxable","15":"purchasable","16":"product-type-simple","17":"entry","18":"content-bg","19":"loop-entry"},"taxonomy_info":{"product_brand":[{"value":416,"label":"OSUNG"}],"product_cat":[{"value":25,"label":"Instrumentar stomatologie"},{"value":460,"label":"Osteotoame"}],"product_tag":[{"value":469,"label":"#onlineorder"}]},"featured_image_src_large":["https:\/\/gursk.ro\/shop\/wp-content\/uploads\/2020\/07\/927557_big-1024x1024.jpg",1024,1024,true],"author_info":[],"comment_info":0,"_links":{"self":[{"href":"https:\/\/gursk.ro\/shop\/wp-json\/wp\/v2\/product\/3159","targetHints":{"allow":["GET"]}}],"collection":[{"href":"https:\/\/gursk.ro\/shop\/wp-json\/wp\/v2\/product"}],"about":[{"href":"https:\/\/gursk.ro\/shop\/wp-json\/wp\/v2\/types\/product"}],"replies":[{"embeddable":true,"href":"https:\/\/gursk.ro\/shop\/wp-json\/wp\/v2\/comments?post=3159"}],"version-history":[{"count":1,"href":"https:\/\/gursk.ro\/shop\/wp-json\/wp\/v2\/product\/3159\/revisions"}],"predecessor-version":[{"id":11629,"href":"https:\/\/gursk.ro\/shop\/wp-json\/wp\/v2\/product\/3159\/revisions\/11629"}],"wp:featuredmedia":[{"embeddable":true,"href":"https:\/\/gursk.ro\/shop\/wp-json\/wp\/v2\/media\/3212"}],"wp:attachment":[{"href":"https:\/\/gursk.ro\/shop\/wp-json\/wp\/v2\/media?parent=3159"}],"wp:term":[{"taxonomy":"product_brand","embeddable":true,"href":"https:\/\/gursk.ro\/shop\/wp-json\/wp\/v2\/product_brand?post=3159"},{"taxonomy":"product_cat","embeddable":true,"href":"https:\/\/gursk.ro\/shop\/wp-json\/wp\/v2\/product_cat?post=3159"},{"taxonomy":"product_tag","embeddable":true,"href":"https:\/\/gursk.ro\/shop\/wp-json\/wp\/v2\/product_tag?post=3159"},{"taxonomy":"product_partner","embeddable":true,"href":"https:\/\/gursk.ro\/shop\/wp-json\/wp\/v2\/product_partner?post=3159"}],"curies":[{"name":"wp","href":"https:\/\/api.w.org\/{rel}","templated":true}]}}