{"id":1085,"date":"2025-09-18T17:30:43","date_gmt":"2025-09-18T14:30:43","guid":{"rendered":"https:\/\/gursk.ro\/shop\/?post_type=product&#038;p=1085"},"modified":"2026-04-30T10:25:16","modified_gmt":"2026-04-30T07:25:16","slug":"coronite-temporare-set-complet-tsfs","status":"publish","type":"product","link":"https:\/\/gursk.ro\/shop\/produs\/coronite-temporare-set-complet-tsfs\/","title":{"rendered":"CORONITE TEMPORARE &#8211; set complet, TSFS"},"content":{"rendered":"<p>Setul complet de coroni\u021be temporare TSFS de la Dentium ofer\u0103 o solu\u021bie versatil\u0103 \u0219i eficient\u0103 pentru nevoile temporare ale pacien\u021bilor \u00een cadrul tratamentelor dentare. Aceste coroni\u021be sunt fabricate din materiale de \u00eenalt\u0103 calitate, asigur\u00e2nd durabilitate, confort \u0219i estetic\u0103 superioar\u0103. Setul complet include diverse dimensiuni \u0219i forme, permi\u021b\u00e2nd o adaptare perfect\u0103 pentru fiecare pacient \u0219i situa\u021bie clinic\u0103. Designul precis al coroni\u021belor faciliteaz\u0103 o instalare rapid\u0103 \u0219i sigur\u0103, reduc\u00e2nd timpul de tratament \u0219i \u00eembun\u0103t\u0103\u021bind experien\u021ba pacientului.<\/p>\n<p>Caracteristici principale:<\/p>\n<ul>\n<li>Set complet cu diverse dimensiuni \u0219i forme pentru adaptare perfect\u0103<\/li>\n<li>Realizate din materiale durabile \u0219i biocompatibile<\/li>\n<li>Design precis pentru instalare rapid\u0103 \u0219i confort maxim<\/li>\n<li>Estetic\u0103 pl\u0103cut\u0103 \u0219i func\u021bionalitate optim\u0103<\/li>\n<li>Solu\u021bie temporar\u0103 ideal\u0103 pentru protec\u021bia din\u021bilor \u00een timpul tratamentului<\/li>\n<\/ul>\n<p>Cu setul complet de coroni\u021be temporare TSFS de la Dentium, profesioni\u0219tii din domeniul stomatologic pot oferi pacien\u021bilor solu\u021bii temporare personalizate, asigur\u00e2nd confort \u0219i protec\u021bie pe durata tratamentului.<\/p>\n","protected":false},"excerpt":{"rendered":"<p>Setul complet de coroni\u021be temporare TSFS ofer\u0103 o solu\u021bie versatil\u0103 \u0219i eficient\u0103 pentru protec\u021bia temporar\u0103 a din\u021bilor, incluz\u00e2nd diverse dimensiuni \u0219i forme. Fabricate din materiale durabile \u0219i biocompatibile, coroni\u021bele asigur\u0103 o adaptare perfect\u0103, confort \u0219i estetic\u0103 superioar\u0103.<\/p>\n<div class=\"mt-1 flex gap-3 empty:hidden juice:-ml-3\">\n<div class=\"items-center justify-start rounded-xl p-1 flex\">\n<div class=\"flex items-center\"><button class=\"rounded-lg text-token-text-secondary hover:bg-token-main-surface-secondary\">\u00a0<\/button><\/div>\n<\/div>\n<\/div>\n<p>&nbsp;<\/p>\n","protected":false},"featured_media":1141,"comment_status":"closed","ping_status":"closed","template":"","meta":{"_kad_blocks_custom_css":"","_kad_blocks_head_custom_js":"","_kad_blocks_body_custom_js":"","_kad_blocks_footer_custom_js":"","_kadence_starter_templates_imported_post":false,"_kad_post_transparent":"","_kad_post_title":"","_kad_post_layout":"","_kad_post_sidebar_id":"","_kad_post_content_style":"","_kad_post_vertical_padding":"","_kad_post_feature":"","_kad_post_feature_position":"","_kad_post_header":false,"_kad_post_footer":false,"_kad_post_classname":""},"product_brand":[397],"product_cat":[25,49],"product_tag":[],"product_partner":[],"class_list":{"0":"post-1085","1":"product","2":"type-product","3":"status-publish","4":"has-post-thumbnail","6":"product_brand-dentium","7":"product_cat-instrumentar-stomatologie","8":"product_cat-instrumente-dentium","10":"first","11":"outofstock","12":"taxable","13":"shipping-taxable","14":"purchasable","15":"product-type-simple","16":"entry","17":"content-bg","18":"loop-entry"},"taxonomy_info":{"product_brand":[{"value":397,"label":"DENTIUM"}],"product_cat":[{"value":25,"label":"Instrumentar stomatologie"},{"value":49,"label":"Instrumente"}]},"featured_image_src_large":["https:\/\/gursk.ro\/shop\/wp-content\/uploads\/2020\/07\/999790_big-1024x1024.jpg",1024,1024,true],"author_info":[],"comment_info":0,"_links":{"self":[{"href":"https:\/\/gursk.ro\/shop\/wp-json\/wp\/v2\/product\/1085","targetHints":{"allow":["GET"]}}],"collection":[{"href":"https:\/\/gursk.ro\/shop\/wp-json\/wp\/v2\/product"}],"about":[{"href":"https:\/\/gursk.ro\/shop\/wp-json\/wp\/v2\/types\/product"}],"replies":[{"embeddable":true,"href":"https:\/\/gursk.ro\/shop\/wp-json\/wp\/v2\/comments?post=1085"}],"version-history":[{"count":0,"href":"https:\/\/gursk.ro\/shop\/wp-json\/wp\/v2\/product\/1085\/revisions"}],"wp:featuredmedia":[{"embeddable":true,"href":"https:\/\/gursk.ro\/shop\/wp-json\/wp\/v2\/media\/1141"}],"wp:attachment":[{"href":"https:\/\/gursk.ro\/shop\/wp-json\/wp\/v2\/media?parent=1085"}],"wp:term":[{"taxonomy":"product_brand","embeddable":true,"href":"https:\/\/gursk.ro\/shop\/wp-json\/wp\/v2\/product_brand?post=1085"},{"taxonomy":"product_cat","embeddable":true,"href":"https:\/\/gursk.ro\/shop\/wp-json\/wp\/v2\/product_cat?post=1085"},{"taxonomy":"product_tag","embeddable":true,"href":"https:\/\/gursk.ro\/shop\/wp-json\/wp\/v2\/product_tag?post=1085"},{"taxonomy":"product_partner","embeddable":true,"href":"https:\/\/gursk.ro\/shop\/wp-json\/wp\/v2\/product_partner?post=1085"}],"curies":[{"name":"wp","href":"https:\/\/api.w.org\/{rel}","templated":true}]}}